{"id":1069,"date":"2022-08-01T12:27:28","date_gmt":"2022-08-01T10:27:28","guid":{"rendered":"https:\/\/www.solaal.org\/pays-de-la-loire\/?page_id=1069"},"modified":"2022-08-11T15:48:54","modified_gmt":"2022-08-11T13:48:54","slug":"les-projets-alimentaires-de-territoire","status":"publish","type":"page","link":"https:\/\/www.solaal.org\/pays-de-la-loire\/nos-missions-nos-actions\/les-projets-alimentaires-de-territoire\/","title":{"rendered":"Les Projets Alimentaires de Territoire"},"content":{"rendered":"\n<p>SOLAAL Pays de la Loire souhaite s&rsquo;inscrire pleinement dans la d\u00e9marche des Projets Alimentaires de Territoire puisque c&rsquo;est un espace d&rsquo;\u00e9changes et de co-construction. L&rsquo;alimentation et son accessibilit\u00e9 est un enjeu majeur. SOLAAL Pays de la Loire souhaite que la notion d&rsquo;accessibilit\u00e9 sociale puisse \u00eatre abord\u00e9e dans ces espaces de r\u00e9flexion. C&rsquo;est aussi un espace d&rsquo;\u00e9changes pour faire conna\u00eetre notre association. <\/p>\n\n\n\n<section class=\"wp-block-title-c\">\n\t<h2>Qu&rsquo;est ce qu&rsquo;un projet alimentaire de territoire ?<\/h2>\n<\/section>\n\n\n<p class=\"has-medium-font-size\">Selon le Minist\u00e8re de l&rsquo;Agriculture et de la Souverainet\u00e9 Alimentaire, les&nbsp;<a href=\"http:\/\/agriculture.gouv.fr\/comment-construire-son-projet-alimentaire-territorial\" target=\"_blank\" rel=\"noreferrer noopener\">projets alimentaires territoriaux<\/a>&nbsp;(PAT) ont pour objectif de relocaliser l&rsquo;agriculture et l&rsquo;alimentation dans les territoires en soutenant l&rsquo;installation d&rsquo;agriculteurs, les circuits courts ou les produits locaux dans les cantines. Issus de la Loi d&rsquo;avenir pour l&rsquo;agriculture qui encourage leur d\u00e9veloppement depuis 2014, ils sont \u00e9labor\u00e9s de mani\u00e8re collective \u00e0 l\u2019initiative des acteurs d&rsquo;un territoire (collectivit\u00e9s, entreprises agricoles et agroalimentaires, artisans, citoyens etc.).<br>Ce sont des d\u00e9marches de terrain, volontaires, collectives. C&rsquo;est un rassemblement des acteurs int\u00e9ress\u00e9s par la question de l&rsquo;alimentation, qui se regroupent, qui \u00e9tablissent un diagnostique du territoire et qui cherchent et mettent en \u0153uvre des solutions concr\u00e8tes pour r\u00e9pondre \u00e0 des probl\u00e9matiques locales.<\/p>\n\n\n\n<section class=\"wp-block-title-c\">\n\t<h2>L&rsquo;apport de SOLAAL<\/h2>\n<\/section>\n\n\n<p class=\"has-medium-font-size\">SOLAAL peut vous aider dans l&rsquo;organisation d&rsquo;actions ou dans la r\u00e9flexion d&rsquo;actions autour de la solidarit\u00e9. Concr\u00e8tement voici les pistes d&rsquo;actions envisageables (liste non exhaustive) : <\/p>\n\n\n\n<ul class=\"has-medium-font-size wp-block-list\"><li><a href=\"https:\/\/www.solaal.org\/pays-de-la-loire\/nos-missions-nos-actions\/le-glanage-solidaire\/\">Glanage solidaire <\/a><\/li><li>Action de sensibilisation sur le don agricole <\/li><li>Visite d&rsquo;associations d&rsquo;aide alimentaire <\/li><li>Visite d&rsquo;entreprises agricoles &lsquo;donateur&rsquo;<\/li><li>Etude sur les gisements agricoles <\/li><\/ul>\n\n\n\n<p class=\"has-medium-font-size\">N&rsquo;h\u00e9sitez pas \u00e0 nous contacter si vous souhaitez mettre en \u0153uvre des actions autour du don agricole, de la solidarit\u00e9, nous sommes \u00e0 l&rsquo;\u00e9coute de tout projet. <\/p>\n\n\n\n\t<div class=\"wp-block-button-two\">\n\t\t<a href=\"https:\/\/www.solaal.org\/pays-de-la-loire\/contact\/\" target=\"_self\"><i><\/i>Contactez nos \u00e9quipes <\/a>\n\t<\/div>","protected":false},"excerpt":{"rendered":"<p>SOLAAL Pays de la Loire souhaite s&rsquo;inscrire pleinement dans la d\u00e9marche des Projets Alimentaires de Territoire puisque c&rsquo;est un espace d&rsquo;\u00e9changes et de co-construction. L&rsquo;alimentation et son accessibilit\u00e9 est un enjeu majeur. SOLAAL Pays de la Loire souhaite que la notion d&rsquo;accessibilit\u00e9 sociale puisse \u00eatre abord\u00e9e dans ces espaces de r\u00e9flexion. C&rsquo;est aussi un espace [&hellip;]<\/p>\n","protected":false},"author":16,"featured_media":0,"parent":453,"menu_order":21,"comment_status":"closed","ping_status":"closed","template":"","meta":{"_acf_changed":false,"inline_featured_image":false,"footnotes":""},"class_list":["post-1069","page","type-page","status-publish","hentry"],"acf":[],"_links":{"self":[{"href":"https:\/\/www.solaal.org\/pays-de-la-loire\/wp-json\/wp\/v2\/pages\/1069","targetHints":{"allow":["GET"]}}],"collection":[{"href":"https:\/\/www.solaal.org\/pays-de-la-loire\/wp-json\/wp\/v2\/pages"}],"about":[{"href":"https:\/\/www.solaal.org\/pays-de-la-loire\/wp-json\/wp\/v2\/types\/page"}],"author":[{"embeddable":true,"href":"https:\/\/www.solaal.org\/pays-de-la-loire\/wp-json\/wp\/v2\/users\/16"}],"replies":[{"embeddable":true,"href":"https:\/\/www.solaal.org\/pays-de-la-loire\/wp-json\/wp\/v2\/comments?post=1069"}],"version-history":[{"count":5,"href":"https:\/\/www.solaal.org\/pays-de-la-loire\/wp-json\/wp\/v2\/pages\/1069\/revisions"}],"predecessor-version":[{"id":1527,"href":"https:\/\/www.solaal.org\/pays-de-la-loire\/wp-json\/wp\/v2\/pages\/1069\/revisions\/1527"}],"up":[{"embeddable":true,"href":"https:\/\/www.solaal.org\/pays-de-la-loire\/wp-json\/wp\/v2\/pages\/453"}],"wp:attachment":[{"href":"https:\/\/www.solaal.org\/pays-de-la-loire\/wp-json\/wp\/v2\/media?parent=1069"}],"curies":[{"name":"wp","href":"https:\/\/api.w.org\/{rel}","templated":true}]}}

<p>SOLAAL Pays de la Loire souhaite s&rsquo;inscrire pleinement dans la démarche des Projets Alimentaires de Territoire puisque c&rsquo;est un espace d&rsquo;échanges et de co-construction. L&rsquo;alimentation et son accessibilité est un enjeu majeur. SOLAAL Pays de la Loire souhaite que la notion d&rsquo;accessibilité sociale puisse être abordée dans ces espaces de réflexion. C&rsquo;est aussi un espace d&rsquo;échanges pour faire connaître notre association. </p>



<section class="wp-block-title-c">
	<h2>Qu&rsquo;est ce qu&rsquo;un projet alimentaire de territoire ?</h2>
</section>


<p class="has-medium-font-size">Selon le Ministère de l&rsquo;Agriculture et de la Souveraineté Alimentaire, les&nbsp;<a href="http://agriculture.gouv.fr/comment-construire-son-projet-alimentaire-territorial" target="_blank" rel="noreferrer noopener">projets alimentaires territoriaux</a>&nbsp;(PAT) ont pour objectif de relocaliser l&rsquo;agriculture et l&rsquo;alimentation dans les territoires en soutenant l&rsquo;installation d&rsquo;agriculteurs, les circuits courts ou les produits locaux dans les cantines. Issus de la Loi d&rsquo;avenir pour l&rsquo;agriculture qui encourage leur développement depuis 2014, ils sont élaborés de manière collective à l’initiative des acteurs d&rsquo;un territoire (collectivités, entreprises agricoles et agroalimentaires, artisans, citoyens etc.).<br>Ce sont des démarches de terrain, volontaires, collectives. C&rsquo;est un rassemblement des acteurs intéressés par la question de l&rsquo;alimentation, qui se regroupent, qui établissent un diagnostique du territoire et qui cherchent et mettent en œuvre des solutions concrètes pour répondre à des problématiques locales.</p>



<section class="wp-block-title-c">
	<h2>L&rsquo;apport de SOLAAL</h2>
</section>


<p class="has-medium-font-size">SOLAAL peut vous aider dans l&rsquo;organisation d&rsquo;actions ou dans la réflexion d&rsquo;actions autour de la solidarité. Concrètement voici les pistes d&rsquo;actions envisageables (liste non exhaustive) : </p>



<ul class="has-medium-font-size wp-block-list"><li><a href="https://www.solaal.org/pays-de-la-loire/nos-missions-nos-actions/le-glanage-solidaire/">Glanage solidaire </a></li><li>Action de sensibilisation sur le don agricole </li><li>Visite d&rsquo;associations d&rsquo;aide alimentaire </li><li>Visite d&rsquo;entreprises agricoles &lsquo;donateur&rsquo;</li><li>Etude sur les gisements agricoles </li></ul>



<p class="has-medium-font-size">N&rsquo;hésitez pas à nous contacter si vous souhaitez mettre en œuvre des actions autour du don agricole, de la solidarité, nous sommes à l&rsquo;écoute de tout projet. </p>



	<div class="wp-block-button-two">
		<a href="https://www.solaal.org/pays-de-la-loire/contact/" target="_self"><i></i>Contactez nos équipes </a>
	</div>

<p>SOLAAL Pays de la Loire souhaite s&rsquo;inscrire pleinement dans la démarche des Projets Alimentaires de Territoire puisque c&rsquo;est un espace d&rsquo;échanges et de co-construction. L&rsquo;alimentation et son accessibilité est un enjeu majeur. SOLAAL Pays de la Loire souhaite que la notion d&rsquo;accessibilité sociale puisse être abordée dans ces espaces de réflexion. C&rsquo;est aussi un espace [&hellip;]</p>
