{"version":"1.0","provider_name":"SOLAAL Occitanie","provider_url":"https:\/\/www.solaal.org\/occitanie","author_name":"solaalad","author_url":"https:\/\/www.solaal.org\/occitanie\/author\/solaalad\/","title":"SOLAAL Occitanie au Medfel 2024 | SOLAAL Occitanie","type":"rich","width":600,"height":338,"html":"<blockquote class=\"wp-embedded-content\" data-secret=\"RkQjV9N7AK\"><a href=\"https:\/\/www.solaal.org\/occitanie\/2024\/04\/29\/solaal-occitanie-au-medfel-2024\/\">SOLAAL Occitanie au Medfel 2024<\/a><\/blockquote><iframe sandbox=\"allow-scripts\" security=\"restricted\" src=\"https:\/\/www.solaal.org\/occitanie\/2024\/04\/29\/solaal-occitanie-au-medfel-2024\/embed\/#?secret=RkQjV9N7AK\" width=\"600\" height=\"338\" title=\"\u00ab\u00a0SOLAAL Occitanie au Medfel 2024\u00a0\u00bb &#8212; SOLAAL Occitanie\" data-secret=\"RkQjV9N7AK\" frameborder=\"0\" marginwidth=\"0\" marginheight=\"0\" scrolling=\"no\" class=\"wp-embedded-content\"><\/iframe><script type=\"text\/javascript\">\n\/* <![CDATA[ *\/\n\/*! This file is auto-generated *\/\n!function(d,l){\"use strict\";l.querySelector&&d.addEventListener&&\"undefined\"!=typeof URL&&(d.wp=d.wp||{},d.wp.receiveEmbedMessage||(d.wp.receiveEmbedMessage=function(e){var t=e.data;if((t||t.secret||t.message||t.value)&&!\/[^a-zA-Z0-9]\/.test(t.secret)){for(var s,r,n,a=l.querySelectorAll('iframe[data-secret=\"'+t.secret+'\"]'),o=l.querySelectorAll('blockquote[data-secret=\"'+t.secret+'\"]'),c=new RegExp(\"^https?:$\",\"i\"),i=0;i<o.length;i++)o[i].style.display=\"none\";for(i=0;i<a.length;i++)s=a[i],e.source===s.contentWindow&&(s.removeAttribute(\"style\"),\"height\"===t.message?(1e3<(r=parseInt(t.value,10))?r=1e3:~~r<200&&(r=200),s.height=r):\"link\"===t.message&&(r=new URL(s.getAttribute(\"src\")),n=new URL(t.value),c.test(n.protocol))&&n.host===r.host&&l.activeElement===s&&(d.top.location.href=t.value))}},d.addEventListener(\"message\",d.wp.receiveEmbedMessage,!1),l.addEventListener(\"DOMContentLoaded\",function(){for(var e,t,s=l.querySelectorAll(\"iframe.wp-embedded-content\"),r=0;r<s.length;r++)(t=(e=s[r]).getAttribute(\"data-secret\"))||(t=Math.random().toString(36).substring(2,12),e.src+=\"#?secret=\"+t,e.setAttribute(\"data-secret\",t)),e.contentWindow.postMessage({message:\"ready\",secret:t},\"*\")},!1)))}(window,document);\n\/\/# sourceURL=https:\/\/www.solaal.org\/occitanie\/wp-includes\/js\/wp-embed.min.js\n\/* ]]> *\/\n<\/script>\n","thumbnail_url":"https:\/\/www.solaal.org\/occitanie\/wp-content\/uploads\/sites\/21\/2024\/04\/Medias-newsletter-mai.png","thumbnail_width":600,"thumbnail_height":480,"description":"Les 24 et 25 avril 2024, a eu lieu le rendez-vous des acteurs de la fili\u00e8re fruits et l\u00e9gumes au parc des expositions de Perpignan. En effet, cela fait plus de 15 ans que cet \u00e9v\u00e8nement rayonne dans la r\u00e9gion Occitanie, auquel SOLAAL Occitanie a particip\u00e9\u00a0! La r\u00e9gion Occitanie, avec ses 13 d\u00e9partements, contient plus [&hellip;]"}

Les 24 et 25 avril 2024, a eu lieu le rendez-vous des acteurs de la filière fruits et légumes au parc des expositions de Perpignan. En effet, cela fait plus de 15 ans que cet évènement rayonne dans la région Occitanie, auquel SOLAAL Occitanie a participé ! La région Occitanie, avec ses 13 départements, contient plus [&hellip;]
