{"id":484,"date":"2025-10-08T15:15:30","date_gmt":"2025-10-08T13:15:30","guid":{"rendered":"https:\/\/www.solaal.org\/nouvelle-aquitaine\/comment-soutenir-solaal\/"},"modified":"2025-10-08T15:15:34","modified_gmt":"2025-10-08T13:15:34","slug":"comment-soutenir-solaal","status":"publish","type":"page","link":"https:\/\/www.solaal.org\/nouvelle-aquitaine\/comment-soutenir-solaal\/","title":{"rendered":"Comment nous soutenir ?"},"content":{"rendered":"\n<div class=\"wp-block-media-text has-media-on-the-right is-stacked-on-mobile\"><div class=\"wp-block-media-text__content\">\n<p>SOLAAL est labellis\u00e9e IDEAS depuis 2022.<\/p>\n\n\n\n<p>Le Label IDEAS, cr\u00e9\u00e9 par l\u2019Institut IDEAS (Institut de D\u00e9veloppement de l\u2019Ethique et de l\u2019Action pour la Solidarit\u00e9) en 2010, est la marque d\u2019un engagement soci\u00e9tal de qualit\u00e9. Il atteste d\u2019une gestion transparente et d\u2019une strat\u00e9gie op\u00e9rationnelle solide.<\/p>\n\n\n\n<p><\/p>\n<\/div><figure class=\"wp-block-media-text__media\"><img loading=\"lazy\" decoding=\"async\" width=\"793\" height=\"336\" src=\"https:\/\/www.solaal.org\/nouvelle-aquitaine\/wp-content\/uploads\/sites\/33\/2025\/10\/label_IDEAS_091020-couleurs-RVB.png\" alt=\"\" class=\"wp-image-427 size-full\" srcset=\"https:\/\/www.solaal.org\/nouvelle-aquitaine\/wp-content\/uploads\/sites\/33\/2025\/10\/label_IDEAS_091020-couleurs-RVB.png 793w, https:\/\/www.solaal.org\/nouvelle-aquitaine\/wp-content\/uploads\/sites\/33\/2025\/10\/label_IDEAS_091020-couleurs-RVB-300x127.png 300w, https:\/\/www.solaal.org\/nouvelle-aquitaine\/wp-content\/uploads\/sites\/33\/2025\/10\/label_IDEAS_091020-couleurs-RVB-768x325.png 768w\" sizes=\"auto, (max-width: 793px) 100vw, 793px\" \/><\/figure><\/div>\n\n\n\n<section class=\"wp-block-title-c\">\n\t<h2>En devenant membre <\/h2>\n<\/section>\n\n\n<p style=\"font-size:18px\">L&rsquo;association comprend 4 cat\u00e9gories de membre <\/p>\n\n\n\n<h3 class=\"wp-block-heading has-text-align-left has-medium-font-size\">Les membres repr\u00e9sentant les organisations professionnelles agricoles du Conseil de l\u2019agriculture fran\u00e7aise.<\/h3>\n\n\n\n<p style=\"font-size:18px\">Ces Membres sont des personnes morales et versent \u00e0 l\u2019association une cotisation annuelle.<\/p>\n\n\n\n<h3 class=\"wp-block-heading has-text-align-left has-medium-font-size\">Les Membres actifs<\/h3>\n\n\n\n<p style=\"font-size:18px\">Sont membres actifs, les personnes physiques ou morales qui souhaitent prendre part au fonctionnement de l\u2019Association, b\u00e9n\u00e9ficier de ses services et contribuer au d\u00e9veloppement des activit\u00e9s. Ces membres s\u2019acquittent d\u2019une cotisation annuelle.<\/p>\n\n\n\n<h3 class=\"wp-block-heading has-text-align-left has-medium-font-size\">Les membres bienfaiteurs<\/h3>\n\n\n\n<p style=\"font-size:18px\">Sont membres bienfaiteurs, les personnes physiques ou morales qui souhaitent contribuer au d\u00e9veloppement des activit\u00e9s de l\u2019Association et octroyer des financements \u00e0 l\u2019Association, \u00e0 hauteur d\u2019un montant minimum d\u00e9fini par le r\u00e8glement int\u00e9rieur. Ils peuvent \u00e9galement prendre part au fonctionnement de l\u2019Association et b\u00e9n\u00e9ficier de ses services. Ces membres s\u2019acquittent d\u2019une cotisation annuelle.<\/p>\n\n\n\n<h3 class=\"wp-block-heading has-text-align-left has-medium-font-size\">Les membres associ\u00e9s<\/h3>\n\n\n\n<p style=\"font-size:18px\">Sont Membres associ\u00e9s les personnes physiques ou morales dont la comp\u00e9tence ou l\u2019expertise est de nature \u00e0 faciliter l\u2019objet de l\u2019association. Ils peuvent \u00e9galement b\u00e9n\u00e9ficier des services de l\u2019Association et ont la possibilit\u00e9 de participer aux Assembl\u00e9es g\u00e9n\u00e9rales avec voix consultative. Ces Membres sont dispens\u00e9s de cotisation.<\/p>\n\n\n\n\t<div class=\"wp-block-button-two\">\n\t\t<a href=\"https:\/\/cdn.solaal.org\/wp-content\/uploads\/2023\/10\/Guide_du_mecene_23.pdf\" target=\"_blank\"><i><\/i>En devenant partenaire<\/a>\n\t<\/div>\n\n\n<section class=\"wp-block-title-c\">\n\t<h2>En devenant partenaire <\/h2>\n<\/section>\n\n\n<p style=\"font-size:18px\"><br>\u00catre partenaire solidaire, c\u2019est apporter une aide sous forme de m\u00e9c\u00e9nat aupr\u00e8s de SOLAAL.<\/p>\n\n\n\n<p id=\"block-7349d0ee-54c0-4d3e-9769-33033f27b497\" style=\"font-size:18px\">Il est possible de faire du m\u00e9c\u00e9nat&nbsp;:<\/p>\n\n\n\n<ul id=\"block-e175ef13-f45e-471c-ad2e-f352f6411804\" class=\"wp-block-list\">\n<li>de comp\u00e9tences,<\/li>\n\n\n\n<li>financier<\/li>\n\n\n\n<li>en nature<\/li>\n<\/ul>\n\n\n\n\t<div class=\"wp-block-button-two\">\n\t\t<a href=\"https:\/\/www.solaal.org\/contact\/\" target=\"_self\"><i><\/i>Devenir partenaire solidaire ?<\/a>\n\t<\/div>\n\n\n\t<div class=\"wp-block-button-two\">\n\t\t<a href=\"https:\/\/www.solaal.org\/solaal-pour-les-entreprises\/\" target=\"_self\"><i><\/i>SOLAAL et les partenaires solidaires <\/a>\n\t<\/div>","protected":false},"excerpt":{"rendered":"<p>SOLAAL est labellis\u00e9e IDEAS depuis 2022. Le Label IDEAS, cr\u00e9\u00e9 par l\u2019Institut IDEAS (Institut de D\u00e9veloppement de l\u2019Ethique et de l\u2019Action pour la Solidarit\u00e9) en 2010, est la marque d\u2019un engagement soci\u00e9tal de qualit\u00e9. Il atteste d\u2019une gestion transparente et d\u2019une strat\u00e9gie op\u00e9rationnelle solide. L&rsquo;association comprend 4 cat\u00e9gories de membre Les membres repr\u00e9sentant les organisations [&hellip;]<\/p>\n","protected":false},"author":2,"featured_media":0,"parent":0,"menu_order":0,"comment_status":"closed","ping_status":"closed","template":"","meta":{"_acf_changed":false,"inline_featured_image":false,"footnotes":""},"class_list":["post-484","page","type-page","status-publish","hentry"],"acf":[],"_links":{"self":[{"href":"https:\/\/www.solaal.org\/nouvelle-aquitaine\/wp-json\/wp\/v2\/pages\/484","targetHints":{"allow":["GET"]}}],"collection":[{"href":"https:\/\/www.solaal.org\/nouvelle-aquitaine\/wp-json\/wp\/v2\/pages"}],"about":[{"href":"https:\/\/www.solaal.org\/nouvelle-aquitaine\/wp-json\/wp\/v2\/types\/page"}],"author":[{"embeddable":true,"href":"https:\/\/www.solaal.org\/nouvelle-aquitaine\/wp-json\/wp\/v2\/users\/2"}],"replies":[{"embeddable":true,"href":"https:\/\/www.solaal.org\/nouvelle-aquitaine\/wp-json\/wp\/v2\/comments?post=484"}],"version-history":[{"count":1,"href":"https:\/\/www.solaal.org\/nouvelle-aquitaine\/wp-json\/wp\/v2\/pages\/484\/revisions"}],"predecessor-version":[{"id":485,"href":"https:\/\/www.solaal.org\/nouvelle-aquitaine\/wp-json\/wp\/v2\/pages\/484\/revisions\/485"}],"wp:attachment":[{"href":"https:\/\/www.solaal.org\/nouvelle-aquitaine\/wp-json\/wp\/v2\/media?parent=484"}],"curies":[{"name":"wp","href":"https:\/\/api.w.org\/{rel}","templated":true}]}}

<div class="wp-block-media-text has-media-on-the-right is-stacked-on-mobile"><div class="wp-block-media-text__content">
<p>SOLAAL est labellisée IDEAS depuis 2022.</p>



<p>Le Label IDEAS, créé par l’Institut IDEAS (Institut de Développement de l’Ethique et de l’Action pour la Solidarité) en 2010, est la marque d’un engagement sociétal de qualité. Il atteste d’une gestion transparente et d’une stratégie opérationnelle solide.</p>



<p></p>
</div><figure class="wp-block-media-text__media"><img loading="lazy" decoding="async" width="793" height="336" src="https://www.solaal.org/nouvelle-aquitaine/wp-content/uploads/sites/33/2025/10/label_IDEAS_091020-couleurs-RVB.png" alt="" class="wp-image-427 size-full" srcset="https://www.solaal.org/nouvelle-aquitaine/wp-content/uploads/sites/33/2025/10/label_IDEAS_091020-couleurs-RVB.png 793w, https://www.solaal.org/nouvelle-aquitaine/wp-content/uploads/sites/33/2025/10/label_IDEAS_091020-couleurs-RVB-300x127.png 300w, https://www.solaal.org/nouvelle-aquitaine/wp-content/uploads/sites/33/2025/10/label_IDEAS_091020-couleurs-RVB-768x325.png 768w" sizes="auto, (max-width: 793px) 100vw, 793px" /></figure></div>



<section class="wp-block-title-c">
	<h2>En devenant membre </h2>
</section>


<p style="font-size:18px">L&rsquo;association comprend 4 catégories de membre </p>



<h3 class="wp-block-heading has-text-align-left has-medium-font-size">Les membres représentant les organisations professionnelles agricoles du Conseil de l’agriculture française.</h3>



<p style="font-size:18px">Ces Membres sont des personnes morales et versent à l’association une cotisation annuelle.</p>



<h3 class="wp-block-heading has-text-align-left has-medium-font-size">Les Membres actifs</h3>



<p style="font-size:18px">Sont membres actifs, les personnes physiques ou morales qui souhaitent prendre part au fonctionnement de l’Association, bénéficier de ses services et contribuer au développement des activités. Ces membres s’acquittent d’une cotisation annuelle.</p>



<h3 class="wp-block-heading has-text-align-left has-medium-font-size">Les membres bienfaiteurs</h3>



<p style="font-size:18px">Sont membres bienfaiteurs, les personnes physiques ou morales qui souhaitent contribuer au développement des activités de l’Association et octroyer des financements à l’Association, à hauteur d’un montant minimum défini par le règlement intérieur. Ils peuvent également prendre part au fonctionnement de l’Association et bénéficier de ses services. Ces membres s’acquittent d’une cotisation annuelle.</p>



<h3 class="wp-block-heading has-text-align-left has-medium-font-size">Les membres associés</h3>



<p style="font-size:18px">Sont Membres associés les personnes physiques ou morales dont la compétence ou l’expertise est de nature à faciliter l’objet de l’association. Ils peuvent également bénéficier des services de l’Association et ont la possibilité de participer aux Assemblées générales avec voix consultative. Ces Membres sont dispensés de cotisation.</p>



	<div class="wp-block-button-two">
		<a href="https://cdn.solaal.org/wp-content/uploads/2023/10/Guide_du_mecene_23.pdf" target="_blank"><i></i>En devenant partenaire</a>
	</div>


<section class="wp-block-title-c">
	<h2>En devenant partenaire </h2>
</section>


<p style="font-size:18px"><br>Être partenaire solidaire, c’est apporter une aide sous forme de mécénat auprès de SOLAAL.</p>



<p id="block-7349d0ee-54c0-4d3e-9769-33033f27b497" style="font-size:18px">Il est possible de faire du mécénat&nbsp;:</p>



<ul id="block-e175ef13-f45e-471c-ad2e-f352f6411804" class="wp-block-list">
<li>de compétences,</li>



<li>financier</li>



<li>en nature</li>
</ul>



	<div class="wp-block-button-two">
		<a href="https://www.solaal.org/contact/" target="_self"><i></i>Devenir partenaire solidaire ?</a>
	</div>


	<div class="wp-block-button-two">
		<a href="https://www.solaal.org/solaal-pour-les-entreprises/" target="_self"><i></i>SOLAAL et les partenaires solidaires </a>
	</div>

<p>SOLAAL est labellisée IDEAS depuis 2022. Le Label IDEAS, créé par l’Institut IDEAS (Institut de Développement de l’Ethique et de l’Action pour la Solidarité) en 2010, est la marque d’un engagement sociétal de qualité. Il atteste d’une gestion transparente et d’une stratégie opérationnelle solide. L&rsquo;association comprend 4 catégories de membre Les membres représentant les organisations [&hellip;]</p>
