{"id":4668,"date":"2026-02-17T12:20:50","date_gmt":"2026-02-17T11:20:50","guid":{"rendered":"https:\/\/www.solaal.org\/hauts-de-france\/?page_id=4668"},"modified":"2026-02-18T13:30:36","modified_gmt":"2026-02-18T12:30:36","slug":"nos-mecenes","status":"publish","type":"page","link":"https:\/\/www.solaal.org\/hauts-de-france\/decouvrez-lassociation\/nos-mecenes\/","title":{"rendered":"Nos m\u00e9c\u00e8nes"},"content":{"rendered":"\n<p style=\"font-size:18px\">Les m\u00e9c\u00e8nes de SOLAAL Hauts-de-France sont des entreprises, fondations, associations, etc. qui soutiennent sous diff\u00e9rentes formes les actions de SOLAAL Hauts-de-France, pour une dur\u00e9e d\u00e9finie.<\/p>\n\n\n\n<p style=\"font-size:18px\">Ils <strong>accompagnent <\/strong>et <strong>soutiennent <\/strong>SOLAAL Hauts-de-France sous forme de <strong>m\u00e9c\u00e9nat&nbsp;<\/strong>:<\/p>\n\n\n\n<ul class=\"wp-block-list\">\n<li><strong>de comp\u00e9tences<\/strong> : mettre \u00e0 disposition un collaborateur<\/li>\n\n\n\n<li><strong>financier <\/strong>: donner une somme d&rsquo;argent<\/li>\n\n\n\n<li><strong>en nature<\/strong> : faire don de mat\u00e9riel ou d&rsquo;un service<\/li>\n<\/ul>\n\n\n\n<div class=\"wp-block-buttons is-layout-flex wp-block-buttons-is-layout-flex\">\n<div class=\"wp-block-button\"><a class=\"wp-block-button__link wp-element-button\" href=\"https:\/\/acrobat.adobe.com\/id\/urn:aaid:sc:EU:55f77850-bc56-433e-be37-b81e347d7711\" target=\"_blank\" rel=\"noreferrer noopener\">Plaquette de pr\u00e9sentation de nos actions<\/a><\/div>\n<\/div>\n\n\n\n\t<div class=\"wp-block-button-two\">\n\t\t<a href=\"https:\/\/www.solaal.org\/hauts-de-france\/contact\/\" target=\"_blank\"><i><\/i>Je veux devenir m\u00e9c\u00e8ne<\/a>\n\t<\/div>\n\n\n\t<section class=\"actualites-list not-h2\">\n\t\t<div class=\"actualites-list-box inner\">\n\n\t\t\t<div class=\"part-membres-content\">\n\t\t\t\t\t\t\t\t\t\t\n\t\t\t\t\t\t\t\t\t\t\t\n\t\t\t\t\t\t<div class=\"list\">\n\t\t\t\t\t\t\t<div class=\"list-box\">\n\t\t\t\t\t\t\t\t<div class=\"img-c\">\n\t\t\t\t\t\t\t        <div class=\"img\" style=\"background-image: url(https:\/\/www.solaal.org\/hauts-de-france\/wp-content\/uploads\/sites\/18\/2024\/03\/ADM-Logo-Primary.jpg);\"><\/div>\n\t\t\t\t\t\t\t\t<\/div>\n\t\t\t\t\t\t\t\t<div class=\"title-c\">\n\t\t\t\t\t\t\t\t\t<h2>ADM Nutrition<\/h2>\n\t\t\t\t\t\t\t\t<\/div>\n\t\t\t\t\t\t\t<\/div>\n\t\t\t\t\t\t<\/div>\n\t\t\t\t\t\t\t\t\t\t\t\t\t\t\t\n\t\t\t\t\t\t<div class=\"list\">\n\t\t\t\t\t\t\t<div class=\"list-box\">\n\t\t\t\t\t\t\t\t<div class=\"img-c\">\n\t\t\t\t\t\t\t        <div class=\"img\" style=\"background-image: url(https:\/\/www.solaal.org\/hauts-de-france\/wp-content\/uploads\/sites\/18\/2024\/10\/logo-Electro-Depot-1024x516.png);\"><\/div>\n\t\t\t\t\t\t\t\t<\/div>\n\t\t\t\t\t\t\t\t<div class=\"title-c\">\n\t\t\t\t\t\t\t\t\t<h2>\u00c9lectro D\u00e9p\u00f4t<\/h2>\n\t\t\t\t\t\t\t\t<\/div>\n\t\t\t\t\t\t\t<\/div>\n\t\t\t\t\t\t<\/div>\n\t\t\t\t\t\t\t\t\t\t\t\t\t\t\t\n\t\t\t\t\t\t<div class=\"list\">\n\t\t\t\t\t\t\t<div class=\"list-box\">\n\t\t\t\t\t\t\t\t<div class=\"img-c\">\n\t\t\t\t\t\t\t        <div class=\"img\" style=\"background-image: url(https:\/\/www.solaal.org\/hauts-de-france\/wp-content\/uploads\/sites\/18\/2025\/06\/Logo-Credit-Agricole-Nord-Est-1024x440.png);\"><\/div>\n\t\t\t\t\t\t\t\t<\/div>\n\t\t\t\t\t\t\t\t<div class=\"title-c\">\n\t\t\t\t\t\t\t\t\t<h2>Fondation Cr\u00e9dit Agricole Nord Est<\/h2>\n\t\t\t\t\t\t\t\t<\/div>\n\t\t\t\t\t\t\t<\/div>\n\t\t\t\t\t\t<\/div>\n\t\t\t\t\t\t\t\t\t\t\t\t\t\t\t\n\t\t\t\t\t\t<div class=\"list\">\n\t\t\t\t\t\t\t<div class=\"list-box\">\n\t\t\t\t\t\t\t\t<div class=\"img-c\">\n\t\t\t\t\t\t\t        <div class=\"img\" style=\"background-image: url(https:\/\/www.solaal.org\/hauts-de-france\/wp-content\/uploads\/sites\/18\/2022\/08\/Logo-Groupama-Nord-Est.png);\"><\/div>\n\t\t\t\t\t\t\t\t<\/div>\n\t\t\t\t\t\t\t\t<div class=\"title-c\">\n\t\t\t\t\t\t\t\t\t<h2>Groupama Nord Est<\/h2>\n\t\t\t\t\t\t\t\t<\/div>\n\t\t\t\t\t\t\t<\/div>\n\t\t\t\t\t\t<\/div>\n\t\t\t\t\t\t\t\t\t\t\t\t\t\t\t\n\t\t\t\t\t\t<div class=\"list\">\n\t\t\t\t\t\t\t<div class=\"list-box\">\n\t\t\t\t\t\t\t\t<div class=\"img-c\">\n\t\t\t\t\t\t\t        <div class=\"img\" style=\"background-image: url(https:\/\/www.solaal.org\/hauts-de-france\/wp-content\/uploads\/sites\/18\/2026\/02\/Logo-JA80-2021-rouge-fonce.jpg);\"><\/div>\n\t\t\t\t\t\t\t\t<\/div>\n\t\t\t\t\t\t\t\t<div class=\"title-c\">\n\t\t\t\t\t\t\t\t\t<h2>Jeunes Agriculteurs de la Somme<\/h2>\n\t\t\t\t\t\t\t\t<\/div>\n\t\t\t\t\t\t\t<\/div>\n\t\t\t\t\t\t<\/div>\n\t\t\t\t\t\t\t\t\t\t\t\t\t\t\t\n\t\t\t\t\t\t<div class=\"list\">\n\t\t\t\t\t\t\t<div class=\"list-box\">\n\t\t\t\t\t\t\t\t<div class=\"img-c\">\n\t\t\t\t\t\t\t        <div class=\"img\" style=\"background-image: url(https:\/\/www.solaal.org\/hauts-de-france\/wp-content\/uploads\/sites\/18\/2026\/02\/JKO-logo-fullColor-rgb-1024x755.png);\"><\/div>\n\t\t\t\t\t\t\t\t<\/div>\n\t\t\t\t\t\t\t\t<div class=\"title-c\">\n\t\t\t\t\t\t\t\t\t<h2>JKO conseils<\/h2>\n\t\t\t\t\t\t\t\t<\/div>\n\t\t\t\t\t\t\t<\/div>\n\t\t\t\t\t\t<\/div>\n\t\t\t\t\t\t\t\t\t\t\t\t            \t\t\t\t\t\t<div class=\"list\">\n\t\t\t\t\t\t\t<a href=\"https:\/\/www.katalyze.fr\/\"  target=\"_blank\" class=\"list-box\">\n\t\t\t\t\t\t\t\t<div class=\"img-c\">\n\t\t\t\t\t\t\t        <div class=\"img\" style=\"background-image: url(https:\/\/www.solaal.org\/hauts-de-france\/wp-content\/uploads\/sites\/18\/2026\/02\/Logo-KatalyZe-Amiens-detoure-blanc-1024x447.png);\"><\/div>\n\t\t\t\t\t\t\t\t<\/div>\n\t\t\t\t\t\t\t\t<div class=\"title-c\">\n\t\t\t\t\t\t\t\t\t<h2>KatalyZe<\/h2>\n\t\t\t\t\t\t\t\t\t<div class=\"link\">\n\t\t\t\t\t\t\t\t\t\t<span class=\"btn\"><i><\/i>En savoir +<\/span>\n\t\t\t\t\t\t\t\t\t<\/div>\n\t\t\t\t\t\t\t\t<\/div>\n\t\t\t\t\t\t\t<\/a>\n\t\t\t\t\t\t<\/div>\n\t\t\t\t\t\t\t\t\t\t\t\t\t\t\t\t\t\t\t\t\t\n\t\t\t\t\t\t<div class=\"list\">\n\t\t\t\t\t\t\t<div class=\"list-box\">\n\t\t\t\t\t\t\t\t<div class=\"img-c\">\n\t\t\t\t\t\t\t        <div class=\"img\" style=\"background-image: url(https:\/\/www.solaal.org\/hauts-de-france\/wp-content\/uploads\/sites\/18\/2026\/02\/Logo-mutuale_solidarite.png);\"><\/div>\n\t\t\t\t\t\t\t\t<\/div>\n\t\t\t\t\t\t\t\t<div class=\"title-c\">\n\t\t\t\t\t\t\t\t\t<h2>Mutuale Solidarit\u00e9<\/h2>\n\t\t\t\t\t\t\t\t<\/div>\n\t\t\t\t\t\t\t<\/div>\n\t\t\t\t\t\t<\/div>\n\t\t\t\t\t\t\t\t\t\t\t\t            \t\t\t\t\t\t<div class=\"list\">\n\t\t\t\t\t\t\t<a href=\"https:\/\/mfr-hautsdefrance.fr\/\"  target=\"_blank\" class=\"list-box\">\n\t\t\t\t\t\t\t\t<div class=\"img-c\">\n\t\t\t\t\t\t\t        <div class=\"img\" style=\"background-image: url(https:\/\/www.solaal.org\/hauts-de-france\/wp-content\/uploads\/sites\/18\/2024\/04\/Logo-MFR-Hauts-de-France.jpeg);\"><\/div>\n\t\t\t\t\t\t\t\t<\/div>\n\t\t\t\t\t\t\t\t<div class=\"title-c\">\n\t\t\t\t\t\t\t\t\t<h2>MFR Hauts-de-France<\/h2>\n\t\t\t\t\t\t\t\t\t<div class=\"link\">\n\t\t\t\t\t\t\t\t\t\t<span class=\"btn\"><i><\/i>En savoir +<\/span>\n\t\t\t\t\t\t\t\t\t<\/div>\n\t\t\t\t\t\t\t\t<\/div>\n\t\t\t\t\t\t\t<\/a>\n\t\t\t\t\t\t<\/div>\n\t\t\t\t\t\t\t\t\t\t\t\t\t\t\t\t\t\t\t\t\t\n\t\t\t\t\t\t<div class=\"list\">\n\t\t\t\t\t\t\t<div class=\"list-box\">\n\t\t\t\t\t\t\t\t<div class=\"img-c\">\n\t\t\t\t\t\t\t        <div class=\"img\" style=\"background-image: url(https:\/\/www.solaal.org\/hauts-de-france\/wp-content\/uploads\/sites\/18\/2026\/02\/Logo-infinity-expos-events-1024x1024.png);\"><\/div>\n\t\t\t\t\t\t\t\t<\/div>\n\t\t\t\t\t\t\t\t<div class=\"title-c\">\n\t\t\t\t\t\t\t\t\t<h2>So infinity<\/h2>\n\t\t\t\t\t\t\t\t<\/div>\n\t\t\t\t\t\t\t<\/div>\n\t\t\t\t\t\t<\/div>\n\t\t\t\t\t\t\t\t\t\t\t\t<\/div>\n\t\t\t\t\t\t\t\t<\/div>\n\t<\/section>","protected":false},"excerpt":{"rendered":"<p>Les m\u00e9c\u00e8nes de SOLAAL Hauts-de-France sont des entreprises, fondations, associations, etc. qui soutiennent sous diff\u00e9rentes formes les actions de SOLAAL Hauts-de-France, pour une dur\u00e9e d\u00e9finie. Ils accompagnent et soutiennent SOLAAL Hauts-de-France sous forme de m\u00e9c\u00e9nat&nbsp;:<\/p>\n","protected":false},"author":11,"featured_media":0,"parent":541,"menu_order":0,"comment_status":"closed","ping_status":"closed","template":"","meta":{"_acf_changed":false,"inline_featured_image":false,"footnotes":""},"class_list":["post-4668","page","type-page","status-publish","hentry"],"acf":[],"_links":{"self":[{"href":"https:\/\/www.solaal.org\/hauts-de-france\/wp-json\/wp\/v2\/pages\/4668","targetHints":{"allow":["GET"]}}],"collection":[{"href":"https:\/\/www.solaal.org\/hauts-de-france\/wp-json\/wp\/v2\/pages"}],"about":[{"href":"https:\/\/www.solaal.org\/hauts-de-france\/wp-json\/wp\/v2\/types\/page"}],"author":[{"embeddable":true,"href":"https:\/\/www.solaal.org\/hauts-de-france\/wp-json\/wp\/v2\/users\/11"}],"replies":[{"embeddable":true,"href":"https:\/\/www.solaal.org\/hauts-de-france\/wp-json\/wp\/v2\/comments?post=4668"}],"version-history":[{"count":5,"href":"https:\/\/www.solaal.org\/hauts-de-france\/wp-json\/wp\/v2\/pages\/4668\/revisions"}],"predecessor-version":[{"id":4713,"href":"https:\/\/www.solaal.org\/hauts-de-france\/wp-json\/wp\/v2\/pages\/4668\/revisions\/4713"}],"up":[{"embeddable":true,"href":"https:\/\/www.solaal.org\/hauts-de-france\/wp-json\/wp\/v2\/pages\/541"}],"wp:attachment":[{"href":"https:\/\/www.solaal.org\/hauts-de-france\/wp-json\/wp\/v2\/media?parent=4668"}],"curies":[{"name":"wp","href":"https:\/\/api.w.org\/{rel}","templated":true}]}}