{"id":1065,"date":"2022-08-08T11:43:50","date_gmt":"2022-08-08T09:43:50","guid":{"rendered":"https:\/\/www.solaal.org\/hauts-de-france\/?page_id=1065"},"modified":"2026-04-07T16:18:48","modified_gmt":"2026-04-07T14:18:48","slug":"newsletter","status":"publish","type":"page","link":"https:\/\/www.solaal.org\/hauts-de-france\/presse-documentation\/newsletter\/","title":{"rendered":"Newsletter"},"content":{"rendered":"\n<p class=\"has-text-align-center\">Retrouvez SOLAAL INFOS tous les 1er jeudis du mois.<\/p>\n\n\n\n<div class=\"wp-block-media-text alignwide is-stacked-on-mobile\" style=\"grid-template-columns:15% auto\"><figure class=\"wp-block-media-text__media\"><img decoding=\"async\" src=\"https:\/\/www.solaal.org\/wp-content\/uploads\/2023\/07\/Marcel-DENIEUL-Copie-977x1024.jpg\" alt=\"\" class=\"wp-image-13143 size-thumbnail\" \/><\/figure><div class=\"wp-block-media-text__content\">\n<p><a href=\"https:\/\/mailchi.mp\/solaal\/10_ans_solaal_ministre_solidarites-6245529?e=[UNIQID]\">Newsletter juillet 2023<\/a><\/p>\n\n\n\n<p>Interview de Marcel Denieul, pr\u00e9sident du SPACE Rennes<\/p>\n<\/div><\/div>\n\n\n\n<div class=\"wp-block-media-text alignwide is-stacked-on-mobile\" style=\"grid-template-columns:15% auto\"><figure class=\"wp-block-media-text__media\"><img decoding=\"async\" src=\"https:\/\/www.solaal.org\/wp-content\/uploads\/2023\/06\/ROUSSEAU_ARNAUD-478-Copie.jpg\" alt=\"\" class=\"wp-image-13038 size-thumbnail\" \/><\/figure><div class=\"wp-block-media-text__content\">\n<p><a href=\"https:\/\/mailchi.mp\/solaal\/10_ans_solaal_ministre_solidarites\">Newsletter juin 2023<\/a><\/p>\n\n\n\n<p>Interview d&rsquo;Arnaud Rousseau , pr\u00e9sident de la FNSEA<\/p>\n<\/div><\/div>\n\n\n\n<div class=\"wp-block-media-text alignwide is-stacked-on-mobile\" style=\"grid-template-columns:15% auto\"><figure class=\"wp-block-media-text__media\"><img decoding=\"async\" src=\"https:\/\/www.solaal.org\/wp-content\/uploads\/2023\/05\/MicrosoftTeams-image-8.png\" alt=\"\" class=\"wp-image-12988 size-thumbnail\" \/><\/figure><div class=\"wp-block-media-text__content\">\n<p><a href=\"https:\/\/mailchi.mp\/solaal\/crise-noix-solaal-au-rdv?e=9d15f4d359\">Newsletter mai 2023<\/a><\/p>\n\n\n\n<p>Interview de St\u00e9phanie Osmont, directrice de l&rsquo;innovation sociale et environnementale &#8211; Groupe La Poste<\/p>\n<\/div><\/div>\n\n\n\n<div class=\"wp-block-media-text alignwide is-stacked-on-mobile\" style=\"grid-template-columns:15% auto\"><figure class=\"wp-block-media-text__media\"><img decoding=\"async\" src=\"https:\/\/www.solaal.org\/wp-content\/uploads\/2023\/01\/A._Delahaye_SOLAAl-2-840x1024.jpg\" alt=\"\" class=\"wp-image-12585 size-thumbnail\" \/><\/figure><div class=\"wp-block-media-text__content\">\n<p><a href=\"https:\/\/mailchi.mp\/solaal\/10_ans_solaal?e=9d15f4d359\">Newsletter avril 2023<\/a><\/p>\n\n\n\n<p>Edito d&rsquo;Ang\u00e9lique Delahaye, pr\u00e9sidente de SOLAAL <\/p>\n<\/div><\/div>\n\n\n\n<div class=\"wp-block-media-text alignwide is-stacked-on-mobile\" style=\"grid-template-columns:15% auto\"><figure class=\"wp-block-media-text__media\"><img decoding=\"async\" src=\"https:\/\/www.solaal.org\/wp-content\/uploads\/2022\/11\/JCC.SIPA_.0010-1-1-1024x1000.jpg\" alt=\"\" class=\"wp-image-12422 size-thumbnail\" \/><\/figure><div class=\"wp-block-media-text__content\">\n<p><a href=\"https:\/\/mailchi.mp\/7b0bdb86867f\/mieux-manger-pour-tous-ministre-solidarit?e=[UNIQID]\">Newsletter mars 2023<\/a><\/p>\n\n\n\n<p>Interview Jean-Christophe Combe, Ministre des Solidarit\u00e9s, de l&rsquo;Autonomie et des Personnes handicap\u00e9es<\/p>\n<\/div><\/div>\n\n\n\n<div class=\"wp-block-media-text alignwide is-stacked-on-mobile\" style=\"grid-template-columns:15% auto\"><figure class=\"wp-block-media-text__media\"><img decoding=\"async\" src=\"https:\/\/www.solaal.org\/wp-content\/uploads\/2023\/03\/PortraitValerieLeRoy1_Creditphoto_StudioCuiCuiSIA22-Copie.jpg\" alt=\"\" class=\"wp-image-12861 size-thumbnail\" \/><\/figure><div class=\"wp-block-media-text__content\">\n<p><a href=\"https:\/\/mailchi.mp\/edec71878072\/sia-10-ans-solaal?e=[UNIQID]\">Newsletter f\u00e9vrier 2023<\/a><\/p>\n\n\n\n<p>Interview Val\u00e9rie Le Roy, directrice du SIA <\/p>\n<\/div><\/div>\n\n\n\n<div class=\"wp-block-media-text alignwide is-stacked-on-mobile\" style=\"grid-template-columns:15% auto\"><figure class=\"wp-block-media-text__media\"><img decoding=\"async\" src=\"https:\/\/www.solaal.org\/wp-content\/uploads\/2023\/01\/A._Delahaye_SOLAAl-1-840x1024.jpg\" alt=\"\" class=\"wp-image-12584 size-thumbnail\" \/><\/figure><div class=\"wp-block-media-text__content\">\n<p><a href=\"https:\/\/mailchi.mp\/9e8d96d17347\/bilan-2022-plus-de-donateurs-et-dons?e=[UNIQID]\">Newsletter janvier 2023<\/a><\/p>\n\n\n\n<p>Edito d&rsquo;Ang\u00e9lique Delahaye, pr\u00e9sidente de SOLAAL <\/p>\n<\/div><\/div>\n\n\n\n<div class=\"wp-block-media-text alignwide is-stacked-on-mobile\" style=\"grid-template-columns:15% auto\"><figure class=\"wp-block-media-text__media\"><img decoding=\"async\" src=\"https:\/\/www.solaal.org\/wp-content\/uploads\/2022\/12\/G-Garot-carre_page-0001-1-1024x1024.jpg\" alt=\"\" class=\"wp-image-12501 size-thumbnail\" \/><\/figure><div class=\"wp-block-media-text__content\">\n<p><a href=\"https:\/\/mailchi.mp\/becb38806398\/itw_guillaume_garot_cna?e=[UNIQID]\">Newsletter d\u00e9cembre 2022<\/a><\/p>\n\n\n\n<p>Interview Guillaume Garot, Pr\u00e9sident du Conseil National de l&rsquo;Alimentation <\/p>\n<\/div><\/div>\n\n\n\n<div class=\"wp-block-media-text alignwide is-stacked-on-mobile\" style=\"grid-template-columns:15% auto\"><figure class=\"wp-block-media-text__media\"><img decoding=\"async\" src=\"https:\/\/www.solaal.org\/wp-content\/uploads\/2022\/11\/JCC.SIPA_.0010-1-1-1024x1000.jpg\" alt=\"\" class=\"wp-image-12422 size-thumbnail\" \/><\/figure><div class=\"wp-block-media-text__content\">\n<p><a href=\"https:\/\/mailchi.mp\/c7f04f7465f3\/itw_combe_ministre_solidarits?e=9d15f4d359\">Newsletter novembre 2022<\/a><\/p>\n\n\n\n<p>Interview Jean-Christophe Combe, Ministre des Solidarit\u00e9s, de l&rsquo;Autonomie et des Personnes handicap\u00e9es<\/p>\n<\/div><\/div>\n\n\n\n<div class=\"wp-block-media-text alignwide is-stacked-on-mobile\" style=\"grid-template-columns:15% auto\"><figure class=\"wp-block-media-text__media\"><img decoding=\"async\" src=\"https:\/\/www.solaal.org\/wp-content\/uploads\/2022\/10\/Franck-BELONCLE_CCMSA-Image_3612-Copie-1-1024x1024.jpg\" alt=\"\" class=\"wp-image-12327 size-thumbnail\" \/><\/figure><div class=\"wp-block-media-text__content\">\n<p><a href=\"https:\/\/mailchi.mp\/9acafee6c25e\/jnda_solidarite_des_agriculteurs?e=9d15f4d359\">Newsletter octobre 2022<\/a><\/p>\n\n\n\n<p>Interview Pascal Cormery, Pr\u00e9sident de la Caisse centrale MSA <\/p>\n<\/div><\/div>\n\n\n\n<div class=\"wp-block-media-text alignwide is-stacked-on-mobile\" style=\"grid-template-columns:15% auto\"><figure class=\"wp-block-media-text__media\"><img decoding=\"async\" src=\"https:\/\/www.solaal.org\/wp-content\/uploads\/2022\/08\/Photo-Marc-Fesneau.jpeg\" alt=\"\" class=\"wp-image-12069 size-thumbnail\" \/><\/figure><div class=\"wp-block-media-text__content\">\n<p><a href=\"https:\/\/mailchi.mp\/95f247e9c395\/jnda_soutien_marc_fesneau_minstre_agriculture?e=[UNIQID]\">Newsletter septembre 2022<\/a><\/p>\n\n\n\n<p>Interview Marc Fesneau, Ministre de l&rsquo;Agriculture et de la Souverainet\u00e9 alimentaire <\/p>\n<\/div><\/div>\n\n\n\n<div class=\"wp-block-media-text alignwide is-stacked-on-mobile\" style=\"grid-template-columns:15% auto\"><figure class=\"wp-block-media-text__media\"><img decoding=\"async\" src=\"https:\/\/www.solaal.org\/wp-content\/uploads\/2022\/07\/PDV-com--150x150.jpg\" alt=\"\" class=\"wp-image-11365 size-thumbnail\" \/><\/figure><div class=\"wp-block-media-text__content\">\n<p><a href=\"https:\/\/mailchi.mp\/7aa9f1a301a7\/du_nouveau_dans_la_reduction_impot_des_dons?e=[UNIQID]\" target=\"_blank\" rel=\"noreferrer noopener\">Newsletter juillet 2022<\/a><\/p>\n\n\n\n<p>Interview Patrick de Villepin, Responsable du volontariat chez BNP Paribas<\/p>\n<\/div><\/div>\n\n\n\n<div class=\"wp-block-media-text alignwide is-stacked-on-mobile\" style=\"grid-template-columns:15% auto\"><figure class=\"wp-block-media-text__media\"><img decoding=\"async\" src=\"https:\/\/www.solaal.org\/wp-content\/uploads\/2022\/07\/PHOTO_Bernard-GERIN.jpg\" alt=\"\" class=\"wp-image-11368 size-full\" \/><\/figure><div class=\"wp-block-media-text__content\">\n<p><a href=\"https:\/\/mailchi.mp\/fcd932223a6d\/mobilisation_solidaire_ukraine-6097174\" target=\"_blank\" rel=\"noreferrer noopener\">Newsletter juin 2022<\/a><\/p>\n\n\n\n<p>Interview Bernard G\u00e9rin, Pr\u00e9sident de l&rsquo;ANEEFEL<\/p>\n<\/div><\/div>\n\n\n\n<div class=\"wp-block-media-text alignwide is-stacked-on-mobile\" style=\"grid-template-columns:15% auto\"><figure class=\"wp-block-media-text__media\"><img decoding=\"async\" src=\"https:\/\/www.solaal.org\/wp-content\/uploads\/2022\/07\/Photo-DUVAL-Cecile-768x1024.jpg\" alt=\"\" class=\"wp-image-11370 size-full\" \/><\/figure><div class=\"wp-block-media-text__content\">\n<p><a href=\"https:\/\/mailchi.mp\/74e5b4a680e3\/mobilisation_solidaire_ukraine?e=9d15f4d359\">Newsletter juin 2022<\/a><\/p>\n\n\n\n<p>Interview C\u00e9cile Duval, Manager RSE Wavestone <\/p>\n<\/div><\/div>\n\n\n\n<div class=\"wp-block-media-text alignwide is-stacked-on-mobile\" style=\"grid-template-columns:15% auto\"><figure class=\"wp-block-media-text__media\"><img decoding=\"async\" src=\"https:\/\/www.solaal.org\/wp-content\/uploads\/2022\/07\/Laurence_Lamy_Fondation_EDF-Copie.jpg\" alt=\"\" class=\"wp-image-11383 size-full\" \/><\/figure><div class=\"wp-block-media-text__content\">\n<p><a href=\"https:\/\/mailchi.mp\/5e8865ca70ab\/solaal_labellise_ideas\">Newsletter avril 2022<\/a><\/p>\n\n\n\n<p>Interview Laurence Lamy, D\u00e9l\u00e9gu\u00e9 G\u00e9n\u00e9rale Fondation EDF <\/p>\n<\/div><\/div>\n\n\n\n<div class=\"wp-block-media-text alignwide is-stacked-on-mobile\" style=\"grid-template-columns:15% auto\"><figure class=\"wp-block-media-text__media\"><img decoding=\"async\" src=\"https:\/\/www.solaal.org\/wp-content\/uploads\/2022\/07\/20191017-FFE-245_original-1024x971.jpg\" alt=\"\" class=\"wp-image-11387 size-full\" \/><\/figure><div class=\"wp-block-media-text__content\">\n<p><a href=\"https:\/\/mailchi.mp\/a82ce4832b1f\/observatoire_dons_agricoles\">Newsletter mars 2022<\/a><\/p>\n\n\n\n<p>Edito Ang\u00e9lique Delahaye, Pr\u00e9sidente de SOLAAL<\/p>\n<\/div><\/div>\n\n\n\n<div class=\"wp-block-media-text alignwide is-stacked-on-mobile\" style=\"grid-template-columns:15% auto\"><figure class=\"wp-block-media-text__media\"><img decoding=\"async\" src=\"https:\/\/www.solaal.org\/wp-content\/uploads\/2022\/07\/PORTRAIT_Valerie_Zoom-959x1024.jpg\" alt=\"\" class=\"wp-image-11388 size-full\" \/><\/figure><div class=\"wp-block-media-text__content\">\n<p><a href=\"https:\/\/mailchi.mp\/609ec4e8a8c9\/v-leroy-directrice-du-sia?e=[UNIQID]\">Newsletter f\u00e9vrier 2022<\/a><\/p>\n\n\n\n<p>Interview Val\u00e9rie Leroy, Directrice du SIA<\/p>\n<\/div><\/div>\n\n\n\n<div class=\"wp-block-media-text alignwide is-stacked-on-mobile\" style=\"grid-template-columns:15% auto\"><figure class=\"wp-block-media-text__media\"><img decoding=\"async\" src=\"https:\/\/www.solaal.org\/wp-content\/uploads\/2022\/07\/20191017-FFE-245_original-1024x971.jpg\" alt=\"\" class=\"wp-image-11387 size-full\" \/><\/figure><div class=\"wp-block-media-text__content\">\n<p><a href=\"https:\/\/mailchi.mp\/609ec4e8a8c9\/v-leroy-directrice-du-sia?e=[UNIQID]\">Newsletter janvier 2022<\/a><\/p>\n\n\n\n<p>Edito Ang\u00e9lique Delahaye, Pr\u00e9sidente de SOLAAL <\/p>\n<\/div><\/div>\n","protected":false},"excerpt":{"rendered":"<p>Retrouvez SOLAAL INFOS tous les 1er jeudis du mois. Newsletter juillet 2023 Interview de Marcel Denieul, pr\u00e9sident du SPACE Rennes Newsletter juin 2023 Interview d&rsquo;Arnaud Rousseau , pr\u00e9sident de la FNSEA Newsletter mai 2023 Interview de St\u00e9phanie Osmont, directrice de l&rsquo;innovation sociale et environnementale &#8211; Groupe La Poste Newsletter avril 2023 Edito d&rsquo;Ang\u00e9lique Delahaye, pr\u00e9sidente [&hellip;]<\/p>\n","protected":false},"author":11,"featured_media":0,"parent":545,"menu_order":0,"comment_status":"closed","ping_status":"closed","template":"","meta":{"_acf_changed":false,"inline_featured_image":false,"footnotes":""},"class_list":["post-1065","page","type-page","status-publish","hentry"],"acf":[],"_links":{"self":[{"href":"https:\/\/www.solaal.org\/hauts-de-france\/wp-json\/wp\/v2\/pages\/1065","targetHints":{"allow":["GET"]}}],"collection":[{"href":"https:\/\/www.solaal.org\/hauts-de-france\/wp-json\/wp\/v2\/pages"}],"about":[{"href":"https:\/\/www.solaal.org\/hauts-de-france\/wp-json\/wp\/v2\/types\/page"}],"author":[{"embeddable":true,"href":"https:\/\/www.solaal.org\/hauts-de-france\/wp-json\/wp\/v2\/users\/11"}],"replies":[{"embeddable":true,"href":"https:\/\/www.solaal.org\/hauts-de-france\/wp-json\/wp\/v2\/comments?post=1065"}],"version-history":[{"count":3,"href":"https:\/\/www.solaal.org\/hauts-de-france\/wp-json\/wp\/v2\/pages\/1065\/revisions"}],"predecessor-version":[{"id":3212,"href":"https:\/\/www.solaal.org\/hauts-de-france\/wp-json\/wp\/v2\/pages\/1065\/revisions\/3212"}],"up":[{"embeddable":true,"href":"https:\/\/www.solaal.org\/hauts-de-france\/wp-json\/wp\/v2\/pages\/545"}],"wp:attachment":[{"href":"https:\/\/www.solaal.org\/hauts-de-france\/wp-json\/wp\/v2\/media?parent=1065"}],"curies":[{"name":"wp","href":"https:\/\/api.w.org\/{rel}","templated":true}]}}

<p class="has-text-align-center">Retrouvez SOLAAL INFOS tous les 1er jeudis du mois.</p>



<div class="wp-block-media-text alignwide is-stacked-on-mobile" style="grid-template-columns:15% auto"><figure class="wp-block-media-text__media"><img decoding="async" src="https://www.solaal.org/wp-content/uploads/2023/07/Marcel-DENIEUL-Copie-977x1024.jpg" alt="" class="wp-image-13143 size-thumbnail" /></figure><div class="wp-block-media-text__content">
<p><a href="https://mailchi.mp/solaal/10_ans_solaal_ministre_solidarites-6245529?e=[UNIQID]">Newsletter juillet 2023</a></p>



<p>Interview de Marcel Denieul, président du SPACE Rennes</p>
</div></div>



<div class="wp-block-media-text alignwide is-stacked-on-mobile" style="grid-template-columns:15% auto"><figure class="wp-block-media-text__media"><img decoding="async" src="https://www.solaal.org/wp-content/uploads/2023/06/ROUSSEAU_ARNAUD-478-Copie.jpg" alt="" class="wp-image-13038 size-thumbnail" /></figure><div class="wp-block-media-text__content">
<p><a href="https://mailchi.mp/solaal/10_ans_solaal_ministre_solidarites">Newsletter juin 2023</a></p>



<p>Interview d&rsquo;Arnaud Rousseau , président de la FNSEA</p>
</div></div>



<div class="wp-block-media-text alignwide is-stacked-on-mobile" style="grid-template-columns:15% auto"><figure class="wp-block-media-text__media"><img decoding="async" src="https://www.solaal.org/wp-content/uploads/2023/05/MicrosoftTeams-image-8.png" alt="" class="wp-image-12988 size-thumbnail" /></figure><div class="wp-block-media-text__content">
<p><a href="https://mailchi.mp/solaal/crise-noix-solaal-au-rdv?e=9d15f4d359">Newsletter mai 2023</a></p>



<p>Interview de Stéphanie Osmont, directrice de l&rsquo;innovation sociale et environnementale &#8211; Groupe La Poste</p>
</div></div>



<div class="wp-block-media-text alignwide is-stacked-on-mobile" style="grid-template-columns:15% auto"><figure class="wp-block-media-text__media"><img decoding="async" src="https://www.solaal.org/wp-content/uploads/2023/01/A._Delahaye_SOLAAl-2-840x1024.jpg" alt="" class="wp-image-12585 size-thumbnail" /></figure><div class="wp-block-media-text__content">
<p><a href="https://mailchi.mp/solaal/10_ans_solaal?e=9d15f4d359">Newsletter avril 2023</a></p>



<p>Edito d&rsquo;Angélique Delahaye, présidente de SOLAAL </p>
</div></div>



<div class="wp-block-media-text alignwide is-stacked-on-mobile" style="grid-template-columns:15% auto"><figure class="wp-block-media-text__media"><img decoding="async" src="https://www.solaal.org/wp-content/uploads/2022/11/JCC.SIPA_.0010-1-1-1024x1000.jpg" alt="" class="wp-image-12422 size-thumbnail" /></figure><div class="wp-block-media-text__content">
<p><a href="https://mailchi.mp/7b0bdb86867f/mieux-manger-pour-tous-ministre-solidarit?e=[UNIQID]">Newsletter mars 2023</a></p>



<p>Interview Jean-Christophe Combe, Ministre des Solidarités, de l&rsquo;Autonomie et des Personnes handicapées</p>
</div></div>



<div class="wp-block-media-text alignwide is-stacked-on-mobile" style="grid-template-columns:15% auto"><figure class="wp-block-media-text__media"><img decoding="async" src="https://www.solaal.org/wp-content/uploads/2023/03/PortraitValerieLeRoy1_Creditphoto_StudioCuiCuiSIA22-Copie.jpg" alt="" class="wp-image-12861 size-thumbnail" /></figure><div class="wp-block-media-text__content">
<p><a href="https://mailchi.mp/edec71878072/sia-10-ans-solaal?e=[UNIQID]">Newsletter février 2023</a></p>



<p>Interview Valérie Le Roy, directrice du SIA </p>
</div></div>



<div class="wp-block-media-text alignwide is-stacked-on-mobile" style="grid-template-columns:15% auto"><figure class="wp-block-media-text__media"><img decoding="async" src="https://www.solaal.org/wp-content/uploads/2023/01/A._Delahaye_SOLAAl-1-840x1024.jpg" alt="" class="wp-image-12584 size-thumbnail" /></figure><div class="wp-block-media-text__content">
<p><a href="https://mailchi.mp/9e8d96d17347/bilan-2022-plus-de-donateurs-et-dons?e=[UNIQID]">Newsletter janvier 2023</a></p>



<p>Edito d&rsquo;Angélique Delahaye, présidente de SOLAAL </p>
</div></div>



<div class="wp-block-media-text alignwide is-stacked-on-mobile" style="grid-template-columns:15% auto"><figure class="wp-block-media-text__media"><img decoding="async" src="https://www.solaal.org/wp-content/uploads/2022/12/G-Garot-carre_page-0001-1-1024x1024.jpg" alt="" class="wp-image-12501 size-thumbnail" /></figure><div class="wp-block-media-text__content">
<p><a href="https://mailchi.mp/becb38806398/itw_guillaume_garot_cna?e=[UNIQID]">Newsletter décembre 2022</a></p>



<p>Interview Guillaume Garot, Président du Conseil National de l&rsquo;Alimentation </p>
</div></div>



<div class="wp-block-media-text alignwide is-stacked-on-mobile" style="grid-template-columns:15% auto"><figure class="wp-block-media-text__media"><img decoding="async" src="https://www.solaal.org/wp-content/uploads/2022/11/JCC.SIPA_.0010-1-1-1024x1000.jpg" alt="" class="wp-image-12422 size-thumbnail" /></figure><div class="wp-block-media-text__content">
<p><a href="https://mailchi.mp/c7f04f7465f3/itw_combe_ministre_solidarits?e=9d15f4d359">Newsletter novembre 2022</a></p>



<p>Interview Jean-Christophe Combe, Ministre des Solidarités, de l&rsquo;Autonomie et des Personnes handicapées</p>
</div></div>



<div class="wp-block-media-text alignwide is-stacked-on-mobile" style="grid-template-columns:15% auto"><figure class="wp-block-media-text__media"><img decoding="async" src="https://www.solaal.org/wp-content/uploads/2022/10/Franck-BELONCLE_CCMSA-Image_3612-Copie-1-1024x1024.jpg" alt="" class="wp-image-12327 size-thumbnail" /></figure><div class="wp-block-media-text__content">
<p><a href="https://mailchi.mp/9acafee6c25e/jnda_solidarite_des_agriculteurs?e=9d15f4d359">Newsletter octobre 2022</a></p>



<p>Interview Pascal Cormery, Président de la Caisse centrale MSA </p>
</div></div>



<div class="wp-block-media-text alignwide is-stacked-on-mobile" style="grid-template-columns:15% auto"><figure class="wp-block-media-text__media"><img decoding="async" src="https://www.solaal.org/wp-content/uploads/2022/08/Photo-Marc-Fesneau.jpeg" alt="" class="wp-image-12069 size-thumbnail" /></figure><div class="wp-block-media-text__content">
<p><a href="https://mailchi.mp/95f247e9c395/jnda_soutien_marc_fesneau_minstre_agriculture?e=[UNIQID]">Newsletter septembre 2022</a></p>



<p>Interview Marc Fesneau, Ministre de l&rsquo;Agriculture et de la Souveraineté alimentaire </p>
</div></div>



<div class="wp-block-media-text alignwide is-stacked-on-mobile" style="grid-template-columns:15% auto"><figure class="wp-block-media-text__media"><img decoding="async" src="https://www.solaal.org/wp-content/uploads/2022/07/PDV-com--150x150.jpg" alt="" class="wp-image-11365 size-thumbnail" /></figure><div class="wp-block-media-text__content">
<p><a href="https://mailchi.mp/7aa9f1a301a7/du_nouveau_dans_la_reduction_impot_des_dons?e=[UNIQID]" target="_blank" rel="noreferrer noopener">Newsletter juillet 2022</a></p>



<p>Interview Patrick de Villepin, Responsable du volontariat chez BNP Paribas</p>
</div></div>



<div class="wp-block-media-text alignwide is-stacked-on-mobile" style="grid-template-columns:15% auto"><figure class="wp-block-media-text__media"><img decoding="async" src="https://www.solaal.org/wp-content/uploads/2022/07/PHOTO_Bernard-GERIN.jpg" alt="" class="wp-image-11368 size-full" /></figure><div class="wp-block-media-text__content">
<p><a href="https://mailchi.mp/fcd932223a6d/mobilisation_solidaire_ukraine-6097174" target="_blank" rel="noreferrer noopener">Newsletter juin 2022</a></p>



<p>Interview Bernard Gérin, Président de l&rsquo;ANEEFEL</p>
</div></div>



<div class="wp-block-media-text alignwide is-stacked-on-mobile" style="grid-template-columns:15% auto"><figure class="wp-block-media-text__media"><img decoding="async" src="https://www.solaal.org/wp-content/uploads/2022/07/Photo-DUVAL-Cecile-768x1024.jpg" alt="" class="wp-image-11370 size-full" /></figure><div class="wp-block-media-text__content">
<p><a href="https://mailchi.mp/74e5b4a680e3/mobilisation_solidaire_ukraine?e=9d15f4d359">Newsletter juin 2022</a></p>



<p>Interview Cécile Duval, Manager RSE Wavestone </p>
</div></div>



<div class="wp-block-media-text alignwide is-stacked-on-mobile" style="grid-template-columns:15% auto"><figure class="wp-block-media-text__media"><img decoding="async" src="https://www.solaal.org/wp-content/uploads/2022/07/Laurence_Lamy_Fondation_EDF-Copie.jpg" alt="" class="wp-image-11383 size-full" /></figure><div class="wp-block-media-text__content">
<p><a href="https://mailchi.mp/5e8865ca70ab/solaal_labellise_ideas">Newsletter avril 2022</a></p>



<p>Interview Laurence Lamy, Délégué Générale Fondation EDF </p>
</div></div>



<div class="wp-block-media-text alignwide is-stacked-on-mobile" style="grid-template-columns:15% auto"><figure class="wp-block-media-text__media"><img decoding="async" src="https://www.solaal.org/wp-content/uploads/2022/07/20191017-FFE-245_original-1024x971.jpg" alt="" class="wp-image-11387 size-full" /></figure><div class="wp-block-media-text__content">
<p><a href="https://mailchi.mp/a82ce4832b1f/observatoire_dons_agricoles">Newsletter mars 2022</a></p>



<p>Edito Angélique Delahaye, Présidente de SOLAAL</p>
</div></div>



<div class="wp-block-media-text alignwide is-stacked-on-mobile" style="grid-template-columns:15% auto"><figure class="wp-block-media-text__media"><img decoding="async" src="https://www.solaal.org/wp-content/uploads/2022/07/PORTRAIT_Valerie_Zoom-959x1024.jpg" alt="" class="wp-image-11388 size-full" /></figure><div class="wp-block-media-text__content">
<p><a href="https://mailchi.mp/609ec4e8a8c9/v-leroy-directrice-du-sia?e=[UNIQID]">Newsletter février 2022</a></p>



<p>Interview Valérie Leroy, Directrice du SIA</p>
</div></div>



<div class="wp-block-media-text alignwide is-stacked-on-mobile" style="grid-template-columns:15% auto"><figure class="wp-block-media-text__media"><img decoding="async" src="https://www.solaal.org/wp-content/uploads/2022/07/20191017-FFE-245_original-1024x971.jpg" alt="" class="wp-image-11387 size-full" /></figure><div class="wp-block-media-text__content">
<p><a href="https://mailchi.mp/609ec4e8a8c9/v-leroy-directrice-du-sia?e=[UNIQID]">Newsletter janvier 2022</a></p>



<p>Edito Angélique Delahaye, Présidente de SOLAAL </p>
</div></div>

<p>Retrouvez SOLAAL INFOS tous les 1er jeudis du mois. Newsletter juillet 2023 Interview de Marcel Denieul, président du SPACE Rennes Newsletter juin 2023 Interview d&rsquo;Arnaud Rousseau , président de la FNSEA Newsletter mai 2023 Interview de Stéphanie Osmont, directrice de l&rsquo;innovation sociale et environnementale &#8211; Groupe La Poste Newsletter avril 2023 Edito d&rsquo;Angélique Delahaye, présidente [&hellip;]</p>
