{"id":720,"date":"2023-02-14T17:26:38","date_gmt":"2023-02-14T16:26:38","guid":{"rendered":"https:\/\/www.solaal.org\/centre-val-de-loire\/?page_id=720"},"modified":"2025-02-17T11:59:49","modified_gmt":"2025-02-17T10:59:49","slug":"les-salons-et-foires","status":"publish","type":"page","link":"https:\/\/www.solaal.org\/centre-val-de-loire\/nos-missions-nos-actions\/les-salons-et-foires\/","title":{"rendered":"Salons et foires"},"content":{"rendered":"\n<div class=\"wp-block-cover is-light\"><span aria-hidden=\"true\" class=\"wp-block-cover__background has-background-dim\" style=\"background-color:#9ba2a1\"><\/span><img loading=\"lazy\" decoding=\"async\" width=\"1200\" height=\"900\" class=\"wp-block-cover__image-background wp-image-1167\" alt=\"\" src=\"https:\/\/www.solaal.org\/centre-val-de-loire\/wp-content\/uploads\/sites\/30\/2025\/02\/20240921_163242.jpg\" data-object-fit=\"cover\" srcset=\"https:\/\/www.solaal.org\/centre-val-de-loire\/wp-content\/uploads\/sites\/30\/2025\/02\/20240921_163242.jpg 1200w, https:\/\/www.solaal.org\/centre-val-de-loire\/wp-content\/uploads\/sites\/30\/2025\/02\/20240921_163242-300x225.jpg 300w, https:\/\/www.solaal.org\/centre-val-de-loire\/wp-content\/uploads\/sites\/30\/2025\/02\/20240921_163242-1024x768.jpg 1024w, https:\/\/www.solaal.org\/centre-val-de-loire\/wp-content\/uploads\/sites\/30\/2025\/02\/20240921_163242-768x576.jpg 768w\" sizes=\"auto, (max-width: 1200px) 100vw, 1200px\" \/><div class=\"wp-block-cover__inner-container is-layout-flow wp-block-cover-is-layout-flow\">\n<p class=\"has-text-align-center has-white-color has-text-color\" style=\"font-size:30px\">Des temps conviviaux pour sensibiliser<\/p>\n<\/div><\/div>\n\n\n\n<p>L\u2019association SOLAAL Centre-Val de Loire est pr\u00e9sente sur les salons et foires r\u00e9gionaux. L\u2019objectif est de <strong>sensibiliser <\/strong>un public cible au <strong>don agricole<\/strong> (donateurs, associations d\u2019aide alimentaire, \u00e9tablissements scolaires agricoles , \u00e9lus\u2026) et d&rsquo;attirer l&rsquo;attention du grand public sur <strong>l&rsquo;acc\u00e8s \u00e0 l&rsquo;alimentation<\/strong> et <strong>le gaspillage alimentaire<\/strong>.<br>Un quizz est propos\u00e9 aux visiteurs afin qu\u2019ils apprennent en s\u2019amusant.<\/p>\n\n\n\n<p>SOLAAL Centre-Val de Loire participe \u00e9galement au Salon de l\u2019Agriculture \u00e0 Paris avec toutes les antennes r\u00e9gionales. Chaque ann\u00e9e, SOLAAL est accueillie sur le stand de la FNSEA.<\/p>\n\n\n\n<p><\/p>\n\n\n\n<section class=\"four-img width-770\">\n\t\t<div class=\"four-img-box inner wowo fadeInUp\">\n\t\t\t<div class=\"content gallery-wrap\">\n\t\t\t\t\t\t\t\t<div class=\"block\">\n\t\t\t\t\t<a href=\"https:\/\/www.solaal.org\/centre-val-de-loire\/wp-content\/uploads\/sites\/30\/2025\/02\/WhatsApp-Image-2024-11-17-a-11.48.32_b16a1753.jpg\" data-rel=\"lightcase:myCollection\">\n\t\t\t\t\t\t<div class=\"bg-img\" style=\"background-image: url(https:\/\/www.solaal.org\/centre-val-de-loire\/wp-content\/uploads\/sites\/30\/2025\/02\/WhatsApp-Image-2024-11-17-a-11.48.32_b16a1753.jpg);\"><\/div>\n\t\t\t\t\t<\/a>\n\t\t\t\t\t\t\t\t\t\t<span>Ferme Expo Tours 2024<\/span>\n\t\t\t\t\t\t\t\t\t<\/div>\n\t\t\t\t\t\t\t\t<div class=\"block\">\n\t\t\t\t\t<div class=\"box-box\">\n\t\t\t\t\t\t\t\t\t\t\t\t<div class=\"box\">\n\t\t\t\t\t\t\t<a href=\"https:\/\/www.solaal.org\/centre-val-de-loire\/wp-content\/uploads\/sites\/30\/2025\/02\/WhatsApp-Image-2024-09-24-a-10.02.55_a5e72e18.jpg\" data-rel=\"lightcase:myCollection\">\n\t\t\t\t\t\t\t<div class=\"bg-img\" style=\"background-image: url(https:\/\/www.solaal.org\/centre-val-de-loire\/wp-content\/uploads\/sites\/30\/2025\/02\/WhatsApp-Image-2024-09-24-a-10.02.55_a5e72e18.jpg);\"><\/div>\n\t\t\t\t\t\t\t<\/a>\n\t\t\t\t\t\t\t\t\t\t\t\t\t\t<span>Bourges se fait Bio 2024<\/span>\n\t\t\t\t\t\t\t\t\t\t\t\t\t<\/div>\n\t\t\t\t\t\t\t\t\t\t\t\t<div class=\"box\">\n\t\t\t\t\t\t\t<a href=\"https:\/\/www.solaal.org\/centre-val-de-loire\/wp-content\/uploads\/sites\/30\/2025\/02\/20240915_160958.jpg\" data-rel=\"lightcase:myCollection\">\n\t\t\t\t\t\t\t<div class=\"bg-img\" style=\"background-image: url(https:\/\/www.solaal.org\/centre-val-de-loire\/wp-content\/uploads\/sites\/30\/2025\/02\/20240915_160958.jpg);\"><\/div>\n\t\t\t\t\t\t\t<\/a>\n\t\t\t\t\t\t\t\t\t\t\t\t\t\t<span>Festi&rsquo;Campagne 2024<\/span>\n\t\t\t\t\t\t\t\t\t\t\t\t\t<\/div>\n\t\t\t\t\t\t\t\t\t\t\t\t<div class=\"box\">\n\t\t\t\t\t\t\t<a href=\"https:\/\/www.solaal.org\/centre-val-de-loire\/wp-content\/uploads\/sites\/30\/2025\/02\/20241118_Du-champs-a-lassiette-18-carre.jpg\" data-rel=\"lightcase:myCollection\">\n\t\t\t\t\t\t\t<div class=\"bg-img\" style=\"background-image: url(https:\/\/www.solaal.org\/centre-val-de-loire\/wp-content\/uploads\/sites\/30\/2025\/02\/20241118_Du-champs-a-lassiette-18-carre.jpg);\"><\/div>\n\t\t\t\t\t\t\t<\/a>\n\t\t\t\t\t\t\t\t\t\t\t\t\t\t<span>Du Champ \u00e0 l&rsquo;assiette, Bourges 2024<\/span>\n\t\t\t\t\t\t\t\t\t\t\t\t\t<\/div>\n\t\t\t\t\t\t\t\t\t\t\t<\/div>\n\t\t\t\t\t\n\t\t\t\t<\/div>\n\t\t\t<\/div>\n\t\t<\/div>\n\t<\/section>","protected":false},"excerpt":{"rendered":"<p>L\u2019association SOLAAL Centre-Val de Loire est pr\u00e9sente sur les salons et foires r\u00e9gionaux. L\u2019objectif est de sensibiliser un public cible au don agricole (donateurs, associations d\u2019aide alimentaire, \u00e9tablissements scolaires agricoles , \u00e9lus\u2026) et d&rsquo;attirer l&rsquo;attention du grand public sur l&rsquo;acc\u00e8s \u00e0 l&rsquo;alimentation et le gaspillage alimentaire.Un quizz est propos\u00e9 aux visiteurs afin qu\u2019ils apprennent en [&hellip;]<\/p>\n","protected":false},"author":20,"featured_media":0,"parent":451,"menu_order":5,"comment_status":"closed","ping_status":"closed","template":"","meta":{"_acf_changed":false,"inline_featured_image":false,"footnotes":""},"class_list":["post-720","page","type-page","status-publish","hentry"],"acf":[],"_links":{"self":[{"href":"https:\/\/www.solaal.org\/centre-val-de-loire\/wp-json\/wp\/v2\/pages\/720","targetHints":{"allow":["GET"]}}],"collection":[{"href":"https:\/\/www.solaal.org\/centre-val-de-loire\/wp-json\/wp\/v2\/pages"}],"about":[{"href":"https:\/\/www.solaal.org\/centre-val-de-loire\/wp-json\/wp\/v2\/types\/page"}],"author":[{"embeddable":true,"href":"https:\/\/www.solaal.org\/centre-val-de-loire\/wp-json\/wp\/v2\/users\/20"}],"replies":[{"embeddable":true,"href":"https:\/\/www.solaal.org\/centre-val-de-loire\/wp-json\/wp\/v2\/comments?post=720"}],"version-history":[{"count":12,"href":"https:\/\/www.solaal.org\/centre-val-de-loire\/wp-json\/wp\/v2\/pages\/720\/revisions"}],"predecessor-version":[{"id":1174,"href":"https:\/\/www.solaal.org\/centre-val-de-loire\/wp-json\/wp\/v2\/pages\/720\/revisions\/1174"}],"up":[{"embeddable":true,"href":"https:\/\/www.solaal.org\/centre-val-de-loire\/wp-json\/wp\/v2\/pages\/451"}],"wp:attachment":[{"href":"https:\/\/www.solaal.org\/centre-val-de-loire\/wp-json\/wp\/v2\/media?parent=720"}],"curies":[{"name":"wp","href":"https:\/\/api.w.org\/{rel}","templated":true}]}}

<div class="wp-block-cover is-light"><span aria-hidden="true" class="wp-block-cover__background has-background-dim" style="background-color:#9ba2a1"></span><img loading="lazy" decoding="async" width="1200" height="900" class="wp-block-cover__image-background wp-image-1167" alt="" src="https://www.solaal.org/centre-val-de-loire/wp-content/uploads/sites/30/2025/02/20240921_163242.jpg" data-object-fit="cover" srcset="https://www.solaal.org/centre-val-de-loire/wp-content/uploads/sites/30/2025/02/20240921_163242.jpg 1200w, https://www.solaal.org/centre-val-de-loire/wp-content/uploads/sites/30/2025/02/20240921_163242-300x225.jpg 300w, https://www.solaal.org/centre-val-de-loire/wp-content/uploads/sites/30/2025/02/20240921_163242-1024x768.jpg 1024w, https://www.solaal.org/centre-val-de-loire/wp-content/uploads/sites/30/2025/02/20240921_163242-768x576.jpg 768w" sizes="auto, (max-width: 1200px) 100vw, 1200px" /><div class="wp-block-cover__inner-container is-layout-flow wp-block-cover-is-layout-flow">
<p class="has-text-align-center has-white-color has-text-color" style="font-size:30px">Des temps conviviaux pour sensibiliser</p>
</div></div>



<p>L’association SOLAAL Centre-Val de Loire est présente sur les salons et foires régionaux. L’objectif est de <strong>sensibiliser </strong>un public cible au <strong>don agricole</strong> (donateurs, associations d’aide alimentaire, établissements scolaires agricoles , élus…) et d&rsquo;attirer l&rsquo;attention du grand public sur <strong>l&rsquo;accès à l&rsquo;alimentation</strong> et <strong>le gaspillage alimentaire</strong>.<br>Un quizz est proposé aux visiteurs afin qu’ils apprennent en s’amusant.</p>



<p>SOLAAL Centre-Val de Loire participe également au Salon de l’Agriculture à Paris avec toutes les antennes régionales. Chaque année, SOLAAL est accueillie sur le stand de la FNSEA.</p>



<p></p>



<section class="four-img width-770">
		<div class="four-img-box inner wowo fadeInUp">
			<div class="content gallery-wrap">
								<div class="block">
					<a href="https://www.solaal.org/centre-val-de-loire/wp-content/uploads/sites/30/2025/02/WhatsApp-Image-2024-11-17-a-11.48.32_b16a1753.jpg" data-rel="lightcase:myCollection">
						<div class="bg-img" style="background-image: url(https://www.solaal.org/centre-val-de-loire/wp-content/uploads/sites/30/2025/02/WhatsApp-Image-2024-11-17-a-11.48.32_b16a1753.jpg);"></div>
					</a>
										<span>Ferme Expo Tours 2024</span>
									</div>
								<div class="block">
					<div class="box-box">
												<div class="box">
							<a href="https://www.solaal.org/centre-val-de-loire/wp-content/uploads/sites/30/2025/02/WhatsApp-Image-2024-09-24-a-10.02.55_a5e72e18.jpg" data-rel="lightcase:myCollection">
							<div class="bg-img" style="background-image: url(https://www.solaal.org/centre-val-de-loire/wp-content/uploads/sites/30/2025/02/WhatsApp-Image-2024-09-24-a-10.02.55_a5e72e18.jpg);"></div>
							</a>
														<span>Bourges se fait Bio 2024</span>
													</div>
												<div class="box">
							<a href="https://www.solaal.org/centre-val-de-loire/wp-content/uploads/sites/30/2025/02/20240915_160958.jpg" data-rel="lightcase:myCollection">
							<div class="bg-img" style="background-image: url(https://www.solaal.org/centre-val-de-loire/wp-content/uploads/sites/30/2025/02/20240915_160958.jpg);"></div>
							</a>
														<span>Festi&rsquo;Campagne 2024</span>
													</div>
												<div class="box">
							<a href="https://www.solaal.org/centre-val-de-loire/wp-content/uploads/sites/30/2025/02/20241118_Du-champs-a-lassiette-18-carre.jpg" data-rel="lightcase:myCollection">
							<div class="bg-img" style="background-image: url(https://www.solaal.org/centre-val-de-loire/wp-content/uploads/sites/30/2025/02/20241118_Du-champs-a-lassiette-18-carre.jpg);"></div>
							</a>
														<span>Du Champ à l&rsquo;assiette, Bourges 2024</span>
													</div>
											</div>
					
				</div>
			</div>
		</div>
	</section>

<p>L’association SOLAAL Centre-Val de Loire est présente sur les salons et foires régionaux. L’objectif est de sensibiliser un public cible au don agricole (donateurs, associations d’aide alimentaire, établissements scolaires agricoles , élus…) et d&rsquo;attirer l&rsquo;attention du grand public sur l&rsquo;accès à l&rsquo;alimentation et le gaspillage alimentaire.Un quizz est proposé aux visiteurs afin qu’ils apprennent en [&hellip;]</p>
