{"id":708,"date":"2023-02-14T16:59:11","date_gmt":"2023-02-14T15:59:11","guid":{"rendered":"https:\/\/www.solaal.org\/centre-val-de-loire\/?page_id=708"},"modified":"2025-02-17T12:07:24","modified_gmt":"2025-02-17T11:07:24","slug":"les-projets-alimentaires-territoriaux","status":"publish","type":"page","link":"https:\/\/www.solaal.org\/centre-val-de-loire\/nos-missions-nos-actions\/les-projets-alimentaires-territoriaux\/","title":{"rendered":"Projets alimentaires territoriaux"},"content":{"rendered":"\n<div class=\"wp-block-cover\"><span aria-hidden=\"true\" class=\"wp-block-cover__background has-background-dim\" style=\"background-color:#756b67\"><\/span><img loading=\"lazy\" decoding=\"async\" width=\"1191\" height=\"906\" class=\"wp-block-cover__image-background wp-image-1176\" alt=\"\" src=\"https:\/\/www.solaal.org\/centre-val-de-loire\/wp-content\/uploads\/sites\/30\/2025\/02\/WhatsApp-Image-2024-09-10-a-16.30.09_62556973.2.jpg\" data-object-fit=\"cover\" srcset=\"https:\/\/www.solaal.org\/centre-val-de-loire\/wp-content\/uploads\/sites\/30\/2025\/02\/WhatsApp-Image-2024-09-10-a-16.30.09_62556973.2.jpg 1191w, https:\/\/www.solaal.org\/centre-val-de-loire\/wp-content\/uploads\/sites\/30\/2025\/02\/WhatsApp-Image-2024-09-10-a-16.30.09_62556973.2-300x228.jpg 300w, https:\/\/www.solaal.org\/centre-val-de-loire\/wp-content\/uploads\/sites\/30\/2025\/02\/WhatsApp-Image-2024-09-10-a-16.30.09_62556973.2-1024x779.jpg 1024w, https:\/\/www.solaal.org\/centre-val-de-loire\/wp-content\/uploads\/sites\/30\/2025\/02\/WhatsApp-Image-2024-09-10-a-16.30.09_62556973.2-768x584.jpg 768w\" sizes=\"auto, (max-width: 1191px) 100vw, 1191px\" \/><div class=\"wp-block-cover__inner-container is-layout-flow wp-block-cover-is-layout-flow\">\n<p class=\"has-text-align-center has-white-color has-text-color\" style=\"font-size:30px\">Agir au c\u0153ur des territoires<\/p>\n<\/div><\/div>\n\n\n\n<p><strong>SOLAAL Centre-Val de Loire participe aux projets alimentaires territoriaux sur toute la r\u00e9gion. L\u2019objectif est de conna\u00eetre les territoires et les acteurs locaux afin que l\u2019association adapte ses actions en fonction des besoins des producteurs et des associations d\u2019aide alimentaire \u00e0 l\u2019\u00e9chelle locale.<\/strong><\/p>\n\n\n\n<section class=\"wp-block-title-c\">\n\t<h2>Qu&rsquo;est-ce qu&rsquo;un projet alimentaire territorial ?<\/h2>\n<\/section>\n\n\n<p>Selon le Minist\u00e8re de l\u2019Agriculture et de la Souverainet\u00e9 Alimentaire, les&nbsp;<a href=\"http:\/\/agriculture.gouv.fr\/comment-construire-son-projet-alimentaire-territorial\" target=\"_blank\" rel=\"noreferrer noopener\">projets alimentaires territoriaux<\/a>&nbsp;(P.A.T) ont pour objectif de<strong> relocaliser<\/strong> l\u2019agriculture et l\u2019alimentation dans les territoires en soutenant <strong>l\u2019installation<\/strong> d\u2019agriculteurs, les <strong>circuits courts<\/strong> ou les <strong>produits locaux<\/strong> dans la restauration collective. Issus de la Loi d\u2019avenir pour l\u2019agriculture qui encourage leur d\u00e9veloppement depuis 2014, ils sont \u00e9labor\u00e9s de mani\u00e8re collective \u00e0 l\u2019initiative des acteurs d\u2019un territoire (collectivit\u00e9s, entreprises agricoles et agroalimentaires, artisans, citoyens etc.).<br>Ce sont des d\u00e9marches de terrain, volontaires, collectives. C\u2019est un rassemblement des acteurs int\u00e9ress\u00e9s par la question de l\u2019alimentation, qui se regroupent, qui \u00e9tablissent un diagnostic du territoire et qui cherchent et mettent en \u0153uvre des solutions concr\u00e8tes pour r\u00e9pondre \u00e0 des probl\u00e9matiques locales.<\/p>\n\n\n\n<section class=\"wp-block-title-c\">\n\t<h2>Comment SOLAAL Centre-Val de Loire y participe ?<\/h2>\n<\/section>\n\n\n<p>SOLAAL Centre-Val de Loire apporte son expertise sur l\u2019approvisionnement en produits frais des associations d\u2019aide alimentaire par le don des invendus sains, loyaux et consommables des producteurs locaux. L\u2019association peut participer \u00e0 deux ateliers en particulier :&nbsp;<strong>lutte contre le gaspillage alimentaire et accessibilit\u00e9 aux produits locaux aupr\u00e8s des publics en pr\u00e9carit\u00e9 alimentaire<\/strong>.<\/p>\n\n\n\n<p>SOLAAL Centre-Val de Loire vous aide \u00e9galement dans l\u2019organisation d\u2019actions autour de la solidarit\u00e9 comme par exemple :<\/p>\n\n\n\n<ul class=\"wp-block-list\">\n<li><a href=\"https:\/\/www.solaal.org\/centre-val-de-loire\/nos-missions-nos-actions\/le-glanage-solidaire\/\"><strong>Glanage solidaire<\/strong><\/a><\/li>\n\n\n\n<li>Promotion du don agricole aupr\u00e8s des parties prenantes*<\/li>\n\n\n\n<li><strong>Interventions de sensibilisation dans les \u00e9tablissements scolaires<\/strong><\/li>\n\n\n\n<li>Visite d\u2019associations d\u2019aide alimentaire<\/li>\n\n\n\n<li>Visite d\u2019entreprises agricole et\/ou agroalimentaire \u00ab&nbsp;donatrice&nbsp;\u00bb<\/li>\n\n\n\n<li>Bilan des dons sur votre territoire<\/li>\n\n\n\n<li>Etc.<\/li>\n<\/ul>\n\n\n\n<p>*\u00e9lus, donateurs, associations<\/p>\n\n\n\n<p>Contactez-nous pour nous convier aux ateliers de travail et\/ou mettre en place ce type d\u2019actions sur votre territoire.<\/p>\n\n\n\n\t<div class=\"wp-block-button-two\">\n\t\t<a href=\"https:\/\/www.solaal.org\/centre-val-de-loire\/contact\/\" target=\"_self\"><i><\/i>Contacter l&rsquo;\u00e9quipe <\/a>\n\t<\/div>","protected":false},"excerpt":{"rendered":"<p>SOLAAL Centre-Val de Loire participe aux projets alimentaires territoriaux sur toute la r\u00e9gion. L\u2019objectif est de conna\u00eetre les territoires et les acteurs locaux afin que l\u2019association adapte ses actions en fonction des besoins des producteurs et des associations d\u2019aide alimentaire \u00e0 l\u2019\u00e9chelle locale. Selon le Minist\u00e8re de l\u2019Agriculture et de la Souverainet\u00e9 Alimentaire, les&nbsp;projets alimentaires [&hellip;]<\/p>\n","protected":false},"author":20,"featured_media":0,"parent":451,"menu_order":4,"comment_status":"closed","ping_status":"closed","template":"","meta":{"_acf_changed":false,"inline_featured_image":false,"footnotes":""},"class_list":["post-708","page","type-page","status-publish","hentry"],"acf":[],"_links":{"self":[{"href":"https:\/\/www.solaal.org\/centre-val-de-loire\/wp-json\/wp\/v2\/pages\/708","targetHints":{"allow":["GET"]}}],"collection":[{"href":"https:\/\/www.solaal.org\/centre-val-de-loire\/wp-json\/wp\/v2\/pages"}],"about":[{"href":"https:\/\/www.solaal.org\/centre-val-de-loire\/wp-json\/wp\/v2\/types\/page"}],"author":[{"embeddable":true,"href":"https:\/\/www.solaal.org\/centre-val-de-loire\/wp-json\/wp\/v2\/users\/20"}],"replies":[{"embeddable":true,"href":"https:\/\/www.solaal.org\/centre-val-de-loire\/wp-json\/wp\/v2\/comments?post=708"}],"version-history":[{"count":10,"href":"https:\/\/www.solaal.org\/centre-val-de-loire\/wp-json\/wp\/v2\/pages\/708\/revisions"}],"predecessor-version":[{"id":1178,"href":"https:\/\/www.solaal.org\/centre-val-de-loire\/wp-json\/wp\/v2\/pages\/708\/revisions\/1178"}],"up":[{"embeddable":true,"href":"https:\/\/www.solaal.org\/centre-val-de-loire\/wp-json\/wp\/v2\/pages\/451"}],"wp:attachment":[{"href":"https:\/\/www.solaal.org\/centre-val-de-loire\/wp-json\/wp\/v2\/media?parent=708"}],"curies":[{"name":"wp","href":"https:\/\/api.w.org\/{rel}","templated":true}]}}

<div class="wp-block-cover"><span aria-hidden="true" class="wp-block-cover__background has-background-dim" style="background-color:#756b67"></span><img loading="lazy" decoding="async" width="1191" height="906" class="wp-block-cover__image-background wp-image-1176" alt="" src="https://www.solaal.org/centre-val-de-loire/wp-content/uploads/sites/30/2025/02/WhatsApp-Image-2024-09-10-a-16.30.09_62556973.2.jpg" data-object-fit="cover" srcset="https://www.solaal.org/centre-val-de-loire/wp-content/uploads/sites/30/2025/02/WhatsApp-Image-2024-09-10-a-16.30.09_62556973.2.jpg 1191w, https://www.solaal.org/centre-val-de-loire/wp-content/uploads/sites/30/2025/02/WhatsApp-Image-2024-09-10-a-16.30.09_62556973.2-300x228.jpg 300w, https://www.solaal.org/centre-val-de-loire/wp-content/uploads/sites/30/2025/02/WhatsApp-Image-2024-09-10-a-16.30.09_62556973.2-1024x779.jpg 1024w, https://www.solaal.org/centre-val-de-loire/wp-content/uploads/sites/30/2025/02/WhatsApp-Image-2024-09-10-a-16.30.09_62556973.2-768x584.jpg 768w" sizes="auto, (max-width: 1191px) 100vw, 1191px" /><div class="wp-block-cover__inner-container is-layout-flow wp-block-cover-is-layout-flow">
<p class="has-text-align-center has-white-color has-text-color" style="font-size:30px">Agir au cœur des territoires</p>
</div></div>



<p><strong>SOLAAL Centre-Val de Loire participe aux projets alimentaires territoriaux sur toute la région. L’objectif est de connaître les territoires et les acteurs locaux afin que l’association adapte ses actions en fonction des besoins des producteurs et des associations d’aide alimentaire à l’échelle locale.</strong></p>



<section class="wp-block-title-c">
	<h2>Qu&rsquo;est-ce qu&rsquo;un projet alimentaire territorial ?</h2>
</section>


<p>Selon le Ministère de l’Agriculture et de la Souveraineté Alimentaire, les&nbsp;<a href="http://agriculture.gouv.fr/comment-construire-son-projet-alimentaire-territorial" target="_blank" rel="noreferrer noopener">projets alimentaires territoriaux</a>&nbsp;(P.A.T) ont pour objectif de<strong> relocaliser</strong> l’agriculture et l’alimentation dans les territoires en soutenant <strong>l’installation</strong> d’agriculteurs, les <strong>circuits courts</strong> ou les <strong>produits locaux</strong> dans la restauration collective. Issus de la Loi d’avenir pour l’agriculture qui encourage leur développement depuis 2014, ils sont élaborés de manière collective à l’initiative des acteurs d’un territoire (collectivités, entreprises agricoles et agroalimentaires, artisans, citoyens etc.).<br>Ce sont des démarches de terrain, volontaires, collectives. C’est un rassemblement des acteurs intéressés par la question de l’alimentation, qui se regroupent, qui établissent un diagnostic du territoire et qui cherchent et mettent en œuvre des solutions concrètes pour répondre à des problématiques locales.</p>



<section class="wp-block-title-c">
	<h2>Comment SOLAAL Centre-Val de Loire y participe ?</h2>
</section>


<p>SOLAAL Centre-Val de Loire apporte son expertise sur l’approvisionnement en produits frais des associations d’aide alimentaire par le don des invendus sains, loyaux et consommables des producteurs locaux. L’association peut participer à deux ateliers en particulier :&nbsp;<strong>lutte contre le gaspillage alimentaire et accessibilité aux produits locaux auprès des publics en précarité alimentaire</strong>.</p>



<p>SOLAAL Centre-Val de Loire vous aide également dans l’organisation d’actions autour de la solidarité comme par exemple :</p>



<ul class="wp-block-list">
<li><a href="https://www.solaal.org/centre-val-de-loire/nos-missions-nos-actions/le-glanage-solidaire/"><strong>Glanage solidaire</strong></a></li>



<li>Promotion du don agricole auprès des parties prenantes*</li>



<li><strong>Interventions de sensibilisation dans les établissements scolaires</strong></li>



<li>Visite d’associations d’aide alimentaire</li>



<li>Visite d’entreprises agricole et/ou agroalimentaire «&nbsp;donatrice&nbsp;»</li>



<li>Bilan des dons sur votre territoire</li>



<li>Etc.</li>
</ul>



<p>*élus, donateurs, associations</p>



<p>Contactez-nous pour nous convier aux ateliers de travail et/ou mettre en place ce type d’actions sur votre territoire.</p>



	<div class="wp-block-button-two">
		<a href="https://www.solaal.org/centre-val-de-loire/contact/" target="_self"><i></i>Contacter l&rsquo;équipe </a>
	</div>

<p>SOLAAL Centre-Val de Loire participe aux projets alimentaires territoriaux sur toute la région. L’objectif est de connaître les territoires et les acteurs locaux afin que l’association adapte ses actions en fonction des besoins des producteurs et des associations d’aide alimentaire à l’échelle locale. Selon le Ministère de l’Agriculture et de la Souveraineté Alimentaire, les&nbsp;projets alimentaires [&hellip;]</p>
