{"id":884,"date":"2022-09-12T18:59:29","date_gmt":"2022-09-12T16:59:29","guid":{"rendered":"https:\/\/www.solaal.org\/bretagne\/?page_id=884"},"modified":"2022-09-12T19:01:52","modified_gmt":"2022-09-12T17:01:52","slug":"quels-produits-donner","status":"publish","type":"page","link":"https:\/\/www.solaal.org\/bretagne\/vous-souhaitez-faire-un-don\/quels-produits-donner\/","title":{"rendered":"Quels produits donner ?"},"content":{"rendered":"\n<div class=\"wp-block-cover is-light\"><span aria-hidden=\"true\" class=\"wp-block-cover__background has-background-dim\"><\/span><img loading=\"lazy\" decoding=\"async\" width=\"1200\" height=\"800\" class=\"wp-block-cover__image-background wp-image-809\" alt=\"\" src=\"https:\/\/www.solaal.org\/bretagne\/wp-content\/uploads\/sites\/28\/2022\/08\/tomates_solarenn.jpg\" data-object-fit=\"cover\" srcset=\"https:\/\/www.solaal.org\/bretagne\/wp-content\/uploads\/sites\/28\/2022\/08\/tomates_solarenn.jpg 1200w, https:\/\/www.solaal.org\/bretagne\/wp-content\/uploads\/sites\/28\/2022\/08\/tomates_solarenn-300x200.jpg 300w, https:\/\/www.solaal.org\/bretagne\/wp-content\/uploads\/sites\/28\/2022\/08\/tomates_solarenn-1024x683.jpg 1024w, https:\/\/www.solaal.org\/bretagne\/wp-content\/uploads\/sites\/28\/2022\/08\/tomates_solarenn-768x512.jpg 768w\" sizes=\"auto, (max-width: 1200px) 100vw, 1200px\" \/><div class=\"wp-block-cover__inner-container is-layout-flow wp-block-cover-is-layout-flow\">\n<p class=\"has-text-align-center has-white-color has-text-color has-large-font-size\"><strong>Tout ce qui est sain, consommable et loyal<\/strong> <\/p>\n\n\n\n<p class=\"has-text-align-center has-white-color has-text-color has-large-font-size\"><strong>peut \u00eatre donn\u00e9<\/strong><\/p>\n<\/div><\/div>\n\n\n\n<section class=\"wp-block-title-c\">\n\t<h2>Je suis agriculteur, qu&rsquo;est-ce que je peux donner ? <\/h2>\n<\/section>\n\n\n<p style=\"font-size:18px\">Vous \u00eates situ\u00e9s dans la fili\u00e8re <strong>des fruits et l\u00e9gumes,<\/strong> vous pouvez donner les produits hors calibres, invendus, les refus d&rsquo;agr\u00e9age;  les produits transform\u00e9s avec une DDM r\u00e9duite, des produits avec un probl\u00e8me d&rsquo;\u00e9tiquetage. <\/p>\n\n\n\n<section class=\"fiches-par-produits  list-two\">\n\t\t<div class=\"fiches-par-produits-box inner wowo fadeInUp\">\n\t\t\n\t\t\t<div class=\"content\">\n\t\t\t\t\t\t\t\t<div class=\"block\">\n\t\t\t\t\t<div class=\"img\">\n\t\t\t\t\t\t<img decoding=\"async\" src=\"https:\/\/www.solaal.org\/bretagne\/wp-content\/uploads\/sites\/28\/2022\/09\/admin-ajax-1.png\" alt=\"\" \/>\n\t\t\t\t\t<\/div>\n\t\t\t\t\t<div class=\"text\">\n\t\t\t\t\t\t<p>\n\t\t\t\t\t\t\t\t\t\t\t\t\t\t<span>Fruits et l\u00e9gumes transform\u00e9s<\/span>\n\t\t\t\t\t\t\t\t\t\t\t\t\t<\/p>\n\t\t\t\t\t<\/div>\n\t\t\t\t<\/div>\n\t\t\t\t\t\t\t\t\t\t\t\t<div class=\"block\">\n\t\t\t\t\t<div class=\"img\">\n\t\t\t\t\t\t<img decoding=\"async\" src=\"https:\/\/www.solaal.org\/bretagne\/wp-content\/uploads\/sites\/28\/2022\/09\/admin-ajax.png\" alt=\"\" \/>\n\t\t\t\t\t<\/div>\n\t\t\t\t\t<div class=\"text\">\n\t\t\t\t\t\t<p>\n\t\t\t\t\t\t\t\t\t\t\t\t\t\t<span>Fruits et l\u00e9gumes<\/span>\n\t\t\t\t\t\t\t\t\t\t\t\t\t<\/p>\n\t\t\t\t\t<\/div>\n\t\t\t\t<\/div>\n\t\t\t\t\t\t\t\t\t\t\t<\/div>\n\t\t<\/div>\n\t<\/section>\n\n\n<p>Vous \u00eates dans la fili\u00e8re <strong>polyculture \u00e9levage <\/strong>et\/ou vous <strong>vendez \u00e0 la ferme<\/strong>, sachez que vous pouvez donner dans les deux cas. Retrouvez les produits que vous pouvez donner juste ici et on vous explique comment faire : <\/p>\n\n\n\n<section class=\"fiches-par-produits  list-three\">\n\t\t<div class=\"fiches-par-produits-box inner wowo fadeInUp\">\n\t\t\n\t\t\t<div class=\"content\">\n\t\t\t\t\t\t\t\t<div class=\"block\">\n\t\t\t\t\t<div class=\"img\">\n\t\t\t\t\t\t<img decoding=\"async\" src=\"https:\/\/www.solaal.org\/bretagne\/wp-content\/uploads\/sites\/28\/2022\/09\/admin-ajax-2.png\" alt=\"\" \/>\n\t\t\t\t\t<\/div>\n\t\t\t\t\t<div class=\"text\">\n\t\t\t\t\t\t<p>\n\t\t\t\t\t\t\t\t\t\t\t\t\t\t<span>Viande<\/span>\n\t\t\t\t\t\t\t\t\t\t\t\t\t<\/p>\n\t\t\t\t\t<\/div>\n\t\t\t\t<\/div>\n\t\t\t\t\t\t\t\t\t\t\t\t<div class=\"block\">\n\t\t\t\t\t<div class=\"img\">\n\t\t\t\t\t\t<img decoding=\"async\" src=\"https:\/\/www.solaal.org\/bretagne\/wp-content\/uploads\/sites\/28\/2022\/09\/admin-ajax-3.png\" alt=\"\" \/>\n\t\t\t\t\t<\/div>\n\t\t\t\t\t<div class=\"text\">\n\t\t\t\t\t\t<p>\n\t\t\t\t\t\t\t\t\t\t\t\t\t\t<span>Produits laitiers<\/span>\n\t\t\t\t\t\t\t\t\t\t\t\t\t<\/p>\n\t\t\t\t\t<\/div>\n\t\t\t\t<\/div>\n\t\t\t\t\t\t\t\t\t\t\t\t<div class=\"block\">\n\t\t\t\t\t<div class=\"img\">\n\t\t\t\t\t\t<img decoding=\"async\" src=\"https:\/\/www.solaal.org\/bretagne\/wp-content\/uploads\/sites\/28\/2022\/09\/admin-ajax-4.png\" alt=\"\" \/>\n\t\t\t\t\t<\/div>\n\t\t\t\t\t<div class=\"text\">\n\t\t\t\t\t\t<p>\n\t\t\t\t\t\t\t\t\t\t\t\t\t\t<span>\u0152ufs<\/span>\n\t\t\t\t\t\t\t\t\t\t\t\t\t<\/p>\n\t\t\t\t\t<\/div>\n\t\t\t\t<\/div>\n\t\t\t\t\t\t\t\t\t\t\t<\/div>\n\t\t<\/div>\n\t<\/section>\n\n\n<section class=\"fiches-par-produits  list-two\">\n\t\t<div class=\"fiches-par-produits-box inner wowo fadeInUp\">\n\t\t\n\t\t\t<div class=\"content\">\n\t\t\t\t\t\t\t\t<div class=\"block\">\n\t\t\t\t\t<div class=\"img\">\n\t\t\t\t\t\t<img decoding=\"async\" src=\"https:\/\/www.solaal.org\/bretagne\/wp-content\/uploads\/sites\/28\/2022\/09\/admin-ajax-5.png\" alt=\"\" \/>\n\t\t\t\t\t<\/div>\n\t\t\t\t\t<div class=\"text\">\n\t\t\t\t\t\t<p>\n\t\t\t\t\t\t\t\t\t\t\t\t\t\t<span>Produits transform\u00e9s \u00e0 la ferme<\/span>\n\t\t\t\t\t\t\t\t\t\t\t\t\t<\/p>\n\t\t\t\t\t<\/div>\n\t\t\t\t<\/div>\n\t\t\t\t\t\t\t\t\t\t\t\t<div class=\"block\">\n\t\t\t\t\t<div class=\"img\">\n\t\t\t\t\t\t<img decoding=\"async\" src=\"https:\/\/www.solaal.org\/bretagne\/wp-content\/uploads\/sites\/28\/2022\/09\/admin-ajax-6.png\" alt=\"\" \/>\n\t\t\t\t\t<\/div>\n\t\t\t\t\t<div class=\"text\">\n\t\t\t\t\t\t<p>\n\t\t\t\t\t\t\t\t\t\t\t\t\t\t<span>Les grandes cultures <\/span>\n\t\t\t\t\t\t\t\t\t\t\t\t\t<\/p>\n\t\t\t\t\t<\/div>\n\t\t\t\t<\/div>\n\t\t\t\t\t\t\t\t\t\t\t<\/div>\n\t\t<\/div>\n\t<\/section>\n\n\n<section class=\"wp-block-title-c\">\n\t<h2>Je donne, quelle responsabilit\u00e9 est engag\u00e9e ?<\/h2>\n<\/section>\n\n\n<p>Retrouvez ici les conditions permettant de donner, pour rappel tout produit <strong>sain<\/strong>, <strong>consommable<\/strong> et l<strong>oyal <\/strong>peut \u00eatre donn\u00e9.<\/p>\n\n\n\n<section class=\"fiches-par-produits  list-two\">\n\t\t<div class=\"fiches-par-produits-box inner wowo fadeInUp\">\n\t\t\n\t\t\t<div class=\"content\">\n\t\t\t\t\t\t\t\t<div class=\"block\">\n\t\t\t\t\t<div class=\"img\">\n\t\t\t\t\t\t<img decoding=\"async\" src=\"https:\/\/www.solaal.org\/bretagne\/wp-content\/uploads\/sites\/28\/2022\/05\/23.svg\" alt=\"\" \/>\n\t\t\t\t\t<\/div>\n\t\t\t\t\t<div class=\"text\">\n\t\t\t\t\t\t<p>\n\t\t\t\t\t\t\t\t\t\t\t\t\t\t<span>Quels produits donner ?<\/span>\n\t\t\t\t\t\t\t\t\t\t\t\t\t<\/p>\n\t\t\t\t\t<\/div>\n\t\t\t\t<\/div>\n\t\t\t\t\t\t\t\t\t\t\t\t<div class=\"block\">\n\t\t\t\t\t<div class=\"img\">\n\t\t\t\t\t\t<img decoding=\"async\" src=\"https:\/\/www.solaal.org\/bretagne\/wp-content\/uploads\/sites\/28\/2022\/09\/admin-ajax-7.png\" alt=\"\" \/>\n\t\t\t\t\t<\/div>\n\t\t\t\t\t<div class=\"text\">\n\t\t\t\t\t\t<p>\n\t\t\t\t\t\t\t\t\t\t\t\t\t\t<span>Etiquetage<\/span>\n\t\t\t\t\t\t\t\t\t\t\t\t\t<\/p>\n\t\t\t\t\t<\/div>\n\t\t\t\t<\/div>\n\t\t\t\t\t\t\t\t\t\t\t<\/div>\n\t\t<\/div>\n\t<\/section>\n\n\n<p>Vous avez d&rsquo;autres questions, n&rsquo;h\u00e9sitez pas \u00e0 consulter notre <a href=\"https:\/\/www.solaal.org\/pays-de-la-loire\/f-a-q-du-don-agricole\/\"><strong>F.A.Q<\/strong><\/a> ou bien \u00e0 nous <a href=\"https:\/\/www.solaal.org\/pays-de-la-loire\/contact\/\"><strong>contacter<\/strong><\/a> ! <\/p>\n\n\n\n\t<section class=\"home-alimentaire not-h2\">\n\t\t<div class=\"home-alimentaire-box inner fadeInUp\">\n\t\t\t<a class=\"content\" href=\"https:\/\/www.dons.solaal.org\" target=\"_blank\">\n\t\t\t\t<div class=\"img-p\">\n\t\t\t\t\t<img decoding=\"async\" src=\"https:\/\/www.solaal.org\/bretagne\/wp-content\/uploads\/sites\/28\/2022\/05\/add-1.png\" alt=\"\" class=\"desktop\">\n\t\t\t\t\t<img decoding=\"async\" src=\"https:\/\/www.solaal.org\/bretagne\/wp-content\/uploads\/sites\/28\/2022\/05\/16.png\" alt=\"\" class=\"mobile\">\n\t\t\t\t<\/div>\n\t\t\t\t<div class=\"text\">\n\t\t\t\t\t<h2>Anti-gaspillage alimentaire<\/h2>\n\t\t\t\t\t<h3>Vous avez des produits \u00e0 donner ? <\/h3>\n\t\t\t\t<\/div>\n\t\t\t\t<div class=\"img\">\n\t\t\t\t\t<div class=\"badge-svg\">\n\t\t\t\t\t\t<img decoding=\"async\" src=\"https:\/\/www.solaal.org\/bretagne\/wp-content\/uploads\/sites\/28\/2022\/05\/15-1.svg\" alt=\"\" \/>\n\t\t\t\t\t<\/div>\n\t\t\t\t<\/div>\n\t\t\t<\/a>\n\t\t\t<div class=\"links\">\n\t\t\t\t\t\t\t\t<a  class=\"btn btn-b btn-button\" href=\"http:\/\/www.dons.solaal.org\" target=\"_blank\"><i><\/i>Faire un don en ligne <\/a>\n\t\t\t\t\t\t\t\t<a  class=\"btn btn-b \" href=\"https:\/\/www.solaal.org\/bretagne\/contact\/\" target=\"_blank\"><i><\/i>Contactez-nous !<\/a>\n\t\t\t\t\t\t\t<\/div>\n\t\t<\/div>\n\t<\/section>","protected":false},"excerpt":{"rendered":"<p>Vous \u00eates situ\u00e9s dans la fili\u00e8re des fruits et l\u00e9gumes, vous pouvez donner les produits hors calibres, invendus, les refus d&rsquo;agr\u00e9age; les produits transform\u00e9s avec une DDM r\u00e9duite, des produits avec un probl\u00e8me d&rsquo;\u00e9tiquetage. Vous \u00eates dans la fili\u00e8re polyculture \u00e9levage et\/ou vous vendez \u00e0 la ferme, sachez que vous pouvez donner dans les deux [&hellip;]<\/p>\n","protected":false},"author":2,"featured_media":0,"parent":449,"menu_order":1,"comment_status":"closed","ping_status":"closed","template":"","meta":{"_acf_changed":false,"inline_featured_image":false,"footnotes":""},"class_list":["post-884","page","type-page","status-publish","hentry"],"acf":[],"_links":{"self":[{"href":"https:\/\/www.solaal.org\/bretagne\/wp-json\/wp\/v2\/pages\/884","targetHints":{"allow":["GET"]}}],"collection":[{"href":"https:\/\/www.solaal.org\/bretagne\/wp-json\/wp\/v2\/pages"}],"about":[{"href":"https:\/\/www.solaal.org\/bretagne\/wp-json\/wp\/v2\/types\/page"}],"author":[{"embeddable":true,"href":"https:\/\/www.solaal.org\/bretagne\/wp-json\/wp\/v2\/users\/2"}],"replies":[{"embeddable":true,"href":"https:\/\/www.solaal.org\/bretagne\/wp-json\/wp\/v2\/comments?post=884"}],"version-history":[{"count":2,"href":"https:\/\/www.solaal.org\/bretagne\/wp-json\/wp\/v2\/pages\/884\/revisions"}],"predecessor-version":[{"id":894,"href":"https:\/\/www.solaal.org\/bretagne\/wp-json\/wp\/v2\/pages\/884\/revisions\/894"}],"up":[{"embeddable":true,"href":"https:\/\/www.solaal.org\/bretagne\/wp-json\/wp\/v2\/pages\/449"}],"wp:attachment":[{"href":"https:\/\/www.solaal.org\/bretagne\/wp-json\/wp\/v2\/media?parent=884"}],"curies":[{"name":"wp","href":"https:\/\/api.w.org\/{rel}","templated":true}]}}

<div class="wp-block-cover is-light"><span aria-hidden="true" class="wp-block-cover__background has-background-dim"></span><img loading="lazy" decoding="async" width="1200" height="800" class="wp-block-cover__image-background wp-image-809" alt="" src="https://www.solaal.org/bretagne/wp-content/uploads/sites/28/2022/08/tomates_solarenn.jpg" data-object-fit="cover" srcset="https://www.solaal.org/bretagne/wp-content/uploads/sites/28/2022/08/tomates_solarenn.jpg 1200w, https://www.solaal.org/bretagne/wp-content/uploads/sites/28/2022/08/tomates_solarenn-300x200.jpg 300w, https://www.solaal.org/bretagne/wp-content/uploads/sites/28/2022/08/tomates_solarenn-1024x683.jpg 1024w, https://www.solaal.org/bretagne/wp-content/uploads/sites/28/2022/08/tomates_solarenn-768x512.jpg 768w" sizes="auto, (max-width: 1200px) 100vw, 1200px" /><div class="wp-block-cover__inner-container is-layout-flow wp-block-cover-is-layout-flow">
<p class="has-text-align-center has-white-color has-text-color has-large-font-size"><strong>Tout ce qui est sain, consommable et loyal</strong> </p>



<p class="has-text-align-center has-white-color has-text-color has-large-font-size"><strong>peut être donné</strong></p>
</div></div>



<section class="wp-block-title-c">
	<h2>Je suis agriculteur, qu&rsquo;est-ce que je peux donner ? </h2>
</section>


<p style="font-size:18px">Vous êtes situés dans la filière <strong>des fruits et légumes,</strong> vous pouvez donner les produits hors calibres, invendus, les refus d&rsquo;agréage;  les produits transformés avec une DDM réduite, des produits avec un problème d&rsquo;étiquetage. </p>



<section class="fiches-par-produits  list-two">
		<div class="fiches-par-produits-box inner wowo fadeInUp">
		
			<div class="content">
								<div class="block">
					<div class="img">
						<img decoding="async" src="https://www.solaal.org/bretagne/wp-content/uploads/sites/28/2022/09/admin-ajax-1.png" alt="" />
					</div>
					<div class="text">
						<p>
														<span>Fruits et légumes transformés</span>
													</p>
					</div>
				</div>
												<div class="block">
					<div class="img">
						<img decoding="async" src="https://www.solaal.org/bretagne/wp-content/uploads/sites/28/2022/09/admin-ajax.png" alt="" />
					</div>
					<div class="text">
						<p>
														<span>Fruits et légumes</span>
													</p>
					</div>
				</div>
											</div>
		</div>
	</section>


<p>Vous êtes dans la filière <strong>polyculture élevage </strong>et/ou vous <strong>vendez à la ferme</strong>, sachez que vous pouvez donner dans les deux cas. Retrouvez les produits que vous pouvez donner juste ici et on vous explique comment faire : </p>



<section class="fiches-par-produits  list-three">
		<div class="fiches-par-produits-box inner wowo fadeInUp">
		
			<div class="content">
								<div class="block">
					<div class="img">
						<img decoding="async" src="https://www.solaal.org/bretagne/wp-content/uploads/sites/28/2022/09/admin-ajax-2.png" alt="" />
					</div>
					<div class="text">
						<p>
														<span>Viande</span>
													</p>
					</div>
				</div>
												<div class="block">
					<div class="img">
						<img decoding="async" src="https://www.solaal.org/bretagne/wp-content/uploads/sites/28/2022/09/admin-ajax-3.png" alt="" />
					</div>
					<div class="text">
						<p>
														<span>Produits laitiers</span>
													</p>
					</div>
				</div>
												<div class="block">
					<div class="img">
						<img decoding="async" src="https://www.solaal.org/bretagne/wp-content/uploads/sites/28/2022/09/admin-ajax-4.png" alt="" />
					</div>
					<div class="text">
						<p>
														<span>Œufs</span>
													</p>
					</div>
				</div>
											</div>
		</div>
	</section>


<section class="fiches-par-produits  list-two">
		<div class="fiches-par-produits-box inner wowo fadeInUp">
		
			<div class="content">
								<div class="block">
					<div class="img">
						<img decoding="async" src="https://www.solaal.org/bretagne/wp-content/uploads/sites/28/2022/09/admin-ajax-5.png" alt="" />
					</div>
					<div class="text">
						<p>
														<span>Produits transformés à la ferme</span>
													</p>
					</div>
				</div>
												<div class="block">
					<div class="img">
						<img decoding="async" src="https://www.solaal.org/bretagne/wp-content/uploads/sites/28/2022/09/admin-ajax-6.png" alt="" />
					</div>
					<div class="text">
						<p>
														<span>Les grandes cultures </span>
													</p>
					</div>
				</div>
											</div>
		</div>
	</section>


<section class="wp-block-title-c">
	<h2>Je donne, quelle responsabilité est engagée ?</h2>
</section>


<p>Retrouvez ici les conditions permettant de donner, pour rappel tout produit <strong>sain</strong>, <strong>consommable</strong> et l<strong>oyal </strong>peut être donné.</p>



<section class="fiches-par-produits  list-two">
		<div class="fiches-par-produits-box inner wowo fadeInUp">
		
			<div class="content">
								<div class="block">
					<div class="img">
						<img decoding="async" src="https://www.solaal.org/bretagne/wp-content/uploads/sites/28/2022/05/23.svg" alt="" />
					</div>
					<div class="text">
						<p>
														<span>Quels produits donner ?</span>
													</p>
					</div>
				</div>
												<div class="block">
					<div class="img">
						<img decoding="async" src="https://www.solaal.org/bretagne/wp-content/uploads/sites/28/2022/09/admin-ajax-7.png" alt="" />
					</div>
					<div class="text">
						<p>
														<span>Etiquetage</span>
													</p>
					</div>
				</div>
											</div>
		</div>
	</section>


<p>Vous avez d&rsquo;autres questions, n&rsquo;hésitez pas à consulter notre <a href="https://www.solaal.org/pays-de-la-loire/f-a-q-du-don-agricole/"><strong>F.A.Q</strong></a> ou bien à nous <a href="https://www.solaal.org/pays-de-la-loire/contact/"><strong>contacter</strong></a> ! </p>



	<section class="home-alimentaire not-h2">
		<div class="home-alimentaire-box inner fadeInUp">
			<a class="content" href="https://www.dons.solaal.org" target="_blank">
				<div class="img-p">
					<img decoding="async" src="https://www.solaal.org/bretagne/wp-content/uploads/sites/28/2022/05/add-1.png" alt="" class="desktop">
					<img decoding="async" src="https://www.solaal.org/bretagne/wp-content/uploads/sites/28/2022/05/16.png" alt="" class="mobile">
				</div>
				<div class="text">
					<h2>Anti-gaspillage alimentaire</h2>
					<h3>Vous avez des produits à donner ? </h3>
				</div>
				<div class="img">
					<div class="badge-svg">
						<img decoding="async" src="https://www.solaal.org/bretagne/wp-content/uploads/sites/28/2022/05/15-1.svg" alt="" />
					</div>
				</div>
			</a>
			<div class="links">
								<a  class="btn btn-b btn-button" href="http://www.dons.solaal.org" target="_blank"><i></i>Faire un don en ligne </a>
								<a  class="btn btn-b " href="https://www.solaal.org/bretagne/contact/" target="_blank"><i></i>Contactez-nous !</a>
							</div>
		</div>
	</section>

<p>Vous êtes situés dans la filière des fruits et légumes, vous pouvez donner les produits hors calibres, invendus, les refus d&rsquo;agréage; les produits transformés avec une DDM réduite, des produits avec un problème d&rsquo;étiquetage. Vous êtes dans la filière polyculture élevage et/ou vous vendez à la ferme, sachez que vous pouvez donner dans les deux [&hellip;]</p>
