{"id":892,"date":"2023-12-15T13:42:26","date_gmt":"2023-12-15T12:42:26","guid":{"rendered":"https:\/\/www.solaal.org\/bourgogne-franche-comte\/?page_id=892"},"modified":"2023-12-18T13:47:40","modified_gmt":"2023-12-18T12:47:40","slug":"le-don-de-a-a-z","status":"publish","type":"page","link":"https:\/\/www.solaal.org\/bourgogne-franche-comte\/le-don-de-a-a-z\/","title":{"rendered":"Le don de A \u00e0 Z"},"content":{"rendered":"\n<p style=\"font-size:18px\">SOLAAL facilite et organise le don agricole, de l&rsquo;exploitation agricole \u00e0 l&rsquo;association destinataire en passant par la gestion logistique. SOLAAL assure \u00e9galement un service apr\u00e8s-don : retour de conditionnement consign\u00e9 ou pr\u00eat\u00e9, et aide dans votre d\u00e9claration fiscale, pour b\u00e9n\u00e9ficier de la r\u00e9duction d&rsquo;imp\u00f4t.<\/p>\n\n\n\n<h2 class=\"wp-block-heading has-text-align-center\">Le don, comment \u00e7a marche ? <\/h2>\n\n\n\n<figure class=\"wp-block-image size-full\"><img decoding=\"async\" src=\"https:\/\/www.solaal.org\/wp-content\/uploads\/2022\/07\/INFO_CommentcaMarche.png\" alt=\"\" class=\"wp-image-11396\" \/><\/figure>\n\n\n\n<section class=\"wp-block-title-c\">\n\t<h2>Les diff\u00e9rents types de dons<\/h2>\n<\/section>\n\n<div class=\"wp-block-image is-resized\">\n<figure class=\"aligncenter size-large\"><img decoding=\"async\" src=\"https:\/\/www.solaal.org\/hauts-de-france\/wp-content\/uploads\/sites\/18\/2022\/08\/Differents-types-de-dons-3-1024x433.png\" alt=\"\" class=\"wp-image-2005\" \/><\/figure>\n<\/div>\n\n\n<h2 class=\"wp-block-heading has-text-align-center\">Comment faire un don ? <\/h2>\n\n\n\n<section class=\"wp-block-title-c\">\n\t<h2>L&rsquo;application web, qui facilite vos dons !<\/h2>\n<\/section>\n\n\n<p style=\"font-size:18px\">Lanc\u00e9e  en 2019, la <a href=\"https:\/\/dons.solaal.org\">webapplication<\/a><strong>&nbsp;<\/strong>permet aux donateurs des secteurs agricole et agroalimentaire de d\u00e9clarer directement leurs dons via leur smartphone ou ordinateur, quels que soient l\u2019heure ou le lieu.<br>Cette application permet de fluidifier la gestion des dons et de contribuer au recensement des dons&nbsp;agricoles&nbsp;en France. En cr\u00e9ant un compte, vous pouvez :<\/p>\n\n\n\n<div class=\"wp-block-columns is-layout-flex wp-container-core-columns-is-layout-9d6595d7 wp-block-columns-is-layout-flex\">\n<div class=\"wp-block-column is-layout-flow wp-block-column-is-layout-flow\">\n<ul class=\"wp-block-list\" style=\"font-size:18px\">\n<li>Proposer un don \u00e0 tout moment (il est possible de dupliquer vos anciens dons et de modifier si besoin les caract\u00e9ristiques des produits)<\/li>\n\n\n\n<li>Conna\u00eetre l&rsquo;impact de votre g\u00e9n\u00e9rosit\u00e9, calcul\u00e9e en \u00e9quivalent repas<\/li>\n\n\n\n<li>Retrouver un historique des dons pour calculer sa r\u00e9duction d\u2019imp\u00f4t<\/li>\n\n\n\n<li>Avoir \u00e0 disposition un r\u00e9capitulatif de chaque don<\/li>\n<\/ul>\n<\/div>\n\n\n\n<div class=\"wp-block-column is-layout-flow wp-block-column-is-layout-flow\">\n<figure class=\"wp-block-image size-full is-resized is-style-default\"><a href=\"https:\/\/dons.solaal.org\" target=\"_blank\" rel=\"noreferrer noopener\"><img decoding=\"async\" src=\"https:\/\/www.solaal.org\/hauts-de-france\/wp-content\/uploads\/sites\/18\/2022\/08\/image-appli.png\" alt=\"\" class=\"wp-image-2034\" \/><\/a><\/figure>\n<\/div>\n<\/div>\n\n\n\n<p style=\"font-size:18px\"> <\/p>\n\n\n\n<section class=\"wp-block-title-c\">\n\t<h2>La r\u00e9duction d&rsquo;imp\u00f4t<\/h2>\n<\/section>\n\n\n<p style=\"font-size:18px\">Suite \u00e0 votre don, l\u2019association d&rsquo;aide alimentaire vous d\u00e9livre une attestation de don qui vous fait b\u00e9n\u00e9ficier d&rsquo;une r\u00e9duction d&rsquo;imp\u00f4t. Elle concerne \u00e9galement le <strong>conditionnement et le transport <\/strong>des produits donn\u00e9s. <\/p>\n\n\n\n<ul class=\"wp-block-list\" style=\"font-size:18px\">\n<li><strong>60% du co\u00fbt de revient dans la limite <strong>de 20 000 \u20ac<\/strong><\/strong> <strong>ou de 0,5 % du chiffre d&rsquo;affaires <\/strong><\/li>\n\n\n\n<li>Si le plafond est d\u00e9pass\u00e9 : diff\u00e9rentiel valable sur les 5 exercices suivants<\/li>\n\n\n\n<li>Si vous \u00eates non-imposable : valable les 5 exercices suivants<\/li>\n<\/ul>\n\n\n\n<p style=\"font-size:18px\"><strong>Nous pouvons vous fournir un mod\u00e8le d&rsquo;attestation de don. <\/strong><br>Attention depuis le 1er janvier 2022, la mention de la&nbsp;<strong>valorisation des dons sur les attestations de don devient obligatoire afin de pouvoir en b\u00e9n\u00e9ficier<\/strong>. <br>Pour en savoir plus, lire l&rsquo;article : <a href=\"https:\/\/www.solaal.org\/hauts-de-france\/2022\/07\/07\/du-nouveau-sur-la-reduction-dimpot-des-dons\/\" target=\"_blank\" rel=\"noreferrer noopener\">\u00ab\u00a0Du nouveau sur la r\u00e9duction d\u2019imp\u00f4ts des dons !\u00a0\u00bb<\/a><\/p>\n\n\n\n<h2 class=\"wp-block-heading has-text-align-center has-large-font-size\">Vous avez des questions ? <\/h2>\n\n\n\n\t<div class=\"wp-block-button-two\">\n\t\t<a href=\"https:\/\/www.solaal.org\/vous-souhaitez-faire-un-don\/f-a-q-du-don\/\" target=\"_self\"><i><\/i>F.A.Q du don agricole<\/a>\n\t<\/div>\n\n\n<p style=\"font-size:18px\"><\/p>\n\n\n\n\t<section class=\"home-alimentaire not-h2\">\n\t\t<div class=\"home-alimentaire-box inner fadeInUp\">\n\t\t\t<a class=\"content\" href=\"https:\/\/dons.solaal.org\/\" target=\"_blank\">\n\t\t\t\t<div class=\"img-p\">\n\t\t\t\t\t<img decoding=\"async\" src=\"\" alt=\"\" class=\"desktop\">\n\t\t\t\t\t<img decoding=\"async\" src=\"\" alt=\"\" class=\"mobile\">\n\t\t\t\t<\/div>\n\t\t\t\t<div class=\"text\">\n\t\t\t\t\t<h2>Anti-gaspillage alimentaire<\/h2>\n\t\t\t\t\t<h3>Vous avez des produits \u00e0 donner ?<\/h3>\n\t\t\t\t<\/div>\n\t\t\t\t<div class=\"img\">\n\t\t\t\t\t<div class=\"badge-svg\">\n\t\t\t\t\t\t<img decoding=\"async\" src=\"\" alt=\"\" \/>\n\t\t\t\t\t<\/div>\n\t\t\t\t<\/div>\n\t\t\t<\/a>\n\t\t\t<div class=\"links\">\n\t\t\t\t\t\t\t\t<a  class=\"btn btn-b btn-button\" href=\"https:\/\/dons.solaal.org\/\" target=\"_blank\"><i><\/i>Faire un don en ligne<\/a>\n\t\t\t\t\t\t\t\t<a  class=\"btn btn-b \" href=\"https:\/\/www.solaal.org\/contact\/\" target=\"_self\"><i><\/i>Contactez-nous<\/a>\n\t\t\t\t\t\t\t<\/div>\n\t\t<\/div>\n\t<\/section>","protected":false},"excerpt":{"rendered":"<p>SOLAAL facilite et organise le don agricole, de l&rsquo;exploitation agricole \u00e0 l&rsquo;association destinataire en passant par la gestion logistique. SOLAAL assure \u00e9galement un service apr\u00e8s-don : retour de conditionnement consign\u00e9 ou pr\u00eat\u00e9, et aide dans votre d\u00e9claration fiscale, pour b\u00e9n\u00e9ficier de la r\u00e9duction d&rsquo;imp\u00f4t. Le don, comment \u00e7a marche ? Comment faire un don ? [&hellip;]<\/p>\n","protected":false},"author":2,"featured_media":0,"parent":0,"menu_order":0,"comment_status":"closed","ping_status":"closed","template":"","meta":{"_acf_changed":false,"inline_featured_image":false,"footnotes":""},"class_list":["post-892","page","type-page","status-publish","hentry"],"acf":[],"_links":{"self":[{"href":"https:\/\/www.solaal.org\/bourgogne-franche-comte\/wp-json\/wp\/v2\/pages\/892","targetHints":{"allow":["GET"]}}],"collection":[{"href":"https:\/\/www.solaal.org\/bourgogne-franche-comte\/wp-json\/wp\/v2\/pages"}],"about":[{"href":"https:\/\/www.solaal.org\/bourgogne-franche-comte\/wp-json\/wp\/v2\/types\/page"}],"author":[{"embeddable":true,"href":"https:\/\/www.solaal.org\/bourgogne-franche-comte\/wp-json\/wp\/v2\/users\/2"}],"replies":[{"embeddable":true,"href":"https:\/\/www.solaal.org\/bourgogne-franche-comte\/wp-json\/wp\/v2\/comments?post=892"}],"version-history":[{"count":1,"href":"https:\/\/www.solaal.org\/bourgogne-franche-comte\/wp-json\/wp\/v2\/pages\/892\/revisions"}],"predecessor-version":[{"id":894,"href":"https:\/\/www.solaal.org\/bourgogne-franche-comte\/wp-json\/wp\/v2\/pages\/892\/revisions\/894"}],"wp:attachment":[{"href":"https:\/\/www.solaal.org\/bourgogne-franche-comte\/wp-json\/wp\/v2\/media?parent=892"}],"curies":[{"name":"wp","href":"https:\/\/api.w.org\/{rel}","templated":true}]}}