{"id":883,"date":"2023-12-12T10:54:57","date_gmt":"2023-12-12T09:54:57","guid":{"rendered":"https:\/\/www.solaal.org\/bourgogne-franche-comte\/?page_id=883"},"modified":"2025-04-14T09:26:35","modified_gmt":"2025-04-14T07:26:35","slug":"a-propos-de-solaal-bourgogne-franche-comte","status":"publish","type":"page","link":"https:\/\/www.solaal.org\/bourgogne-franche-comte\/a-propos-de-solaal-bourgogne-franche-comte\/","title":{"rendered":"\u00c0 propos de SOLAAL Bourgogne-Franche-Comt\u00e9"},"content":{"rendered":"\n<div class=\"wp-block-cover is-light\"><span aria-hidden=\"true\" class=\"wp-block-cover__background has-background-dim\"><\/span><img decoding=\"async\" class=\"wp-block-cover__image-background wp-image-1646\" alt=\"\" src=\"https:\/\/www.solaal.org\/hauts-de-france\/wp-content\/uploads\/sites\/18\/2022\/08\/22_06_14-AG-SOLAAL-HdF-5-1.jpg\" data-object-fit=\"cover\" \/><div class=\"wp-block-cover__inner-container is-layout-flow wp-block-cover-is-layout-flow\">\n<p class=\"has-text-align-center has-white-color has-text-color has-large-font-size\"><strong>SOLAAL <\/strong>Bourgogne-Franche-Comt\u00e9<strong><br>Solidarit\u00e9 des producteurs Agricoles et des fili\u00e8res Alimentaires de<\/strong> Bourgogne-Franche-Comt\u00e9<\/p>\n<\/div><\/div>\n\n\n\n<p class=\"has-text-align-left\" style=\"font-size:18px\"><strong>SOLAAL Bourgogne-Franche-Comt\u00e9 est une association d\u2019int\u00e9r\u00eat g\u00e9n\u00e9ral dont la mission est de faciliter et d\u2019organiser les dons des fili\u00e8res agricole et agroalimentaire vers les associations d\u2019aide alimentaire.<\/strong><br><strong>Son objectif est de lutter contre le gaspillage des invendus alimentaires et offrir des produits frais aux personnes les plus d\u00e9munies.<\/strong><br><strong>SOLAAL est n\u00e9e en 2013 de l\u2019id\u00e9e d\u2019un homme visionnaire, Jean-Michel LEM\u00c9TAYER<\/strong>.<\/p>\n\n\n\n<blockquote class=\"wp-block-quote is-layout-flow wp-block-quote-is-layout-flow\">\n<p>Je ne supporte pas de voir les gens qui ne mangent pas \u00e0 leur faim dans mon pays.<\/p>\n<cite>Jean-Michel LEM\u00c9TAYER<br>Fondateur et premier Pr\u00e9sident de SOLAAL<\/cite><\/blockquote>\n\n\n\n<div style=\"height:9px\" aria-hidden=\"true\" class=\"wp-block-spacer\"><\/div>\n\n\n\n<section class=\"wp-block-title-c\">\n\t<h2>Un rayonnement local<\/h2>\n<\/section>\n\n\n<p style=\"font-size:18px\">Le r\u00f4le de SOLAAL est de <strong>renforcer <\/strong>et de <strong>compl\u00e9ter <\/strong>l\u2019existant au niveau national et local. La cr\u00e9ation d&rsquo;une antenne r\u00e9gionale en Bourgogne-Franche-Comt\u00e9 a permis de faire conna\u00eetre son service au plus grand nombre et de d\u00e9velopper des projets innovants et locaux.<\/p>\n\n\n\n<p style=\"font-size:18px\">Nous travaillons main dans la main avec les associations d&rsquo;aide alimentaire pr\u00e9sentes dans notre r\u00e9gion. Nous leur proposons un <strong>approvisionnement<\/strong> suppl\u00e9mentaire et diversifi\u00e9 en produits frais (viandes, l\u00e9gumes, fruits, produits laitiers &#8230;).<\/p>\n\n\n\n<p style=\"font-size:18px\">Nous proposons aux donateurs, qui manquent de temps, de se charger d&rsquo;<strong>organiser la r\u00e9cup\u00e9ration<\/strong> de leurs produits invendus par les associations locales.<\/p>\n\n\n\n<section class=\"wp-block-title-c\">\n\t<h2>Un r\u00e9seau national<\/h2>\n<\/section>\n\n\n<p>Depuis sa cr\u00e9ation en 2013,&nbsp;SOLAAL essaime des antennes en r\u00e9gion afin de<strong>&nbsp;sensibiliser et promouvoir la pratique du don<\/strong>. Le travail de r\u00e9seau de l\u2019association lui permet d\u2019<strong>assurer des d\u00e9bouch\u00e9es<\/strong> aux dons en les proposant aux d\u00e9partements limitrophes si besoin. Ainsi, cela permet d\u2019<strong>\u00e9changer des produits<\/strong> entre r\u00e9gions et d\u2019offrir une offre de produits diversifi\u00e9e aux personnes accueillies par les associations d\u2019aide alimentaire.<\/p>\n\n\n\n<div class=\"wp-block-group is-nowrap is-layout-flex wp-container-core-group-is-layout-ad2f72ca wp-block-group-is-layout-flex\"><\/div>\n\n\n<div class=\"wp-block-image\">\n<figure class=\"aligncenter is-resized\"><img decoding=\"async\" src=\"https:\/\/www.solaal.org\/centre-val-de-loire\/wp-content\/uploads\/sites\/30\/2024\/02\/SOLAAL-en-region_1123-carte-verte.png\" alt=\"\" class=\"wp-image-996\" style=\"width:227px;height:auto\" \/><\/figure>\n<\/div>\n\n\n<section class=\"wp-block-title-c\">\n\t<h2>Nos valeurs et notre vision<\/h2>\n<\/section>\n\n\n<figure class=\"wp-block-image size-large is-resized\"><img decoding=\"async\" src=\"https:\/\/www.solaal.org\/hauts-de-france\/wp-content\/uploads\/sites\/18\/2022\/08\/valeurs-1024x550.png\" alt=\"\" class=\"wp-image-1879\" \/><\/figure>\n\n\n\n<section class=\"wp-block-title-c\">\n\t<h2>D\u00e9couvrez-nous en vid\u00e9o<\/h2>\n<\/section>\n\n\n<div class=\"wp-block-columns is-layout-flex wp-container-core-columns-is-layout-9d6595d7 wp-block-columns-is-layout-flex\">\n<div class=\"wp-block-column is-layout-flow wp-block-column-is-layout-flow\" style=\"flex-basis:100%\">\n<div class=\"wp-block-group\"><div class=\"wp-block-group__inner-container is-layout-flow wp-block-group-is-layout-flow\">\n\t<section class=\"home-video style-two width-770\">\n\t\t<div class=\"home-video-box inner wowo fadeInUp\">\n\t\t\t<div class=\"video\">\n\t\t        <a href=\"#\" class=\"video-link embed\">\n\t\t          \t\t\t\t\t<div class=\"data-video\">\n\t\t\t\t\t\t<a href=\"https:\/\/www.youtube.com\/watch?v=P6gOJURkLgA\">https:\/\/www.youtube.com\/watch?v=P6gOJURkLgA<\/a>\t\t\t\t\t\t\t\n\t\t\t\t\t\t<\/div>\n\t\t\t\t\t\t\t\t          <div class=\"img\">\n\t\t\t            <img decoding=\"async\" src=\"https:\/\/www.solaal.org\/bourgogne-franche-comte\/wp-content\/uploads\/sites\/32\/2025\/03\/video-2-min.png\" alt=\"\" class=\"img-bg \">\n\t\t\t          <\/div>\n\t\t\t          <div class=\"text-and-icon\">\n\t\t\t          \t<h2>Pr\u00e9sentation de SOLAAL Bourgogne-Franche-Comt\u00e9<\/h2>\n\t\t\t          \t<i class=\"icon-play\"><\/i>\n\t\t\t          <\/div>\n\t\t        <\/a>\n\t\t    <\/div>\n\t\t    <div class=\"text\">\n\t\t    \t<p>D\u00e9couvrez l\u2019association, ses missions et des t\u00e9moignages dans un clip vid\u00e9o\u00a0 !<\/p>\n\t    \t<\/div>\n\t\t<\/div>\t\n\t<\/section><\/div><\/div>\n<\/div>\n<\/div>\n\n\n\n\t<div class=\"wp-block-button-two\">\n\t\t<a href=\"https:\/\/www.solaal.org\/bourgogne-franche-comte\/contact\/\" target=\"_self\"><i><\/i>Contactez-nous !<\/a>\n\t<\/div>\n\n\n\t<section class=\"home-alimentaire not-h2\">\n\t\t<div class=\"home-alimentaire-box inner fadeInUp\">\n\t\t\t<a class=\"content\" href=\"https:\/\/dons.solaal.org\/\" target=\"_blank\">\n\t\t\t\t<div class=\"img-p\">\n\t\t\t\t\t<img decoding=\"async\" src=\"\" alt=\"\" class=\"desktop\">\n\t\t\t\t\t<img decoding=\"async\" src=\"\" alt=\"\" class=\"mobile\">\n\t\t\t\t<\/div>\n\t\t\t\t<div class=\"text\">\n\t\t\t\t\t<h2>Anti-gaspillage alimentaire<\/h2>\n\t\t\t\t\t<h3>Vous avez des produits \u00e0 donner ?<\/h3>\n\t\t\t\t<\/div>\n\t\t\t\t<div class=\"img\">\n\t\t\t\t\t<div class=\"badge-svg\">\n\t\t\t\t\t\t<img decoding=\"async\" src=\"\" alt=\"\" \/>\n\t\t\t\t\t<\/div>\n\t\t\t\t<\/div>\n\t\t\t<\/a>\n\t\t\t<div class=\"links\">\n\t\t\t\t\t\t\t\t<a  class=\"btn btn-b btn-button\" href=\"https:\/\/dons.solaal.org\/\" target=\"_blank\"><i><\/i>Faire un don en ligne<\/a>\n\t\t\t\t\t\t\t\t<a  class=\"btn btn-b \" href=\"https:\/\/www.solaal.org\/bourgogne-franche-comte\/contact\/\" target=\"_self\"><i><\/i>Contactez-nous<\/a>\n\t\t\t\t\t\t\t<\/div>\n\t\t<\/div>\n\t<\/section>","protected":false},"excerpt":{"rendered":"<p>SOLAAL Bourgogne-Franche-Comt\u00e9 est une association d\u2019int\u00e9r\u00eat g\u00e9n\u00e9ral dont la mission est de faciliter et d\u2019organiser les dons des fili\u00e8res agricole et agroalimentaire vers les associations d\u2019aide alimentaire.Son objectif est de lutter contre le gaspillage des invendus alimentaires et offrir des produits frais aux personnes les plus d\u00e9munies.SOLAAL est n\u00e9e en 2013 de l\u2019id\u00e9e d\u2019un homme [&hellip;]<\/p>\n","protected":false},"author":2,"featured_media":0,"parent":0,"menu_order":0,"comment_status":"closed","ping_status":"closed","template":"","meta":{"_acf_changed":false,"inline_featured_image":false,"footnotes":""},"class_list":["post-883","page","type-page","status-publish","hentry"],"acf":[],"_links":{"self":[{"href":"https:\/\/www.solaal.org\/bourgogne-franche-comte\/wp-json\/wp\/v2\/pages\/883","targetHints":{"allow":["GET"]}}],"collection":[{"href":"https:\/\/www.solaal.org\/bourgogne-franche-comte\/wp-json\/wp\/v2\/pages"}],"about":[{"href":"https:\/\/www.solaal.org\/bourgogne-franche-comte\/wp-json\/wp\/v2\/types\/page"}],"author":[{"embeddable":true,"href":"https:\/\/www.solaal.org\/bourgogne-franche-comte\/wp-json\/wp\/v2\/users\/2"}],"replies":[{"embeddable":true,"href":"https:\/\/www.solaal.org\/bourgogne-franche-comte\/wp-json\/wp\/v2\/comments?post=883"}],"version-history":[{"count":10,"href":"https:\/\/www.solaal.org\/bourgogne-franche-comte\/wp-json\/wp\/v2\/pages\/883\/revisions"}],"predecessor-version":[{"id":1259,"href":"https:\/\/www.solaal.org\/bourgogne-franche-comte\/wp-json\/wp\/v2\/pages\/883\/revisions\/1259"}],"wp:attachment":[{"href":"https:\/\/www.solaal.org\/bourgogne-franche-comte\/wp-json\/wp\/v2\/media?parent=883"}],"curies":[{"name":"wp","href":"https:\/\/api.w.org\/{rel}","templated":true}]}}

À propos de SOLAAL Bourgogne-Franche-Comté

<div class="wp-block-cover is-light"><span aria-hidden="true" class="wp-block-cover__background has-background-dim"></span><img decoding="async" class="wp-block-cover__image-background wp-image-1646" alt="" src="https://www.solaal.org/hauts-de-france/wp-content/uploads/sites/18/2022/08/22_06_14-AG-SOLAAL-HdF-5-1.jpg" data-object-fit="cover" /><div class="wp-block-cover__inner-container is-layout-flow wp-block-cover-is-layout-flow">
<p class="has-text-align-center has-white-color has-text-color has-large-font-size"><strong>SOLAAL </strong>Bourgogne-Franche-Comté<strong><br>Solidarité des producteurs Agricoles et des filières Alimentaires de</strong> Bourgogne-Franche-Comté</p>
</div></div>



<p class="has-text-align-left" style="font-size:18px"><strong>SOLAAL Bourgogne-Franche-Comté est une association d’intérêt général dont la mission est de faciliter et d’organiser les dons des filières agricole et agroalimentaire vers les associations d’aide alimentaire.</strong><br><strong>Son objectif est de lutter contre le gaspillage des invendus alimentaires et offrir des produits frais aux personnes les plus démunies.</strong><br><strong>SOLAAL est née en 2013 de l’idée d’un homme visionnaire, Jean-Michel LEMÉTAYER</strong>.</p>



<blockquote class="wp-block-quote is-layout-flow wp-block-quote-is-layout-flow">
<p>Je ne supporte pas de voir les gens qui ne mangent pas à leur faim dans mon pays.</p>
<cite>Jean-Michel LEMÉTAYER<br>Fondateur et premier Président de SOLAAL</cite></blockquote>



<div style="height:9px" aria-hidden="true" class="wp-block-spacer"></div>



<section class="wp-block-title-c">
	<h2>Un rayonnement local</h2>
</section>


<p style="font-size:18px">Le rôle de SOLAAL est de <strong>renforcer </strong>et de <strong>compléter </strong>l’existant au niveau national et local. La création d&rsquo;une antenne régionale en Bourgogne-Franche-Comté a permis de faire connaître son service au plus grand nombre et de développer des projets innovants et locaux.</p>



<p style="font-size:18px">Nous travaillons main dans la main avec les associations d&rsquo;aide alimentaire présentes dans notre région. Nous leur proposons un <strong>approvisionnement</strong> supplémentaire et diversifié en produits frais (viandes, légumes, fruits, produits laitiers &#8230;).</p>



<p style="font-size:18px">Nous proposons aux donateurs, qui manquent de temps, de se charger d&rsquo;<strong>organiser la récupération</strong> de leurs produits invendus par les associations locales.</p>



<section class="wp-block-title-c">
	<h2>Un réseau national</h2>
</section>


<p>Depuis sa création en 2013,&nbsp;SOLAAL essaime des antennes en région afin de<strong>&nbsp;sensibiliser et promouvoir la pratique du don</strong>. Le travail de réseau de l’association lui permet d’<strong>assurer des débouchées</strong> aux dons en les proposant aux départements limitrophes si besoin. Ainsi, cela permet d’<strong>échanger des produits</strong> entre régions et d’offrir une offre de produits diversifiée aux personnes accueillies par les associations d’aide alimentaire.</p>



<div class="wp-block-group is-nowrap is-layout-flex wp-container-core-group-is-layout-ad2f72ca wp-block-group-is-layout-flex"></div>


<div class="wp-block-image">
<figure class="aligncenter is-resized"><img decoding="async" src="https://www.solaal.org/centre-val-de-loire/wp-content/uploads/sites/30/2024/02/SOLAAL-en-region_1123-carte-verte.png" alt="" class="wp-image-996" style="width:227px;height:auto" /></figure>
</div>


<section class="wp-block-title-c">
	<h2>Nos valeurs et notre vision</h2>
</section>


<figure class="wp-block-image size-large is-resized"><img decoding="async" src="https://www.solaal.org/hauts-de-france/wp-content/uploads/sites/18/2022/08/valeurs-1024x550.png" alt="" class="wp-image-1879" /></figure>



<section class="wp-block-title-c">
	<h2>Découvrez-nous en vidéo</h2>
</section>


<div class="wp-block-columns is-layout-flex wp-container-core-columns-is-layout-9d6595d7 wp-block-columns-is-layout-flex">
<div class="wp-block-column is-layout-flow wp-block-column-is-layout-flow" style="flex-basis:100%">
<div class="wp-block-group"><div class="wp-block-group__inner-container is-layout-flow wp-block-group-is-layout-flow">
	<section class="home-video style-two width-770">
		<div class="home-video-box inner wowo fadeInUp">
			<div class="video">
		        <a href="#" class="video-link embed">
		          					<div class="data-video">
						<a href="https://www.youtube.com/watch?v=P6gOJURkLgA">https://www.youtube.com/watch?v=P6gOJURkLgA</a>							
						</div>
								          <div class="img">
			            <img decoding="async" src="https://www.solaal.org/bourgogne-franche-comte/wp-content/uploads/sites/32/2025/03/video-2-min.png" alt="" class="img-bg ">
			          </div>
			          <div class="text-and-icon">
			          	<h2>Présentation de SOLAAL Bourgogne-Franche-Comté</h2>
			          	<i class="icon-play"></i>
			          </div>
		        </a>
		    </div>
		    <div class="text">
		    	<p>Découvrez l’association, ses missions et des témoignages dans un clip vidéo  !</p>
	    	</div>
		</div>	
	</section></div></div>
</div>
</div>



	<div class="wp-block-button-two">
		<a href="https://www.solaal.org/bourgogne-franche-comte/contact/" target="_self"><i></i>Contactez-nous !</a>
	</div>


	<section class="home-alimentaire not-h2">
		<div class="home-alimentaire-box inner fadeInUp">
			<a class="content" href="https://dons.solaal.org/" target="_blank">
				<div class="img-p">
					<img decoding="async" src="" alt="" class="desktop">
					<img decoding="async" src="" alt="" class="mobile">
				</div>
				<div class="text">
					<h2>Anti-gaspillage alimentaire</h2>
					<h3>Vous avez des produits à donner ?</h3>
				</div>
				<div class="img">
					<div class="badge-svg">
						<img decoding="async" src="" alt="" />
					</div>
				</div>
			</a>
			<div class="links">
								<a  class="btn btn-b btn-button" href="https://dons.solaal.org/" target="_blank"><i></i>Faire un don en ligne</a>
								<a  class="btn btn-b " href="https://www.solaal.org/bourgogne-franche-comte/contact/" target="_self"><i></i>Contactez-nous</a>
							</div>
		</div>
	</section>

<p>SOLAAL Bourgogne-Franche-Comté est une association d’intérêt général dont la mission est de faciliter et d’organiser les dons des filières agricole et agroalimentaire vers les associations d’aide alimentaire.Son objectif est de lutter contre le gaspillage des invendus alimentaires et offrir des produits frais aux personnes les plus démunies.SOLAAL est née en 2013 de l’idée d’un homme [&hellip;]</p>
