{"id":1292,"date":"2025-04-30T11:55:16","date_gmt":"2025-04-30T09:55:16","guid":{"rendered":"https:\/\/www.solaal.org\/bourgogne-franche-comte\/?page_id=1292"},"modified":"2025-05-14T12:33:04","modified_gmt":"2025-05-14T10:33:04","slug":"documentation","status":"publish","type":"page","link":"https:\/\/www.solaal.org\/bourgogne-franche-comte\/documentation\/","title":{"rendered":"Documentation et presse"},"content":{"rendered":"\n<section class=\"444 faqs not-h2 \">\n\t\t<div class=\"faqs-box inner wowo fadeInUp\">\n\t\t\t\n\t\t\t\t\n\t\t\t\t<div class=\"block\">\n\t\t\t\t<div class=\"title-c\">\n\t\t\t\t\t<h2>Rapports d&rsquo;activit\u00e9<\/h2>\n\t\t\t\t\t<i><\/i>\n\t\t\t\t<\/div>\n\t\t\t\t<div class=\"text-c\">\n\t\t\t\t\t\n<p><a href=\"https:\/\/www.solaal.org\/bourgogne-franche-comte\/wp-content\/uploads\/sites\/32\/2026\/04\/Rapport_activite_SOLAAL_BFC_2025.pdf\" id=\"https:\/\/www.solaal.org\/bourgogne-franche-comte\/wp-content\/uploads\/sites\/32\/2026\/04\/Rapport_activite_SOLAAL_BFC_2025.pdf\">Rapport d&rsquo;activit\u00e9 2025<\/a><\/p>\n\n\n\n<div class=\"wp-block-file\"><a id=\"wp-block-file--media-a3984ddc-974b-4162-8544-407ef9d41910\" href=\"https:\/\/www.solaal.org\/bourgogne-franche-comte\/wp-content\/uploads\/sites\/32\/2026\/04\/Rapport_activite_SOLAAL_BFC_2025.pdf\" target=\"_blank\" rel=\"noreferrer noopener\">Rapport_activite_SOLAAL_BFC_2025<\/a><a href=\"https:\/\/www.solaal.org\/bourgogne-franche-comte\/wp-content\/uploads\/sites\/32\/2026\/04\/Rapport_activite_SOLAAL_BFC_2025.pdf\" class=\"wp-block-file__button wp-element-button\" download aria-describedby=\"wp-block-file--media-a3984ddc-974b-4162-8544-407ef9d41910\">T\u00e9l\u00e9charger<\/a><\/div>\n\n\n\n<p><a href=\"https:\/\/www.solaal.org\/bourgogne-franche-comte\/wp-content\/uploads\/sites\/32\/2025\/04\/250429_Rapport_activite_2024-1.pdf\">Rapport d&rsquo;activit\u00e9 2024<\/a><\/p>\n\n\n\n<div class=\"wp-block-file\"><a id=\"wp-block-file--media-93ca7e42-0020-4086-814f-0beda73db73f\" href=\"https:\/\/www.solaal.org\/bourgogne-franche-comte\/wp-content\/uploads\/sites\/32\/2025\/04\/250429_Rapport_activite_2024-1.pdf\" target=\"_blank\" rel=\"noreferrer noopener\">Rapport d&rsquo;activit\u00e9 2024<\/a><a href=\"https:\/\/www.solaal.org\/bourgogne-franche-comte\/wp-content\/uploads\/sites\/32\/2025\/04\/250429_Rapport_activite_2024-1.pdf\" class=\"wp-block-file__button wp-element-button\" download aria-describedby=\"wp-block-file--media-93ca7e42-0020-4086-814f-0beda73db73f\">T\u00e9l\u00e9charger<\/a><\/div>\n\n\n\n<p><\/p>\n\t\t\t\t<\/div>\n\t\t\t<\/div>\n\t\t\t\n\t\t\t\t\n\t\t\t\t<div class=\"block\">\n\t\t\t\t<div class=\"title-c\">\n\t\t\t\t\t<h2>Ils parlent de nous !<\/h2>\n\t\t\t\t\t<i><\/i>\n\t\t\t\t<\/div>\n\t\t\t\t<div class=\"text-c\">\n\t\t\t\t\t\n<p><a href=\"https:\/\/www.bienpublic.com\/economie\/2025\/09\/10\/rien-ne-se-perd-tout-se-partage-un-appel-aux-dons-de-surplus-de-recolte\">Le Bien Public, le 11 septembre 2025<\/a> : Trop de l\u00e9gumes ? Donnez-les au plus d\u00e9munis<\/p>\n\n\n\n<p><a href=\"https:\/\/www.agribourgogne.fr\/articles\/producteurs-vos-surplus-ont-de-la-valeur\/\">Terres de Bourgogne, le 22 ao\u00fbt 2025<\/a> : Producteurs, vos surplus ont de la valeur !<\/p>\n\n\n\n<p><a href=\"https:\/\/www.agribourgogne.fr\/articles\/contre-la-precarite-alimentaire-la-solution-du-glanage\/\">Terres de Bourgogne, le 10 juillet 2025<\/a> : Contre la pr\u00e9carit\u00e9 alimentaire, la solution du glanage<\/p>\n\n\n\n<p><a href=\"https:\/\/www.agribourgogne.fr\/articles\/cultiver-l-equite-et-la-justice\/\">Terres de Bourgogne, le 30 mai 2025<\/a> : Cultiver l&rsquo;\u00e9quit\u00e9 et la justice<\/p>\n\n\n\n<p><a href=\"http:\/\/Des b\u00e9n\u00e9voles et b\u00e9n\u00e9ficiaires du Secours populaire ont d\u00e9couvert le Jardin de Marigny \u00e0 Sauvigny-les-Bois\">Le journal du Centre, le 17 mai 2025<\/a> : Des b\u00e9n\u00e9voles et b\u00e9n\u00e9ficiaires du Secours populaire ont d\u00e9couvert le Jardin de Marigny \u00e0 Sauvigny-les-Bois<\/p>\n\n\n\n<p><a href=\"https:\/\/www.agribourgogne.fr\/articles\/une-collecte-solidaire-vendredi\/\">Terres de Bourgogne, le 09 mai 2025<\/a> : Une collecte solidaire vendredi 16 mai \u00e0 Nevers<\/p>\n\n\n\n<p><a href=\"https:\/\/www.agribourgogne.fr\/articles\/solaal-bfc-n-a-pas-chome\/\">Terres de Bourgogne, le 09 mai 2025<\/a> : SOLAAL BFC n&rsquo;a pas ch\u00f4m\u00e9<\/p>\n\n\n\n<p><a href=\"https:\/\/www.francebleu.fr\/emissions\/l-invite-d-ici-ici-bourgogne\/ici-ca-marche-en-bourgogne-l-association-solaal-met-en-relation-agriculteurs-et-organismes-d-aide-aux-plus-demunis-6403679\">Ici Bourgogne, le 29 avril 2025<\/a> : Ici \u00e7a marche<\/p>\n\n\n\n<p><a href=\"https:\/\/www.lejsl.com\/economie\/2025\/04\/12\/lutte-contre-la-precarite-alimentaire-solaal-veut-faciliter-le-don-des-agriculteurs\">Le Journal de Sa\u00f4ne et Loire, le 12 avril 2025<\/a> : Lutte contre la pr\u00e9carit\u00e9 alimentaire&nbsp;: SOLAAL veut faciliter le don des agriculteurs<\/p>\n\n\n\n<p><a href=\"https:\/\/www.agribourgogne.fr\/articles\/26\/02\/2025\/Deux-tonnes-de-pommes-de-terres-solidaires-96034\/\">Terres de Bourgogne, le 26 f\u00e9vrier 2025<\/a> : 2 tonnes de pommes de terre solidaires<\/p>\n\n\n\n<p><a href=\"https:\/\/www.estrepublicain.fr\/economie\/2024\/12\/30\/avec-solaal-les-agriculteurs-cultivent-le-sens-de-la-solidarite\">L&rsquo;Est R\u00e9publicain, le 30 d\u00e9cembre 2024<\/a> : Avec SOLAAL, les agriculteurs cultivent le sens de la solidarit\u00e9<\/p>\n\n\n\n<p><a href=\"https:\/\/www.leprogres.fr\/economie\/2024\/09\/29\/l-association-solaal-recupere-les-invendus-des-agriculteurs-pour-l-aide-alimentaire\">Le Progr\u00e8s du Jura, 29 septembre 2024 <\/a>: L\u2019association SOLAAL r\u00e9cup\u00e8re les invendus des agriculteurs pour l\u2019aide alimentaire<\/p>\n\t\t\t\t<\/div>\n\t\t\t<\/div>\n\t\t\t\n\t\t\t\t\n\t\t\t\t<div class=\"block\">\n\t\t\t\t<div class=\"title-c\">\n\t\t\t\t\t<h2>Communiqu\u00e9s de presse<\/h2>\n\t\t\t\t\t<i><\/i>\n\t\t\t\t<\/div>\n\t\t\t\t<div class=\"text-c\">\n\t\t\t\t\t\n<p><a href=\"https:\/\/www.solaal.org\/bourgogne-franche-comte\/wp-content\/uploads\/sites\/32\/2025\/05\/250516_CP-48h-de-lagriculture-urbaine-.pdf\">Mai 2025, 48h de l&rsquo;agriculture urbaine \u00e0 Nevers<\/a><\/p>\n\n\n\n<div class=\"wp-block-file\"><a id=\"wp-block-file--media-722b00c9-5992-41ac-a337-e3b7bb87a96f\" href=\"https:\/\/www.solaal.org\/bourgogne-franche-comte\/wp-content\/uploads\/sites\/32\/2025\/05\/250516_CP-48h-de-lagriculture-urbaine-.pdf\" target=\"_blank\" rel=\"noreferrer noopener\">CP 48h de l&rsquo;agriculture urbaine<\/a><a href=\"https:\/\/www.solaal.org\/bourgogne-franche-comte\/wp-content\/uploads\/sites\/32\/2025\/05\/250516_CP-48h-de-lagriculture-urbaine-.pdf\" class=\"wp-block-file__button wp-element-button\" download aria-describedby=\"wp-block-file--media-722b00c9-5992-41ac-a337-e3b7bb87a96f\">T\u00e9l\u00e9charger<\/a><\/div>\n\n\n\n<p><\/p>\n\t\t\t\t<\/div>\n\t\t\t<\/div>\n\t\t\t\n\t\t<\/div>\n\t<\/section>","protected":false},"excerpt":{"rendered":"","protected":false},"author":23,"featured_media":0,"parent":0,"menu_order":0,"comment_status":"closed","ping_status":"closed","template":"","meta":{"_acf_changed":false,"inline_featured_image":false,"footnotes":""},"class_list":["post-1292","page","type-page","status-publish","hentry"],"acf":[],"_links":{"self":[{"href":"https:\/\/www.solaal.org\/bourgogne-franche-comte\/wp-json\/wp\/v2\/pages\/1292","targetHints":{"allow":["GET"]}}],"collection":[{"href":"https:\/\/www.solaal.org\/bourgogne-franche-comte\/wp-json\/wp\/v2\/pages"}],"about":[{"href":"https:\/\/www.solaal.org\/bourgogne-franche-comte\/wp-json\/wp\/v2\/types\/page"}],"author":[{"embeddable":true,"href":"https:\/\/www.solaal.org\/bourgogne-franche-comte\/wp-json\/wp\/v2\/users\/23"}],"replies":[{"embeddable":true,"href":"https:\/\/www.solaal.org\/bourgogne-franche-comte\/wp-json\/wp\/v2\/comments?post=1292"}],"version-history":[{"count":5,"href":"https:\/\/www.solaal.org\/bourgogne-franche-comte\/wp-json\/wp\/v2\/pages\/1292\/revisions"}],"predecessor-version":[{"id":1320,"href":"https:\/\/www.solaal.org\/bourgogne-franche-comte\/wp-json\/wp\/v2\/pages\/1292\/revisions\/1320"}],"wp:attachment":[{"href":"https:\/\/www.solaal.org\/bourgogne-franche-comte\/wp-json\/wp\/v2\/media?parent=1292"}],"curies":[{"name":"wp","href":"https:\/\/api.w.org\/{rel}","templated":true}]}}

<section class="444 faqs not-h2 ">
		<div class="faqs-box inner wowo fadeInUp">
			
				
				<div class="block">
				<div class="title-c">
					<h2>Rapports d&rsquo;activité</h2>
					<i></i>
				</div>
				<div class="text-c">
					
<p><a href="https://www.solaal.org/bourgogne-franche-comte/wp-content/uploads/sites/32/2026/04/Rapport_activite_SOLAAL_BFC_2025.pdf" id="https://www.solaal.org/bourgogne-franche-comte/wp-content/uploads/sites/32/2026/04/Rapport_activite_SOLAAL_BFC_2025.pdf">Rapport d&rsquo;activité 2025</a></p>



<div class="wp-block-file"><a id="wp-block-file--media-a3984ddc-974b-4162-8544-407ef9d41910" href="https://www.solaal.org/bourgogne-franche-comte/wp-content/uploads/sites/32/2026/04/Rapport_activite_SOLAAL_BFC_2025.pdf" target="_blank" rel="noreferrer noopener">Rapport_activite_SOLAAL_BFC_2025</a><a href="https://www.solaal.org/bourgogne-franche-comte/wp-content/uploads/sites/32/2026/04/Rapport_activite_SOLAAL_BFC_2025.pdf" class="wp-block-file__button wp-element-button" download aria-describedby="wp-block-file--media-a3984ddc-974b-4162-8544-407ef9d41910">Télécharger</a></div>



<p><a href="https://www.solaal.org/bourgogne-franche-comte/wp-content/uploads/sites/32/2025/04/250429_Rapport_activite_2024-1.pdf">Rapport d&rsquo;activité 2024</a></p>



<div class="wp-block-file"><a id="wp-block-file--media-93ca7e42-0020-4086-814f-0beda73db73f" href="https://www.solaal.org/bourgogne-franche-comte/wp-content/uploads/sites/32/2025/04/250429_Rapport_activite_2024-1.pdf" target="_blank" rel="noreferrer noopener">Rapport d&rsquo;activité 2024</a><a href="https://www.solaal.org/bourgogne-franche-comte/wp-content/uploads/sites/32/2025/04/250429_Rapport_activite_2024-1.pdf" class="wp-block-file__button wp-element-button" download aria-describedby="wp-block-file--media-93ca7e42-0020-4086-814f-0beda73db73f">Télécharger</a></div>



<p></p>
				</div>
			</div>
			
				
				<div class="block">
				<div class="title-c">
					<h2>Ils parlent de nous !</h2>
					<i></i>
				</div>
				<div class="text-c">
					
<p><a href="https://www.bienpublic.com/economie/2025/09/10/rien-ne-se-perd-tout-se-partage-un-appel-aux-dons-de-surplus-de-recolte">Le Bien Public, le 11 septembre 2025</a> : Trop de légumes ? Donnez-les au plus démunis</p>



<p><a href="https://www.agribourgogne.fr/articles/producteurs-vos-surplus-ont-de-la-valeur/">Terres de Bourgogne, le 22 août 2025</a> : Producteurs, vos surplus ont de la valeur !</p>



<p><a href="https://www.agribourgogne.fr/articles/contre-la-precarite-alimentaire-la-solution-du-glanage/">Terres de Bourgogne, le 10 juillet 2025</a> : Contre la précarité alimentaire, la solution du glanage</p>



<p><a href="https://www.agribourgogne.fr/articles/cultiver-l-equite-et-la-justice/">Terres de Bourgogne, le 30 mai 2025</a> : Cultiver l&rsquo;équité et la justice</p>



<p><a href="http://Des bénévoles et bénéficiaires du Secours populaire ont découvert le Jardin de Marigny à Sauvigny-les-Bois">Le journal du Centre, le 17 mai 2025</a> : Des bénévoles et bénéficiaires du Secours populaire ont découvert le Jardin de Marigny à Sauvigny-les-Bois</p>



<p><a href="https://www.agribourgogne.fr/articles/une-collecte-solidaire-vendredi/">Terres de Bourgogne, le 09 mai 2025</a> : Une collecte solidaire vendredi 16 mai à Nevers</p>



<p><a href="https://www.agribourgogne.fr/articles/solaal-bfc-n-a-pas-chome/">Terres de Bourgogne, le 09 mai 2025</a> : SOLAAL BFC n&rsquo;a pas chômé</p>



<p><a href="https://www.francebleu.fr/emissions/l-invite-d-ici-ici-bourgogne/ici-ca-marche-en-bourgogne-l-association-solaal-met-en-relation-agriculteurs-et-organismes-d-aide-aux-plus-demunis-6403679">Ici Bourgogne, le 29 avril 2025</a> : Ici ça marche</p>



<p><a href="https://www.lejsl.com/economie/2025/04/12/lutte-contre-la-precarite-alimentaire-solaal-veut-faciliter-le-don-des-agriculteurs">Le Journal de Saône et Loire, le 12 avril 2025</a> : Lutte contre la précarité alimentaire&nbsp;: SOLAAL veut faciliter le don des agriculteurs</p>



<p><a href="https://www.agribourgogne.fr/articles/26/02/2025/Deux-tonnes-de-pommes-de-terres-solidaires-96034/">Terres de Bourgogne, le 26 février 2025</a> : 2 tonnes de pommes de terre solidaires</p>



<p><a href="https://www.estrepublicain.fr/economie/2024/12/30/avec-solaal-les-agriculteurs-cultivent-le-sens-de-la-solidarite">L&rsquo;Est Républicain, le 30 décembre 2024</a> : Avec SOLAAL, les agriculteurs cultivent le sens de la solidarité</p>



<p><a href="https://www.leprogres.fr/economie/2024/09/29/l-association-solaal-recupere-les-invendus-des-agriculteurs-pour-l-aide-alimentaire">Le Progrès du Jura, 29 septembre 2024 </a>: L’association SOLAAL récupère les invendus des agriculteurs pour l’aide alimentaire</p>
				</div>
			</div>
			
				
				<div class="block">
				<div class="title-c">
					<h2>Communiqués de presse</h2>
					<i></i>
				</div>
				<div class="text-c">
					
<p><a href="https://www.solaal.org/bourgogne-franche-comte/wp-content/uploads/sites/32/2025/05/250516_CP-48h-de-lagriculture-urbaine-.pdf">Mai 2025, 48h de l&rsquo;agriculture urbaine à Nevers</a></p>



<div class="wp-block-file"><a id="wp-block-file--media-722b00c9-5992-41ac-a337-e3b7bb87a96f" href="https://www.solaal.org/bourgogne-franche-comte/wp-content/uploads/sites/32/2025/05/250516_CP-48h-de-lagriculture-urbaine-.pdf" target="_blank" rel="noreferrer noopener">CP 48h de l&rsquo;agriculture urbaine</a><a href="https://www.solaal.org/bourgogne-franche-comte/wp-content/uploads/sites/32/2025/05/250516_CP-48h-de-lagriculture-urbaine-.pdf" class="wp-block-file__button wp-element-button" download aria-describedby="wp-block-file--media-722b00c9-5992-41ac-a337-e3b7bb87a96f">Télécharger</a></div>



<p></p>
				</div>
			</div>
			
		</div>
	</section>
