{"id":1252,"date":"2025-04-15T16:57:59","date_gmt":"2025-04-15T14:57:59","guid":{"rendered":"https:\/\/www.solaal.org\/bourgogne-franche-comte\/?page_id=1252"},"modified":"2025-04-15T16:58:00","modified_gmt":"2025-04-15T14:58:00","slug":"comment-nous-soutenir","status":"publish","type":"page","link":"https:\/\/www.solaal.org\/bourgogne-franche-comte\/comment-nous-soutenir\/","title":{"rendered":"Comment nous soutenir ?"},"content":{"rendered":"\n<div class=\"wp-block-cover is-light\"><span aria-hidden=\"true\" class=\"wp-block-cover__background has-background-dim\" style=\"background-color:#9a9c93\"><\/span><img decoding=\"async\" class=\"wp-block-cover__image-background wp-image-3797\" alt=\"\" src=\"https:\/\/www.solaal.org\/hauts-de-france\/wp-content\/uploads\/sites\/18\/2024\/12\/24_09_19-Glanage-solidaire-Vergers-de-Saulty-62-ADM-Uthopia-2.jpg\" style=\"object-position:54% 78%\" data-object-fit=\"cover\" data-object-position=\"54% 78%\" \/><div class=\"wp-block-cover__inner-container is-layout-constrained wp-block-cover-is-layout-constrained\">\n<p class=\"has-text-align-center has-white-color has-text-color has-link-color has-large-font-size wp-elements-09f4b9bfdd0a8eca4e1a3c1263b56127\"><strong>Vous souhaitez booster votre RSE<\/strong> <\/p>\n\n\n\n<p class=\"has-text-align-center has-white-color has-text-color has-link-color has-large-font-size wp-elements-335e509c70c2b7d8bbcb334b00b39f91\"><strong>et votre visibilit\u00e9 ? Rejoignez-nous ! <\/strong><\/p>\n<\/div><\/div>\n\n\n\n<div style=\"height:9px\" aria-hidden=\"true\" class=\"wp-block-spacer\"><\/div>\n\n\n\n<p style=\"font-size:18px\"><strong>En soutenant <strong>SOLAAL Bourgogne Franche Comt\u00e9<\/strong> vous accompagnez le d\u00e9veloppement du maillage territorial de l&rsquo;approvisionnement des associations d&rsquo;aide alimentaire :<\/strong><\/p>\n\n\n\n<ul class=\"wp-block-list\">\n<li><strong>Est la seule association qui facilite les dons des acteurs agricole et agro-alimentaire vers les associations d\u2019aide alimentaire<\/strong><\/li>\n\n\n\n<li><strong>Accompagne les donateurs dans la gestion logistique et administrative de leurs dons <\/strong><\/li>\n\n\n\n<li><strong>Vient en appui des associations d\u2019aide alimentaire en diversifiant leur approvisionnement en produits alimentaires<\/strong><\/li>\n\n\n\n<li><strong>Fournit des produits frais \u00e0 des personnes en pr\u00e9carit\u00e9 alimentaire <\/strong><\/li>\n\n\n\n<li><strong>Innove au service du don. C\u2019est le maillon indispensable dans la cha\u00eene du don<\/strong><\/li>\n<\/ul>\n\n\n\n<div style=\"height:6px\" aria-hidden=\"true\" class=\"wp-block-spacer\"><\/div>\n\n\n\n<h3 class=\"wp-block-heading has-large-font-size\">Boostez votre R.S.E<\/h3>\n\n\n\n<p style=\"font-size:18px\">La Responsabilit\u00e9 Soci\u00e9tale des Entreprises (R.S.E) est d\u00e9finie comme\u00a0\u00ab\u00a0l\u2019<strong>int\u00e9gration volontaire par les entreprises de pr\u00e9occupations sociales et environnementales \u00e0 leurs activit\u00e9s commerciales et leurs relations avec les parties prenantes<\/strong>.\u00a0\u00bb<br>En d\u2019autres termes, la R.S.E est la recherche d\u2019une entreprise \u00e0 avoir un impact positif sur la soci\u00e9t\u00e9 tout en \u00e9tant \u00e9conomiquement viable.<br><br>Dans le cadre des activit\u00e9s de SOLAAL Bourgogne Franche Comt\u00e9,\u00a0<strong>votre soutien contribue \u00e0 5 Objectifs de d\u00e9veloppement durable<\/strong>\u00a0(O.D.D).<\/p>\n\n\n\n<div class=\"wp-block-columns are-vertically-aligned-center is-layout-flex wp-container-core-columns-is-layout-9d6595d7 wp-block-columns-is-layout-flex\">\n<div class=\"wp-block-column is-vertically-aligned-center is-layout-flow wp-block-column-is-layout-flow\">\n<figure class=\"wp-block-image size-full\"><img decoding=\"async\" src=\"https:\/\/www.solaal.org\/hauts-de-france\/wp-content\/uploads\/sites\/18\/2022\/08\/ODD-1.png\" alt=\"\" class=\"wp-image-1374\" \/><\/figure>\n<\/div>\n\n\n\n<div class=\"wp-block-column is-vertically-aligned-center is-layout-flow wp-block-column-is-layout-flow\">\n<figure class=\"wp-block-image size-full\"><img decoding=\"async\" src=\"https:\/\/www.solaal.org\/hauts-de-france\/wp-content\/uploads\/sites\/18\/2022\/08\/ODD-2.png\" alt=\"\" class=\"wp-image-1376\" \/><\/figure>\n<\/div>\n\n\n\n<div class=\"wp-block-column is-vertically-aligned-center is-layout-flow wp-block-column-is-layout-flow\">\n<figure class=\"wp-block-image size-full\"><img decoding=\"async\" src=\"https:\/\/www.solaal.org\/hauts-de-france\/wp-content\/uploads\/sites\/18\/2022\/08\/ODD-3.png\" alt=\"\" class=\"wp-image-1377\" \/><\/figure>\n<\/div>\n\n\n\n<div class=\"wp-block-column is-vertically-aligned-center is-layout-flow wp-block-column-is-layout-flow\">\n<figure class=\"wp-block-image size-full\"><img decoding=\"async\" src=\"https:\/\/www.solaal.org\/hauts-de-france\/wp-content\/uploads\/sites\/18\/2022\/08\/ODD-10.png\" alt=\"\" class=\"wp-image-1375\" \/><\/figure>\n<\/div>\n\n\n\n<div class=\"wp-block-column is-vertically-aligned-center is-layout-flow wp-block-column-is-layout-flow\">\n<figure class=\"wp-block-image size-full\"><img decoding=\"async\" src=\"https:\/\/www.solaal.org\/hauts-de-france\/wp-content\/uploads\/sites\/18\/2022\/08\/ODD-12.png\" alt=\"\" class=\"wp-image-1378\" \/><\/figure>\n<\/div>\n<\/div>\n\n\n\n<p style=\"font-size:18px\">Les O.D.D, \u00e9galement nomm\u00e9s Objectifs mondiaux,&nbsp;sont&nbsp;un appel mondial \u00e0 agir pour \u00e9radiquer la pauvret\u00e9, prot\u00e9ger la Plan\u00e8te et faire en sorte que tous les \u00eatres humains vivent dans la paix et la prosp\u00e9rit\u00e9.<\/p>\n\n\n\n<div style=\"height:2px\" aria-hidden=\"true\" class=\"wp-block-spacer\"><\/div>\n\n\n\n<h3 class=\"wp-block-heading has-large-font-size\">Accroissez votre visibilit\u00e9<\/h3>\n\n\n<div class=\"wp-block-image\">\n<figure class=\"aligncenter size-large\"><img decoding=\"async\" src=\"https:\/\/www.solaal.org\/hauts-de-france\/wp-content\/uploads\/sites\/18\/2023\/02\/Capture-decran-2023-02-01-113350-1024x422.png\" alt=\"\" class=\"wp-image-3070\" \/><\/figure>\n<\/div>\n\n\n<p style=\"font-size:18px\">Rejoindre SOLAAL\u00a0Bourgogne Franche Comt\u00e9, c\u2019est\u00a0d\u00e9velopper des solutions concr\u00e8tes sur le terrain et prouver \u00e0 vos\u00a0membres, administrateurs, salari\u00e9s et parties prenantes la coh\u00e9rence de vos engagements.\u00a0<strong>La solidarit\u00e9 permet \u00e9galement de communiquer sur les m\u00e9tiers de l&rsquo;agriculture diff\u00e9remment et positivement.\u00a0<\/strong><\/p>\n\n\n\n<p style=\"font-size:16px\"><strong>L&rsquo;association SOLAAL Bourgogne Franche Comt\u00e9 est une association loi 1901 \u00e0 but non lucratif et elle est reconnue d&rsquo;int\u00e9r\u00eat g\u00e9n\u00e9ral ce qui permet de faire valoir un avoir fiscal de 60% du montant des sommes vers\u00e9es.<\/strong><\/p>\n\n\n\n<div style=\"height:9px\" aria-hidden=\"true\" class=\"wp-block-spacer\"><\/div>\n\n\n\n<h3 class=\"wp-block-heading has-large-font-size\">Pour en savoir plus<\/h3>\n\n\n\n<div class=\"wp-block-buttons is-layout-flex wp-block-buttons-is-layout-flex\">\n<div class=\"wp-block-button\"><a class=\"wp-block-button__link wp-element-button\" href=\"https:\/\/acrobat.adobe.com\/id\/urn:aaid:sc:EU:cbba2fbc-8920-466a-98ac-45f9c16bb643\" target=\"_blank\" rel=\"noreferrer noopener\">Plaquette du m\u00e9c\u00e8ne<\/a><\/div>\n<\/div>\n\n\n\n<div class=\"wp-block-buttons is-layout-flex wp-block-buttons-is-layout-flex\">\n<div class=\"wp-block-button\"><a class=\"wp-block-button__link wp-element-button\" href=\"https:\/\/acrobat.adobe.com\/link\/review?uri=urn:aaid:scds:US:54388c45-3a74-32ac-ad60-c807d1a93fac\" target=\"_blank\" rel=\"noreferrer noopener\">Fiche Team building<\/a><\/div>\n<\/div>\n\n\n\n\t<div class=\"wp-block-button-two\">\n\t\t<a href=\"https:\/\/www.solaal.org\/bourgogne-franche-comte\/contact\/\" target=\"_self\"><i><\/i>Contactez nos \u00e9quipes<\/a>\n\t<\/div>","protected":false},"excerpt":{"rendered":"<p>En soutenant SOLAAL Bourgogne Franche Comt\u00e9 vous accompagnez le d\u00e9veloppement du maillage territorial de l&rsquo;approvisionnement des associations d&rsquo;aide alimentaire : Boostez votre R.S.E La Responsabilit\u00e9 Soci\u00e9tale des Entreprises (R.S.E) est d\u00e9finie comme\u00a0\u00ab\u00a0l\u2019int\u00e9gration volontaire par les entreprises de pr\u00e9occupations sociales et environnementales \u00e0 leurs activit\u00e9s commerciales et leurs relations avec les parties prenantes.\u00a0\u00bbEn d\u2019autres termes, la [&hellip;]<\/p>\n","protected":false},"author":23,"featured_media":0,"parent":0,"menu_order":0,"comment_status":"closed","ping_status":"closed","template":"","meta":{"_acf_changed":false,"inline_featured_image":false,"footnotes":""},"class_list":["post-1252","page","type-page","status-publish","hentry"],"acf":[],"_links":{"self":[{"href":"https:\/\/www.solaal.org\/bourgogne-franche-comte\/wp-json\/wp\/v2\/pages\/1252","targetHints":{"allow":["GET"]}}],"collection":[{"href":"https:\/\/www.solaal.org\/bourgogne-franche-comte\/wp-json\/wp\/v2\/pages"}],"about":[{"href":"https:\/\/www.solaal.org\/bourgogne-franche-comte\/wp-json\/wp\/v2\/types\/page"}],"author":[{"embeddable":true,"href":"https:\/\/www.solaal.org\/bourgogne-franche-comte\/wp-json\/wp\/v2\/users\/23"}],"replies":[{"embeddable":true,"href":"https:\/\/www.solaal.org\/bourgogne-franche-comte\/wp-json\/wp\/v2\/comments?post=1252"}],"version-history":[{"count":1,"href":"https:\/\/www.solaal.org\/bourgogne-franche-comte\/wp-json\/wp\/v2\/pages\/1252\/revisions"}],"predecessor-version":[{"id":1278,"href":"https:\/\/www.solaal.org\/bourgogne-franche-comte\/wp-json\/wp\/v2\/pages\/1252\/revisions\/1278"}],"wp:attachment":[{"href":"https:\/\/www.solaal.org\/bourgogne-franche-comte\/wp-json\/wp\/v2\/media?parent=1252"}],"curies":[{"name":"wp","href":"https:\/\/api.w.org\/{rel}","templated":true}]}}

<div class="wp-block-cover is-light"><span aria-hidden="true" class="wp-block-cover__background has-background-dim" style="background-color:#9a9c93"></span><img decoding="async" class="wp-block-cover__image-background wp-image-3797" alt="" src="https://www.solaal.org/hauts-de-france/wp-content/uploads/sites/18/2024/12/24_09_19-Glanage-solidaire-Vergers-de-Saulty-62-ADM-Uthopia-2.jpg" style="object-position:54% 78%" data-object-fit="cover" data-object-position="54% 78%" /><div class="wp-block-cover__inner-container is-layout-constrained wp-block-cover-is-layout-constrained">
<p class="has-text-align-center has-white-color has-text-color has-link-color has-large-font-size wp-elements-09f4b9bfdd0a8eca4e1a3c1263b56127"><strong>Vous souhaitez booster votre RSE</strong> </p>



<p class="has-text-align-center has-white-color has-text-color has-link-color has-large-font-size wp-elements-335e509c70c2b7d8bbcb334b00b39f91"><strong>et votre visibilité ? Rejoignez-nous ! </strong></p>
</div></div>



<div style="height:9px" aria-hidden="true" class="wp-block-spacer"></div>



<p style="font-size:18px"><strong>En soutenant <strong>SOLAAL Bourgogne Franche Comté</strong> vous accompagnez le développement du maillage territorial de l&rsquo;approvisionnement des associations d&rsquo;aide alimentaire :</strong></p>



<ul class="wp-block-list">
<li><strong>Est la seule association qui facilite les dons des acteurs agricole et agro-alimentaire vers les associations d’aide alimentaire</strong></li>



<li><strong>Accompagne les donateurs dans la gestion logistique et administrative de leurs dons </strong></li>



<li><strong>Vient en appui des associations d’aide alimentaire en diversifiant leur approvisionnement en produits alimentaires</strong></li>



<li><strong>Fournit des produits frais à des personnes en précarité alimentaire </strong></li>



<li><strong>Innove au service du don. C’est le maillon indispensable dans la chaîne du don</strong></li>
</ul>



<div style="height:6px" aria-hidden="true" class="wp-block-spacer"></div>



<h3 class="wp-block-heading has-large-font-size">Boostez votre R.S.E</h3>



<p style="font-size:18px">La Responsabilité Sociétale des Entreprises (R.S.E) est définie comme « l’<strong>intégration volontaire par les entreprises de préoccupations sociales et environnementales à leurs activités commerciales et leurs relations avec les parties prenantes</strong>. »<br>En d’autres termes, la R.S.E est la recherche d’une entreprise à avoir un impact positif sur la société tout en étant économiquement viable.<br><br>Dans le cadre des activités de SOLAAL Bourgogne Franche Comté, <strong>votre soutien contribue à 5 Objectifs de développement durable</strong> (O.D.D).</p>



<div class="wp-block-columns are-vertically-aligned-center is-layout-flex wp-container-core-columns-is-layout-9d6595d7 wp-block-columns-is-layout-flex">
<div class="wp-block-column is-vertically-aligned-center is-layout-flow wp-block-column-is-layout-flow">
<figure class="wp-block-image size-full"><img decoding="async" src="https://www.solaal.org/hauts-de-france/wp-content/uploads/sites/18/2022/08/ODD-1.png" alt="" class="wp-image-1374" /></figure>
</div>



<div class="wp-block-column is-vertically-aligned-center is-layout-flow wp-block-column-is-layout-flow">
<figure class="wp-block-image size-full"><img decoding="async" src="https://www.solaal.org/hauts-de-france/wp-content/uploads/sites/18/2022/08/ODD-2.png" alt="" class="wp-image-1376" /></figure>
</div>



<div class="wp-block-column is-vertically-aligned-center is-layout-flow wp-block-column-is-layout-flow">
<figure class="wp-block-image size-full"><img decoding="async" src="https://www.solaal.org/hauts-de-france/wp-content/uploads/sites/18/2022/08/ODD-3.png" alt="" class="wp-image-1377" /></figure>
</div>



<div class="wp-block-column is-vertically-aligned-center is-layout-flow wp-block-column-is-layout-flow">
<figure class="wp-block-image size-full"><img decoding="async" src="https://www.solaal.org/hauts-de-france/wp-content/uploads/sites/18/2022/08/ODD-10.png" alt="" class="wp-image-1375" /></figure>
</div>



<div class="wp-block-column is-vertically-aligned-center is-layout-flow wp-block-column-is-layout-flow">
<figure class="wp-block-image size-full"><img decoding="async" src="https://www.solaal.org/hauts-de-france/wp-content/uploads/sites/18/2022/08/ODD-12.png" alt="" class="wp-image-1378" /></figure>
</div>
</div>



<p style="font-size:18px">Les O.D.D, également nommés Objectifs mondiaux,&nbsp;sont&nbsp;un appel mondial à agir pour éradiquer la pauvreté, protéger la Planète et faire en sorte que tous les êtres humains vivent dans la paix et la prospérité.</p>



<div style="height:2px" aria-hidden="true" class="wp-block-spacer"></div>



<h3 class="wp-block-heading has-large-font-size">Accroissez votre visibilité</h3>


<div class="wp-block-image">
<figure class="aligncenter size-large"><img decoding="async" src="https://www.solaal.org/hauts-de-france/wp-content/uploads/sites/18/2023/02/Capture-decran-2023-02-01-113350-1024x422.png" alt="" class="wp-image-3070" /></figure>
</div>


<p style="font-size:18px">Rejoindre SOLAAL Bourgogne Franche Comté, c’est développer des solutions concrètes sur le terrain et prouver à vos membres, administrateurs, salariés et parties prenantes la cohérence de vos engagements. <strong>La solidarité permet également de communiquer sur les métiers de l&rsquo;agriculture différemment et positivement. </strong></p>



<p style="font-size:16px"><strong>L&rsquo;association SOLAAL Bourgogne Franche Comté est une association loi 1901 à but non lucratif et elle est reconnue d&rsquo;intérêt général ce qui permet de faire valoir un avoir fiscal de 60% du montant des sommes versées.</strong></p>



<div style="height:9px" aria-hidden="true" class="wp-block-spacer"></div>



<h3 class="wp-block-heading has-large-font-size">Pour en savoir plus</h3>



<div class="wp-block-buttons is-layout-flex wp-block-buttons-is-layout-flex">
<div class="wp-block-button"><a class="wp-block-button__link wp-element-button" href="https://acrobat.adobe.com/id/urn:aaid:sc:EU:cbba2fbc-8920-466a-98ac-45f9c16bb643" target="_blank" rel="noreferrer noopener">Plaquette du mécène</a></div>
</div>



<div class="wp-block-buttons is-layout-flex wp-block-buttons-is-layout-flex">
<div class="wp-block-button"><a class="wp-block-button__link wp-element-button" href="https://acrobat.adobe.com/link/review?uri=urn:aaid:scds:US:54388c45-3a74-32ac-ad60-c807d1a93fac" target="_blank" rel="noreferrer noopener">Fiche Team building</a></div>
</div>



	<div class="wp-block-button-two">
		<a href="https://www.solaal.org/bourgogne-franche-comte/contact/" target="_self"><i></i>Contactez nos équipes</a>
	</div>

<p>En soutenant SOLAAL Bourgogne Franche Comté vous accompagnez le développement du maillage territorial de l&rsquo;approvisionnement des associations d&rsquo;aide alimentaire : Boostez votre R.S.E La Responsabilité Sociétale des Entreprises (R.S.E) est définie comme « l’intégration volontaire par les entreprises de préoccupations sociales et environnementales à leurs activités commerciales et leurs relations avec les parties prenantes. »En d’autres termes, la [&hellip;]</p>
