{"id":1134,"date":"2025-10-08T15:11:36","date_gmt":"2025-10-08T13:11:36","guid":{"rendered":"https:\/\/www.solaal.org\/nouvelle-aquitaine\/vendez-et-achetez-solidaire\/"},"modified":"2025-10-14T16:28:20","modified_gmt":"2025-10-14T14:28:20","slug":"vendez-et-achetez-solidaire","status":"publish","type":"page","link":"https:\/\/www.solaal.org\/bourgogne-franche-comte\/vendez-et-achetez-solidaire\/","title":{"rendered":"Vendez et achetez solidaire !"},"content":{"rendered":"<div class=\"wp-block-image\">\n<figure class=\"alignleft size-full is-resized\"><img decoding=\"async\" src=\"https:\/\/www.solaal.org\/nouvelle-aquitaine\/wp-content\/uploads\/sites\/33\/2025\/10\/logo-achat-VF.png\" alt=\"\" class=\"wp-image-471\" style=\"width:277px;height:auto\" \/><\/figure>\n<\/div>\n\n\n<p>SOLAAL propose, en compl\u00e9ment des dons, une activit\u00e9 d&rsquo;achats-ventes solidaires aupr\u00e8s des acteurs agricoles pour faire face \u00e0 une augmentation du nombre de personnes en pr\u00e9carit\u00e9 alimentaire. Elle permet d&rsquo;apporter des d\u00e9bouch\u00e9s suppl\u00e9mentaires aux vendeurs agricoles qui souhaitent s&rsquo;inscrire dans une d\u00e9marche solidaire.<\/p>\n\n\n\n<p>SOLAAL se situe en tant qu&rsquo;interm\u00e9diaire entre le vendeur agricole et l&rsquo;association, comme elle l&rsquo;a exerc\u00e9 depuis plus de dix ans pour les dons.<\/p>\n\n\n<section class=\"home-left-text-and-right-images not-h2\">\n\t\t<div class=\"home-left-text-and-right-images-box inner wowo fadeInUp\">\n\t\t\t<div class=\"left\">\n\t\t\t\t<div class=\"transition-delay-1 wowo fadeInUp\">\n\t\t\t\t<h2>Notre expertise<\/h2>\n\t\t\t\t<\/div>\n\t\t\t\t<div class=\"transition-delay-2 wowo fadeInUp\">\n\t\t\t\t<h3>Notre engagement solidaire<\/h3>\n\t\t\t\t<\/div>\n\t\t\t\t<div class=\"transition-delay-3 wowo fadeInUp\">\n\t\t\t\t<p>SOLAAL organise des ventes solidaires dont\u00a0<strong>le prix est en accord avec le vendeur et acceptable par l\u2019association<\/strong>.<\/p>\n<p>Ce service s\u2019adapte aux besoins des vendeurs agricoles, que leurs propositions soient ponctuelles, r\u00e9guliu00e8res ou planifi\u00e9es. Concernant les associations, SOLAAL propose un service d\u2019accompagnement aux approvisionnements sur mesure.<\/p>\n<p>SOLAAL organise la mise en place du transport des produits, vous accompagne dans la gestion administrative et assure le service apru00e8s-vente.<\/p>\n\t\t\t\t\t\t\t\t\t<\/div>\n\t\t\t<\/div>\n\t\t\t<div class=\"right\">\n\t\t\t\t<div class=\"title\">\n\t\t\t\t\t<h2><\/h2>\n\t\t\t\t<\/div>\n\t\t\t\t<div class=\"block\">\n\t\t\t\t\t\t\t\t\t\t<div class=\"box\">\n\t\t\t\t\t\t<div class=\"img bg-img\" style=\"background-image: url();\">\n\t\t\t\t\t\t<\/div>\n\t\t\t\t\t\t<div class=\"text\">\n\t\t\t\t\t\t\t<h3>Sonia DA VEIGA<\/h3>\n\t\t\t\t\t\t\t<h4>Charg\u00e9e des achats-ventes solidaires<\/h4>\n\t\t\t\t\t\t<\/div>\n\t\t\t\t\t<\/div>\n\t\t\t\t\t\t\t\t\t<\/div>\n\t\t\t\t\t\t\t\t<div class=\"link\">\n\t\t\t\t\t<a class=\"btn btn-b btn-button\" href=\"mailto:s.daveiga@solaal.org \" target=\"_self\"><i><\/i>Contactez-nous !<\/a>\n\t\t\t\t<\/div>\n\t\t\t\t\t\t\t<\/div>\n\t\t<\/div>\n\t<\/section>\n\n\n\n<section class=\"wp-block-title-c\">\n\t<h2>T\u00e9moignages<\/h2>\n<\/section>\n\n\n<div class=\"wp-block-columns is-layout-flex wp-container-core-columns-is-layout-9d6595d7 wp-block-columns-is-layout-flex\">\n<div class=\"wp-block-column is-layout-flow wp-block-column-is-layout-flow\" style=\"flex-basis:33.33%\">\n<figure class=\"wp-block-image size-full\"><img decoding=\"async\" src=\"https:\/\/www.solaal.org\/nouvelle-aquitaine\/wp-content\/uploads\/sites\/33\/2025\/10\/Design-sans-titre-6.jpg\" alt=\"\" class=\"wp-image-473\" \/><\/figure>\n<\/div>\n\n\n\n<div class=\"wp-block-column is-layout-flow wp-block-column-is-layout-flow\" style=\"flex-basis:66.66%\">\n<p>\u00ab\u00a0Il y a quelques semaines, une personne de l\u2019association m\u2019a contact\u00e9e directement par mail. Nous avons fait un entretien t\u00e9l\u00e9phonique o\u00f9 elle m\u2019a expliqu\u00e9 le concept de leur association. En tant que famille de producteurs bio avons, tout de suite, adh\u00e9r\u00e9 \u00e0 leurs valeurs.\u00a0\u00bb<br>&nbsp;<\/p>\n\n\n\n<p class=\"has-text-align-right has-text-color has-link-color wp-elements-4148318056878995a2ca5977655591b3\" style=\"color:#e3680f\"><a href=\"https:\/\/www.solaal.org\/interview-de-la-famille-teulet-producteurs-de-fruits-et-legumes-frais\/\">Lire la suite&#8230;<\/a><\/p>\n<\/div>\n<\/div>\n\n\n\n<hr class=\"wp-block-separator has-text-color has-alpha-channel-opacity has-background\" style=\"background-color:#d6df22;color:#d6df22\" \/>\n\n\n\n<div class=\"wp-block-columns is-layout-flex wp-container-core-columns-is-layout-9d6595d7 wp-block-columns-is-layout-flex\">\n<div class=\"wp-block-column is-layout-flow wp-block-column-is-layout-flow\" style=\"flex-basis:66.66%\">\n<p>\u00ab\u00a0Nous avons \u00e9t\u00e9 agr\u00e9ablement surpris du volume d\u2019achat propos\u00e9 par les associations&nbsp;: 2 palettes pour la premi\u00e8re vente&nbsp;! Pour un petit service en d\u00e9veloppement, la mise en place avec SOLAAL a \u00e9t\u00e9 facile. C\u2019est une vraie fen\u00eatre de d\u00e9couverte de nos produits.\u00a0\u00bb<\/p>\n\n\n\n<p class=\"has-text-color has-link-color wp-elements-ab4e95ec6bdcf9f5b6539fc3646d7277\" style=\"color:#e3680f\"><a href=\"https:\/\/www.solaal.org\/interview-de-luc-barbier-president-de-vegafruits\/\">Lire la suit<\/a><a href=\"https:\/\/www.solaal.org\/interview-de-luc-barbier-president-de-vegafruits\/ Interview de Luc Barbier, pr\u00e9sident de Vegafruits | Solaal \u00ab La mise en place avec SOLAAL a \u00e9t\u00e9 facile. C\u2019est une vraie fen\u00eatre de d\u00e9couverte de nos produits. \u00bb selon Luc Barbier, pr\u00e9sident de Vegafruits Pouvez-vous d\u00e9crire votre activit\u00e9 ? Vegafruits est ...\">e &#8230;<\/a><\/p>\n<\/div>\n\n\n\n<div class=\"wp-block-column is-layout-flow wp-block-column-is-layout-flow\" style=\"flex-basis:33.33%\">\n<figure class=\"wp-block-image size-full\"><img decoding=\"async\" src=\"https:\/\/www.solaal.org\/nouvelle-aquitaine\/wp-content\/uploads\/sites\/33\/2025\/10\/photo_producteurs_la_cene_2500x1667-10.jpg\" alt=\"\" class=\"wp-image-475\" \/><\/figure>\n<\/div>\n<\/div>\n\n\n\n<hr class=\"wp-block-separator has-text-color has-alpha-channel-opacity has-background\" style=\"background-color:#d6df22;color:#d6df22\" \/>\n\n\n\n<div class=\"wp-block-columns is-layout-flex wp-container-core-columns-is-layout-9d6595d7 wp-block-columns-is-layout-flex\">\n<div class=\"wp-block-column is-layout-flow wp-block-column-is-layout-flow\" style=\"flex-basis:33.33%\">\n<figure class=\"wp-block-image size-large\"><img decoding=\"async\" src=\"https:\/\/www.solaal.org\/nouvelle-aquitaine\/wp-content\/uploads\/sites\/33\/2025\/10\/120-1-1024x727.jpg\" alt=\"\" class=\"wp-image-477\" \/><\/figure>\n<\/div>\n\n\n\n<div class=\"wp-block-column is-layout-flow wp-block-column-is-layout-flow\" style=\"flex-basis:66.66%\">\n<p>\u00ab\u00a0Ce march\u00e9 solidaire est une vraie passerelle entre producteurs et consommateurs. Il favorise une alimentation saine, de qualit\u00e9, et locale, tout en soutenant une \u00e9conomie circulaire et respectueuse de tous.\u00a0\u00bb <\/p>\n\n\n\n<p class=\"has-text-align-right has-text-color has-link-color wp-elements-182af8abf01840dbe33d2dd2bdc16094\" style=\"color:#e3680f\"><a href=\"https:\/\/www.solaal.org\/vente-solidaire-zoom-sur-fort-et-vert\/\">Lire la suite&#8230;.&nbsp;<\/a><\/p>\n<\/div>\n<\/div>\n\n\n\n<hr class=\"wp-block-separator has-text-color has-alpha-channel-opacity has-background\" style=\"background-color:#d6df22;color:#d6df22\" \/>\n\n\n\n<div class=\"wp-block-columns is-layout-flex wp-container-core-columns-is-layout-9d6595d7 wp-block-columns-is-layout-flex\">\n<div class=\"wp-block-column is-layout-flow wp-block-column-is-layout-flow\" style=\"flex-basis:33.33%\">\n<figure class=\"wp-block-image size-large\"><img decoding=\"async\" src=\"https:\/\/www.solaal.org\/nouvelle-aquitaine\/wp-content\/uploads\/sites\/33\/2025\/10\/Image1-1024x626.jpg\" alt=\"\" class=\"wp-image-479\" \/><\/figure>\n<\/div>\n\n\n\n<div class=\"wp-block-column is-vertically-aligned-center is-layout-flow wp-block-column-is-layout-flow\" style=\"flex-basis:66.66%\">\n<p>\u00ab\u00a0<em>SOLAAL est r\u00e9active et disponible. Nous sommes ravis de cette collaboration et esp\u00e9rons qu\u2019elle perdure<\/em>.\u00a0\u00bb<\/p>\n\n\n\n<p class=\"has-text-align-right has-text-color has-link-color wp-elements-9f8dce5c3398c17ffcd58b1101dea456\" style=\"color:#e3680f\"><a href=\"https:\/\/www.solaal.org\/donner-plutot-que-jeter-lengagement-de-novapom\/\">Lire la suite&#8230;.&nbsp;<\/a><\/p>\n<\/div>\n<\/div>\n\n\n\n<hr class=\"wp-block-separator has-text-color has-alpha-channel-opacity has-background\" style=\"background-color:#d6df22;color:#d6df22\" \/>\n\n\n\n<div class=\"wp-block-columns is-layout-flex wp-container-core-columns-is-layout-9d6595d7 wp-block-columns-is-layout-flex\">\n<div class=\"wp-block-column is-layout-flow wp-block-column-is-layout-flow\" style=\"flex-basis:33.33%\">\n<figure class=\"wp-block-image size-large\"><img decoding=\"async\" src=\"https:\/\/www.solaal.org\/nouvelle-aquitaine\/wp-content\/uploads\/sites\/33\/2025\/10\/Gb9ii9o-1024x683.jpeg\" alt=\"\" class=\"wp-image-481\" \/><\/figure>\n<\/div>\n\n\n\n<div class=\"wp-block-column is-vertically-aligned-center is-layout-flow wp-block-column-is-layout-flow\" style=\"flex-basis:66.66%\">\n<p><em>\u00abNous souhaitons nous inscrire dans une d\u00e9marche de partenariat de long terme avec SOLAAL. Nous nous r\u00e9jouissons de voir nos produits distribu\u00e9s dans d\u2019autres d\u00e9partements, et esp\u00e9rons pouvoir en atteindre de nombreux autres prochainement\u00bb<\/em><\/p>\n\n\n\n<p class=\"has-text-align-right has-text-color has-link-color wp-elements-3d7cbd1f49a876ad53f4dda7f8dae7b8\" style=\"color:#e3680f\"><a href=\"https:\/\/www.solaal.org\/les-chtites-poules-acteur-de-la-solidarite-alimentaire\/\" target=\"_blank\" rel=\"noreferrer noopener\">Lire la suite&#8230;.&nbsp;<\/a><\/p>\n<\/div>\n<\/div>\n\n\n","protected":false},"excerpt":{"rendered":"<p>SOLAAL propose, en compl\u00e9ment des dons, une activit\u00e9 d&rsquo;achats-ventes solidaires aupr\u00e8s des acteurs agricoles pour faire face \u00e0 une augmentation du nombre de personnes en pr\u00e9carit\u00e9 alimentaire. Elle permet d&rsquo;apporter des d\u00e9bouch\u00e9s suppl\u00e9mentaires aux vendeurs agricoles qui souhaitent s&rsquo;inscrire dans une d\u00e9marche solidaire. SOLAAL se situe en tant qu&rsquo;interm\u00e9diaire entre le vendeur agricole et l&rsquo;association, [&hellip;]<\/p>\n","protected":false},"author":2,"featured_media":0,"parent":0,"menu_order":0,"comment_status":"closed","ping_status":"closed","template":"","meta":{"_acf_changed":true,"inline_featured_image":false,"footnotes":""},"class_list":["post-1134","page","type-page","status-publish","hentry"],"acf":[],"_links":{"self":[{"href":"https:\/\/www.solaal.org\/bourgogne-franche-comte\/wp-json\/wp\/v2\/pages\/1134","targetHints":{"allow":["GET"]}}],"collection":[{"href":"https:\/\/www.solaal.org\/bourgogne-franche-comte\/wp-json\/wp\/v2\/pages"}],"about":[{"href":"https:\/\/www.solaal.org\/bourgogne-franche-comte\/wp-json\/wp\/v2\/types\/page"}],"author":[{"embeddable":true,"href":"https:\/\/www.solaal.org\/bourgogne-franche-comte\/wp-json\/wp\/v2\/users\/2"}],"replies":[{"embeddable":true,"href":"https:\/\/www.solaal.org\/bourgogne-franche-comte\/wp-json\/wp\/v2\/comments?post=1134"}],"version-history":[{"count":0,"href":"https:\/\/www.solaal.org\/bourgogne-franche-comte\/wp-json\/wp\/v2\/pages\/1134\/revisions"}],"wp:attachment":[{"href":"https:\/\/www.solaal.org\/bourgogne-franche-comte\/wp-json\/wp\/v2\/media?parent=1134"}],"curies":[{"name":"wp","href":"https:\/\/api.w.org\/{rel}","templated":true}]}}

<div class="wp-block-image">
<figure class="alignleft size-full is-resized"><img decoding="async" src="https://www.solaal.org/nouvelle-aquitaine/wp-content/uploads/sites/33/2025/10/logo-achat-VF.png" alt="" class="wp-image-471" style="width:277px;height:auto" /></figure>
</div>


<p>SOLAAL propose, en complément des dons, une activité d&rsquo;achats-ventes solidaires auprès des acteurs agricoles pour faire face à une augmentation du nombre de personnes en précarité alimentaire. Elle permet d&rsquo;apporter des débouchés supplémentaires aux vendeurs agricoles qui souhaitent s&rsquo;inscrire dans une démarche solidaire.</p>



<p>SOLAAL se situe en tant qu&rsquo;intermédiaire entre le vendeur agricole et l&rsquo;association, comme elle l&rsquo;a exercé depuis plus de dix ans pour les dons.</p>


<section class="home-left-text-and-right-images not-h2">
		<div class="home-left-text-and-right-images-box inner wowo fadeInUp">
			<div class="left">
				<div class="transition-delay-1 wowo fadeInUp">
				<h2>Notre expertise</h2>
				</div>
				<div class="transition-delay-2 wowo fadeInUp">
				<h3>Notre engagement solidaire</h3>
				</div>
				<div class="transition-delay-3 wowo fadeInUp">
				<p>SOLAAL organise des ventes solidaires dont <strong>le prix est en accord avec le vendeur et acceptable par l’association</strong>.</p>
<p>Ce service s’adapte aux besoins des vendeurs agricoles, que leurs propositions soient ponctuelles, réguliu00e8res ou planifiées. Concernant les associations, SOLAAL propose un service d’accompagnement aux approvisionnements sur mesure.</p>
<p>SOLAAL organise la mise en place du transport des produits, vous accompagne dans la gestion administrative et assure le service apru00e8s-vente.</p>
									</div>
			</div>
			<div class="right">
				<div class="title">
					<h2></h2>
				</div>
				<div class="block">
										<div class="box">
						<div class="img bg-img" style="background-image: url();">
						</div>
						<div class="text">
							<h3>Sonia DA VEIGA</h3>
							<h4>Chargée des achats-ventes solidaires</h4>
						</div>
					</div>
									</div>
								<div class="link">
					<a class="btn btn-b btn-button" href="mailto:s.daveiga@solaal.org " target="_self"><i></i>Contactez-nous !</a>
				</div>
							</div>
		</div>
	</section>



<section class="wp-block-title-c">
	<h2>Témoignages</h2>
</section>


<div class="wp-block-columns is-layout-flex wp-container-core-columns-is-layout-9d6595d7 wp-block-columns-is-layout-flex">
<div class="wp-block-column is-layout-flow wp-block-column-is-layout-flow" style="flex-basis:33.33%">
<figure class="wp-block-image size-full"><img decoding="async" src="https://www.solaal.org/nouvelle-aquitaine/wp-content/uploads/sites/33/2025/10/Design-sans-titre-6.jpg" alt="" class="wp-image-473" /></figure>
</div>



<div class="wp-block-column is-layout-flow wp-block-column-is-layout-flow" style="flex-basis:66.66%">
<p>« Il y a quelques semaines, une personne de l’association m’a contactée directement par mail. Nous avons fait un entretien téléphonique où elle m’a expliqué le concept de leur association. En tant que famille de producteurs bio avons, tout de suite, adhéré à leurs valeurs. »<br>&nbsp;</p>



<p class="has-text-align-right has-text-color has-link-color wp-elements-4148318056878995a2ca5977655591b3" style="color:#e3680f"><a href="https://www.solaal.org/interview-de-la-famille-teulet-producteurs-de-fruits-et-legumes-frais/">Lire la suite&#8230;</a></p>
</div>
</div>



<hr class="wp-block-separator has-text-color has-alpha-channel-opacity has-background" style="background-color:#d6df22;color:#d6df22" />



<div class="wp-block-columns is-layout-flex wp-container-core-columns-is-layout-9d6595d7 wp-block-columns-is-layout-flex">
<div class="wp-block-column is-layout-flow wp-block-column-is-layout-flow" style="flex-basis:66.66%">
<p>« Nous avons été agréablement surpris du volume d’achat proposé par les associations&nbsp;: 2 palettes pour la première vente&nbsp;! Pour un petit service en développement, la mise en place avec SOLAAL a été facile. C’est une vraie fenêtre de découverte de nos produits. »</p>



<p class="has-text-color has-link-color wp-elements-ab4e95ec6bdcf9f5b6539fc3646d7277" style="color:#e3680f"><a href="https://www.solaal.org/interview-de-luc-barbier-president-de-vegafruits/">Lire la suit</a><a href="https://www.solaal.org/interview-de-luc-barbier-president-de-vegafruits/ Interview de Luc Barbier, président de Vegafruits | Solaal « La mise en place avec SOLAAL a été facile. C’est une vraie fenêtre de découverte de nos produits. » selon Luc Barbier, président de Vegafruits Pouvez-vous décrire votre activité ? Vegafruits est ...">e &#8230;</a></p>
</div>



<div class="wp-block-column is-layout-flow wp-block-column-is-layout-flow" style="flex-basis:33.33%">
<figure class="wp-block-image size-full"><img decoding="async" src="https://www.solaal.org/nouvelle-aquitaine/wp-content/uploads/sites/33/2025/10/photo_producteurs_la_cene_2500x1667-10.jpg" alt="" class="wp-image-475" /></figure>
</div>
</div>



<hr class="wp-block-separator has-text-color has-alpha-channel-opacity has-background" style="background-color:#d6df22;color:#d6df22" />



<div class="wp-block-columns is-layout-flex wp-container-core-columns-is-layout-9d6595d7 wp-block-columns-is-layout-flex">
<div class="wp-block-column is-layout-flow wp-block-column-is-layout-flow" style="flex-basis:33.33%">
<figure class="wp-block-image size-large"><img decoding="async" src="https://www.solaal.org/nouvelle-aquitaine/wp-content/uploads/sites/33/2025/10/120-1-1024x727.jpg" alt="" class="wp-image-477" /></figure>
</div>



<div class="wp-block-column is-layout-flow wp-block-column-is-layout-flow" style="flex-basis:66.66%">
<p>« Ce marché solidaire est une vraie passerelle entre producteurs et consommateurs. Il favorise une alimentation saine, de qualité, et locale, tout en soutenant une économie circulaire et respectueuse de tous. » </p>



<p class="has-text-align-right has-text-color has-link-color wp-elements-182af8abf01840dbe33d2dd2bdc16094" style="color:#e3680f"><a href="https://www.solaal.org/vente-solidaire-zoom-sur-fort-et-vert/">Lire la suite&#8230;.&nbsp;</a></p>
</div>
</div>



<hr class="wp-block-separator has-text-color has-alpha-channel-opacity has-background" style="background-color:#d6df22;color:#d6df22" />



<div class="wp-block-columns is-layout-flex wp-container-core-columns-is-layout-9d6595d7 wp-block-columns-is-layout-flex">
<div class="wp-block-column is-layout-flow wp-block-column-is-layout-flow" style="flex-basis:33.33%">
<figure class="wp-block-image size-large"><img decoding="async" src="https://www.solaal.org/nouvelle-aquitaine/wp-content/uploads/sites/33/2025/10/Image1-1024x626.jpg" alt="" class="wp-image-479" /></figure>
</div>



<div class="wp-block-column is-vertically-aligned-center is-layout-flow wp-block-column-is-layout-flow" style="flex-basis:66.66%">
<p>« <em>SOLAAL est réactive et disponible. Nous sommes ravis de cette collaboration et espérons qu’elle perdure</em>. »</p>



<p class="has-text-align-right has-text-color has-link-color wp-elements-9f8dce5c3398c17ffcd58b1101dea456" style="color:#e3680f"><a href="https://www.solaal.org/donner-plutot-que-jeter-lengagement-de-novapom/">Lire la suite&#8230;.&nbsp;</a></p>
</div>
</div>



<hr class="wp-block-separator has-text-color has-alpha-channel-opacity has-background" style="background-color:#d6df22;color:#d6df22" />



<div class="wp-block-columns is-layout-flex wp-container-core-columns-is-layout-9d6595d7 wp-block-columns-is-layout-flex">
<div class="wp-block-column is-layout-flow wp-block-column-is-layout-flow" style="flex-basis:33.33%">
<figure class="wp-block-image size-large"><img decoding="async" src="https://www.solaal.org/nouvelle-aquitaine/wp-content/uploads/sites/33/2025/10/Gb9ii9o-1024x683.jpeg" alt="" class="wp-image-481" /></figure>
</div>



<div class="wp-block-column is-vertically-aligned-center is-layout-flow wp-block-column-is-layout-flow" style="flex-basis:66.66%">
<p><em>«Nous souhaitons nous inscrire dans une démarche de partenariat de long terme avec SOLAAL. Nous nous réjouissons de voir nos produits distribués dans d’autres départements, et espérons pouvoir en atteindre de nombreux autres prochainement»</em></p>



<p class="has-text-align-right has-text-color has-link-color wp-elements-3d7cbd1f49a876ad53f4dda7f8dae7b8" style="color:#e3680f"><a href="https://www.solaal.org/les-chtites-poules-acteur-de-la-solidarite-alimentaire/" target="_blank" rel="noreferrer noopener">Lire la suite&#8230;.&nbsp;</a></p>
</div>
</div>

<p>SOLAAL propose, en complément des dons, une activité d&rsquo;achats-ventes solidaires auprès des acteurs agricoles pour faire face à une augmentation du nombre de personnes en précarité alimentaire. Elle permet d&rsquo;apporter des débouchés supplémentaires aux vendeurs agricoles qui souhaitent s&rsquo;inscrire dans une démarche solidaire. SOLAAL se situe en tant qu&rsquo;intermédiaire entre le vendeur agricole et l&rsquo;association, [&hellip;]</p>
