{"id":1055,"date":"2024-11-18T16:48:59","date_gmt":"2024-11-18T15:48:59","guid":{"rendered":"https:\/\/www.solaal.org\/bourgogne-franche-comte\/?page_id=1055"},"modified":"2024-11-18T16:49:00","modified_gmt":"2024-11-18T15:49:00","slug":"nos-membres","status":"publish","type":"page","link":"https:\/\/www.solaal.org\/bourgogne-franche-comte\/decouvrez-lassociation\/nos-membres\/","title":{"rendered":"Nos membres"},"content":{"rendered":"\n\t<section class=\"actualites-list not-h2\">\n\t\t<div class=\"actualites-list-box inner\">\n\t\t\n\t\t\t\n\t\t\t<div class=\"filtrer part-membres-filtrer\">\n\t\t\t\t<span>Filtrer :<\/span>\n\t\t\t\t<div class=\"filtrer-box\">\n\t\t\t\t\t\t\t\t            <div class=\"box\" data=\"10\">\n\t\t\t\t\t\t\t<a href=\"https:\/\/www.solaal.org\/bourgogne-franche-comte\/?part-membres_categories=membres-bienfaiteurs\">Membres bienfaiteurs<sup>(1)<\/sup><\/a>\n\t\t\t\t\t\t<\/div>\n\n\t\t\t\t\t\t\t\t            <div class=\"box\" data=\"9\">\n\t\t\t\t\t\t\t<a href=\"https:\/\/www.solaal.org\/bourgogne-franche-comte\/?part-membres_categories=membres-solidaires\">Membres solidaires<sup>(5)<\/sup><\/a>\n\t\t\t\t\t\t<\/div>\n\n\t\t\t\t\t\t\t\t\t<\/div>\n\t\t\t<\/div>\n\t\t\t<div class=\"part-membres-content 111\">\n\t\t\t\t\t\t\t\t\t\t\n\t\t\t\t\t\t\t\t\t\t\t\n\t\t\t\t\t\t<div class=\"list\">\n\t\t\t\t\t\t\t<div class=\"list-box\">\n\t\t\t\t\t\t\t\t<div class=\"img-c\">\n\t\t\t\t\t\t\t        <div class=\"img\" style=\"background-image: url(https:\/\/www.solaal.org\/bourgogne-franche-comte\/wp-content\/uploads\/sites\/32\/2024\/11\/CRA.jpg);\"><\/div>\n\t\t\t\t\t\t\t\t<\/div>\n\t\t\t\t\t\t\t\t<div class=\"title-c\">\n\t\t\t\t\t\t\t\t\t<h2>Chambre d&rsquo;agriculture Bourgogne Franche Comt\u00e9 et chambres d&rsquo;agriculture d\u00e9partementales<\/h2>\n\t\t\t\t\t\t\t\t<\/div>\n\t\t\t\t\t\t\t<\/div>\n\t\t\t\t\t\t<\/div>\n\t\t\t\t\t\t\t\t\t\t\t\t\t\t\t\n\t\t\t\t\t\t<div class=\"list\">\n\t\t\t\t\t\t\t<div class=\"list-box\">\n\t\t\t\t\t\t\t\t<div class=\"img-c\">\n\t\t\t\t\t\t\t        <div class=\"img\" style=\"background-image: url(https:\/\/www.solaal.org\/bourgogne-franche-comte\/wp-content\/uploads\/sites\/32\/2024\/11\/logo-FRSEA.png);\"><\/div>\n\t\t\t\t\t\t\t\t<\/div>\n\t\t\t\t\t\t\t\t<div class=\"title-c\">\n\t\t\t\t\t\t\t\t\t<h2>FRSEA Bourgogne Franche Comt\u00e9 et f\u00e9d\u00e9rations d\u00e9partementales<\/h2>\n\t\t\t\t\t\t\t\t<\/div>\n\t\t\t\t\t\t\t<\/div>\n\t\t\t\t\t\t<\/div>\n\t\t\t\t\t\t\t\t\t\t\t\t\t\t\t\n\t\t\t\t\t\t<div class=\"list\">\n\t\t\t\t\t\t\t<div class=\"list-box\">\n\t\t\t\t\t\t\t\t<div class=\"img-c\">\n\t\t\t\t\t\t\t        <div class=\"img\" style=\"background-image: url(https:\/\/www.solaal.org\/bourgogne-franche-comte\/wp-content\/uploads\/sites\/32\/2024\/11\/logo-JA-BFC.png);\"><\/div>\n\t\t\t\t\t\t\t\t<\/div>\n\t\t\t\t\t\t\t\t<div class=\"title-c\">\n\t\t\t\t\t\t\t\t\t<h2>Jeunes Agriculteurs Bourgogne Franche Comt\u00e9 et JA d\u00e9partementaux<\/h2>\n\t\t\t\t\t\t\t\t<\/div>\n\t\t\t\t\t\t\t<\/div>\n\t\t\t\t\t\t<\/div>\n\t\t\t\t\t\t\t\t\t\t\t\t\t\t\t\n\t\t\t\t\t\t<div class=\"list\">\n\t\t\t\t\t\t\t<div class=\"list-box\">\n\t\t\t\t\t\t\t\t<div class=\"img-c\">\n\t\t\t\t\t\t\t        <div class=\"img\" style=\"background-image: url(https:\/\/www.solaal.org\/bourgogne-franche-comte\/wp-content\/uploads\/sites\/32\/2024\/11\/MSA.jpg);\"><\/div>\n\t\t\t\t\t\t\t\t<\/div>\n\t\t\t\t\t\t\t\t<div class=\"title-c\">\n\t\t\t\t\t\t\t\t\t<h2>MSA Bourgogne et Franche-Comt\u00e9<\/h2>\n\t\t\t\t\t\t\t\t<\/div>\n\t\t\t\t\t\t\t<\/div>\n\t\t\t\t\t\t<\/div>\n\t\t\t\t\t\t\t\t\t\t\t\t\t\t\t\n\t\t\t\t\t\t<div class=\"list\">\n\t\t\t\t\t\t\t<div class=\"list-box\">\n\t\t\t\t\t\t\t\t<div class=\"img-c\">\n\t\t\t\t\t\t\t        <div class=\"img\" style=\"background-image: url(https:\/\/www.solaal.org\/bourgogne-franche-comte\/wp-content\/uploads\/sites\/32\/2024\/11\/logo-CERFRANCE-BFC.jpg);\"><\/div>\n\t\t\t\t\t\t\t\t<\/div>\n\t\t\t\t\t\t\t\t<div class=\"title-c\">\n\t\t\t\t\t\t\t\t\t<h2>CER France BFC<\/h2>\n\t\t\t\t\t\t\t\t<\/div>\n\t\t\t\t\t\t\t<\/div>\n\t\t\t\t\t\t<\/div>\n\t\t\t\t\t\t\t\t\t\t\t\t\t\t\t\n\t\t\t\t\t\t<div class=\"list\">\n\t\t\t\t\t\t\t<div class=\"list-box\">\n\t\t\t\t\t\t\t\t<div class=\"img-c\">\n\t\t\t\t\t\t\t        <div class=\"img\" style=\"background-image: url(https:\/\/www.solaal.org\/bourgogne-franche-comte\/wp-content\/uploads\/sites\/32\/2025\/03\/Creditagricole-1024x576.jpg);\"><\/div>\n\t\t\t\t\t\t\t\t<\/div>\n\t\t\t\t\t\t\t\t<div class=\"title-c\">\n\t\t\t\t\t\t\t\t\t<h2>F\u00e9d\u00e9ration des caisses du Cr\u00e9dit Agricole Bourgogne Franche Comt\u00e9<\/h2>\n\t\t\t\t\t\t\t\t<\/div>\n\t\t\t\t\t\t\t<\/div>\n\t\t\t\t\t\t<\/div>\n\t\t\t\t\t\t\t\t\t\t\t\t\t\t\t\n\t\t\t\t\t\t<div class=\"list\">\n\t\t\t\t\t\t\t<div class=\"list-box\">\n\t\t\t\t\t\t\t\t<div class=\"img-c\">\n\t\t\t\t\t\t\t        <div class=\"img\" style=\"background-image: url(https:\/\/www.solaal.org\/bourgogne-franche-comte\/wp-content\/uploads\/sites\/32\/2025\/07\/SAFER-BFC.png);\"><\/div>\n\t\t\t\t\t\t\t\t<\/div>\n\t\t\t\t\t\t\t\t<div class=\"title-c\">\n\t\t\t\t\t\t\t\t\t<h2>SAFER BFC<\/h2>\n\t\t\t\t\t\t\t\t<\/div>\n\t\t\t\t\t\t\t<\/div>\n\t\t\t\t\t\t<\/div>\n\t\t\t\t\t\t\t\t\t\t\t\t<\/div>\n\t\t\t\t\t\t\t\t\t<div class=\"part-membres-btn\">\n\t\t\t\t<a  class=\"btn btn-b btn-button\" href=\"https:\/\/www.solaal.org\/bourgogne-franche-comte\/\" target=\"_self\" ><i><\/i>Nous rejoindre !<\/a>\n\t\t\t<\/div>\n\t\t\t\t\t<\/div>\n\t<\/section>\n\t\n\n\t<script>\n\t\t\tjQuery(\".part-membres-filtrer .filtrer-box .box a\").click(function (e) {\n\t\t    \te.preventDefault();\n\t\t\t    \tvar me = jQuery(this);\n\t\t\t    \tme.parents(\".box\").siblings().children(\"a\").removeClass(\"is-active\");\n\t\t\t    \t\n\t\t\t\t\tvar dataid=\"\";\n\t\t\n\t\t\t\t\tif(me.hasClass(\"is-active\")){\n\t\t\t\t\t\tdataid=\"all\";\n\t\t\t\t\t}else{\n\t\t\t\t\t\tdataid=me.parents(\".box\").attr(\"data\");\n\t\t\t\t\t}\n\t\t\t\t\tme.toggleClass(\"is-active\");\n\t\t\t\t\t\n\t\t\t\t\t\n\t\t\t\tvar blogList = jQuery(\".part-membres-content\");\n\t\t\t\tblogList.addClass(\"is-active\");\n\t\t\t\tjQuery.ajax({\n\t\t\t      \ttype: \"POST\",\n\t\t\t      \turl: \"https:\/\/www.solaal.org\/bourgogne-franche-comte\/wp-content\/themes\/Solaal\/ajax-part-membres-category.php\",\n\t\t\t     \tdata: {\"dataid\": dataid},\n\t\t\t      \tsuccess: function (msg) {\n\t\t\t\t\tblogList.removeClass(\"is-active\");\n\n\t\t\t          \n\t\t\t          blogList.html(msg);\n\t\t\t\t\t\t\n\t\t\t\t\t\t\n\t\t\t      \t}\n\t\t\t  \t});\n\t\t\n\t\t \t});\n\t\t<\/script>","protected":false},"excerpt":{"rendered":"","protected":false},"author":23,"featured_media":0,"parent":881,"menu_order":0,"comment_status":"closed","ping_status":"closed","template":"","meta":{"_acf_changed":false,"inline_featured_image":false,"footnotes":""},"class_list":["post-1055","page","type-page","status-publish","hentry"],"acf":[],"_links":{"self":[{"href":"https:\/\/www.solaal.org\/bourgogne-franche-comte\/wp-json\/wp\/v2\/pages\/1055","targetHints":{"allow":["GET"]}}],"collection":[{"href":"https:\/\/www.solaal.org\/bourgogne-franche-comte\/wp-json\/wp\/v2\/pages"}],"about":[{"href":"https:\/\/www.solaal.org\/bourgogne-franche-comte\/wp-json\/wp\/v2\/types\/page"}],"author":[{"embeddable":true,"href":"https:\/\/www.solaal.org\/bourgogne-franche-comte\/wp-json\/wp\/v2\/users\/23"}],"replies":[{"embeddable":true,"href":"https:\/\/www.solaal.org\/bourgogne-franche-comte\/wp-json\/wp\/v2\/comments?post=1055"}],"version-history":[{"count":1,"href":"https:\/\/www.solaal.org\/bourgogne-franche-comte\/wp-json\/wp\/v2\/pages\/1055\/revisions"}],"predecessor-version":[{"id":1056,"href":"https:\/\/www.solaal.org\/bourgogne-franche-comte\/wp-json\/wp\/v2\/pages\/1055\/revisions\/1056"}],"up":[{"embeddable":true,"href":"https:\/\/www.solaal.org\/bourgogne-franche-comte\/wp-json\/wp\/v2\/pages\/881"}],"wp:attachment":[{"href":"https:\/\/www.solaal.org\/bourgogne-franche-comte\/wp-json\/wp\/v2\/media?parent=1055"}],"curies":[{"name":"wp","href":"https:\/\/api.w.org\/{rel}","templated":true}]}}