{"version":"1.0","provider_name":"SOLAAL Bourgogne-Franche-Comt\u00e9","provider_url":"https:\/\/www.solaal.org\/bourgogne-franche-comte","author_name":"solaalbfc","author_url":"https:\/\/www.solaal.org\/bourgogne-franche-comte\/author\/solaalbfc\/","title":"Comment nous soutenir ? | SOLAAL Bourgogne-Franche-Comt\u00e9","type":"rich","width":600,"height":338,"html":"<blockquote class=\"wp-embedded-content\" data-secret=\"dVT7YCG94f\"><a href=\"https:\/\/www.solaal.org\/bourgogne-franche-comte\/comment-nous-soutenir\/\">Comment nous soutenir ?<\/a><\/blockquote><iframe sandbox=\"allow-scripts\" security=\"restricted\" src=\"https:\/\/www.solaal.org\/bourgogne-franche-comte\/comment-nous-soutenir\/embed\/#?secret=dVT7YCG94f\" width=\"600\" height=\"338\" title=\"\u00ab\u00a0Comment nous soutenir ?\u00a0\u00bb &#8212; SOLAAL Bourgogne-Franche-Comt\u00e9\" data-secret=\"dVT7YCG94f\" frameborder=\"0\" marginwidth=\"0\" marginheight=\"0\" scrolling=\"no\" class=\"wp-embedded-content\"><\/iframe><script type=\"text\/javascript\">\n\/* <![CDATA[ *\/\n\/*! This file is auto-generated *\/\n!function(d,l){\"use strict\";l.querySelector&&d.addEventListener&&\"undefined\"!=typeof URL&&(d.wp=d.wp||{},d.wp.receiveEmbedMessage||(d.wp.receiveEmbedMessage=function(e){var t=e.data;if((t||t.secret||t.message||t.value)&&!\/[^a-zA-Z0-9]\/.test(t.secret)){for(var s,r,n,a=l.querySelectorAll('iframe[data-secret=\"'+t.secret+'\"]'),o=l.querySelectorAll('blockquote[data-secret=\"'+t.secret+'\"]'),c=new RegExp(\"^https?:$\",\"i\"),i=0;i<o.length;i++)o[i].style.display=\"none\";for(i=0;i<a.length;i++)s=a[i],e.source===s.contentWindow&&(s.removeAttribute(\"style\"),\"height\"===t.message?(1e3<(r=parseInt(t.value,10))?r=1e3:~~r<200&&(r=200),s.height=r):\"link\"===t.message&&(r=new URL(s.getAttribute(\"src\")),n=new URL(t.value),c.test(n.protocol))&&n.host===r.host&&l.activeElement===s&&(d.top.location.href=t.value))}},d.addEventListener(\"message\",d.wp.receiveEmbedMessage,!1),l.addEventListener(\"DOMContentLoaded\",function(){for(var e,t,s=l.querySelectorAll(\"iframe.wp-embedded-content\"),r=0;r<s.length;r++)(t=(e=s[r]).getAttribute(\"data-secret\"))||(t=Math.random().toString(36).substring(2,12),e.src+=\"#?secret=\"+t,e.setAttribute(\"data-secret\",t)),e.contentWindow.postMessage({message:\"ready\",secret:t},\"*\")},!1)))}(window,document);\n\/\/# sourceURL=https:\/\/www.solaal.org\/bourgogne-franche-comte\/wp-includes\/js\/wp-embed.min.js\n\/* ]]> *\/\n<\/script>\n","description":"En soutenant SOLAAL Bourgogne Franche Comt\u00e9 vous accompagnez le d\u00e9veloppement du maillage territorial de l&rsquo;approvisionnement des associations d&rsquo;aide alimentaire : Boostez votre R.S.E La Responsabilit\u00e9 Soci\u00e9tale des Entreprises (R.S.E) est d\u00e9finie comme\u00a0\u00ab\u00a0l\u2019int\u00e9gration volontaire par les entreprises de pr\u00e9occupations sociales et environnementales \u00e0 leurs activit\u00e9s commerciales et leurs relations avec les parties prenantes.\u00a0\u00bbEn d\u2019autres termes, la [&hellip;]"}

SOLAAL Bourgogne-Franche-Comté

Comment nous soutenir ? | SOLAAL Bourgogne-Franche-Comté

<blockquote class="wp-embedded-content" data-secret="dVT7YCG94f"><a href="https://www.solaal.org/bourgogne-franche-comte/comment-nous-soutenir/">Comment nous soutenir ?</a></blockquote><iframe sandbox="allow-scripts" security="restricted" src="https://www.solaal.org/bourgogne-franche-comte/comment-nous-soutenir/embed/#?secret=dVT7YCG94f" width="600" height="338" title="« Comment nous soutenir ? » &#8212; SOLAAL Bourgogne-Franche-Comté" data-secret="dVT7YCG94f" frameborder="0" marginwidth="0" marginheight="0" scrolling="no" class="wp-embedded-content"></iframe><script type="text/javascript">
/* <![CDATA[ */
/*! This file is auto-generated */
!function(d,l){"use strict";l.querySelector&&d.addEventListener&&"undefined"!=typeof URL&&(d.wp=d.wp||{},d.wp.receiveEmbedMessage||(d.wp.receiveEmbedMessage=function(e){var t=e.data;if((t||t.secret||t.message||t.value)&&!/[^a-zA-Z0-9]/.test(t.secret)){for(var s,r,n,a=l.querySelectorAll('iframe[data-secret="'+t.secret+'"]'),o=l.querySelectorAll('blockquote[data-secret="'+t.secret+'"]'),c=new RegExp("^https?:$","i"),i=0;i<o.length;i++)o[i].style.display="none";for(i=0;i<a.length;i++)s=a[i],e.source===s.contentWindow&&(s.removeAttribute("style"),"height"===t.message?(1e3<(r=parseInt(t.value,10))?r=1e3:~~r<200&&(r=200),s.height=r):"link"===t.message&&(r=new URL(s.getAttribute("src")),n=new URL(t.value),c.test(n.protocol))&&n.host===r.host&&l.activeElement===s&&(d.top.location.href=t.value))}},d.addEventListener("message",d.wp.receiveEmbedMessage,!1),l.addEventListener("DOMContentLoaded",function(){for(var e,t,s=l.querySelectorAll("iframe.wp-embedded-content"),r=0;r<s.length;r++)(t=(e=s[r]).getAttribute("data-secret"))||(t=Math.random().toString(36).substring(2,12),e.src+="#?secret="+t,e.setAttribute("data-secret",t)),e.contentWindow.postMessage({message:"ready",secret:t},"*")},!1)))}(window,document);
//# sourceURL=https://www.solaal.org/bourgogne-franche-comte/wp-includes/js/wp-embed.min.js
/* ]]> */
</script>

En soutenant SOLAAL Bourgogne Franche Comté vous accompagnez le développement du maillage territorial de l&rsquo;approvisionnement des associations d&rsquo;aide alimentaire : Boostez votre R.S.E La Responsabilité Sociétale des Entreprises (R.S.E) est définie comme « l’intégration volontaire par les entreprises de préoccupations sociales et environnementales à leurs activités commerciales et leurs relations avec les parties prenantes. »En d’autres termes, la [&hellip;]
